I0923 06:16:15.000000 2393 master.cpp:8419] Forwarding status update TASK_STARTING (Status UUID: 427cb045-b7f3-48a1-9654-dc0fe9d3dd8f) for task integration-test-394e7f6c413e451591461736d7be4eed.instance-2bb4b4d8-bef8-11e8-ae4b-70b3d5800004.app-394e7f6c413e451591461736d7be4eed of framework 4a223bc8-a527-49ab-8f24-a5941812d416-0000
I0923 06:16:15.000000 2393 master.cpp:11872] Notifying all active subscribers about TASK_UPDATED event
I0923 06:16:15.000000 2393 master.cpp:10909] Updating the state of task integration-test-394e7f6c413e451591461736d7be4eed.instance-2bb4b4d8-bef8-11e8-ae4b-70b3d5800004.app-394e7f6c413e451591461736d7be4eed of framework 4a223bc8-a527-49ab-8f24-a5941812d416-0000 (latest state: TASK_STARTING, status update state: TASK_STARTING)
I0923 06:16:15.000000 2408 master.cpp:6228] Processing ACKNOWLEDGE call for status 427cb045-b7f3-48a1-9654-dc0fe9d3dd8f for task integration-test-394e7f6c413e451591461736d7be4eed.instance-2bb4b4d8-bef8-11e8-ae4b-70b3d5800004.app-394e7f6c413e451591461736d7be4eed of framework 4a223bc8-a527-49ab-8f24-a5941812d416-0000 (marathon) at scheduler-85881496-41c0-403f-8000-d7d5063cc648@172.17.0.2:15101 on agent 4a223bc8-a527-49ab-8f24-a5941812d416-S2
I0923 06:16:15.000000 2396 http.cpp:1117] HTTP GET for /master/state-summary from 172.17.0.2:36072 with User-Agent='python-requests/2.18.4'
I0923 06:16:15.000000 2408 master.cpp:8362] Status update TASK_STARTING (Status UUID: e42f1b12-30b2-4555-a2a1-07766ed6348e) for task integration-test-1b9a55c07ae14767a3e291aea3a9add6.instance-2bb4dbe9-bef8-11e8-ae4b-70b3d5800004.app-1b9a55c07ae14767a3e291aea3a9add6 of framework 4a223bc8-a527-49ab-8f24-a5941812d416-0000 from agent 4a223bc8-a527-49ab-8f24-a5941812d416-S2
at slave(1)@172.17.0.3:5051 (172.17.0.3)
I0923 06:16:15.000000 2408 master.cpp:8419] Forwarding status update TASK_STARTING (Status UUID: e42f1b12-30b2-4555-a2a1-07766ed6348e) for task integration-test-1b9a55c07ae14767a3e291aea3a9add6.instance-2bb4dbe9-bef8-11e8-ae4b-70b3d5800004.app-1b9a55c07ae14767a3e291aea3a9add6 of framework 4a223bc8-a527-49ab-8f24-a5941812d416-0000
I0923 06:16:15.000000 2408 master.cpp:11872] Notifying all active subscribers about TASK_UPDATED event
I0923 06:16:15.000000 2408 master.cpp:10909] Updating the state of task integration-test-1b9a55c07ae14767a3e291aea3a9add6.instance-2bb4dbe9-bef8-11e8-ae4b-70b3d5800004.app-1b9a55c07ae14767a3e291aea3a9add6 of framework 4a223bc8-a527-49ab-8f24-a5941812d416-0000 (latest state: TASK_STARTING, status update state: TASK_STARTING)
I0923 06:16:15.000000 2394 master.cpp:6228] Processing ACKNOWLEDGE call for status e42f1b12-30b2-4555-a2a1-07766ed6348e for task integration-test-1b9a55c07ae14767a3e291aea3a9add6.instance-2bb4dbe9-bef8-11e8-ae4b-70b3d5800004.app-1b9a55c07ae14767a3e291aea3a9add6 of framework 4a223bc8-a527-49ab-8f24-a5941812d416-0000 (marathon) at scheduler-85881496-41c0-403f-8000-d7d5063cc648@172.17.0.2:15101 on agent 4a223bc8-a527-49ab-8f24-a5941812d416-S2
I0923 06:16:15.000000 2404 master.cpp:8362] Status update TASK_RUNNING (Status UUID: 8b4904df-9be2-4d63-ac85-da5497243165) for task integration-test-5ed6bfd02b434814a8a2f7dc6081a36c.instance-2bb4b4d6-bef8-11e8-ae4b-70b3d5800004.app-5ed6bfd02b434814a8a2f7dc6081a36c of framework 4a223bc8-a527-49ab-8f24-a5941812d416-0000 from agent 4a223bc8-a527-49ab-8f24-a5941812d416-S2
at slave(1)@172.17.0.3:5051 (172.17.0.3)
I0923 06:16:15.000000 2404 master.cpp:8419] Forwarding status update TASK_RUNNING (Status UUID: 8b4904df-9be2-4d63-ac85-da5497243165) for task integration-test-5ed6bfd02b434814a8a2f7dc6081a36c.instance-2bb4b4d6-bef8-11e8-ae4b-70b3d5800004.app-5ed6bfd02b434814a8a2f7dc6081a36c of framework 4a223bc8-a527-49ab-8f24-a5941812d416-0000
I0923 06:16:15.000000 2404 master.cpp:11872] Notifying all active subscribers about TASK_UPDATED event
I0923 06:16:15.000000 2404 master.cpp:10909] Updating the state of task integration-test-5ed6bfd02b434814a8a2f7dc6081a36c.instance-2bb4b4d6-bef8-11e8-ae4b-70b3d5800004.app-5ed6bfd02b434814a8a2f7dc6081a36c of framework 4a223bc8-a527-49ab-8f24-a5941812d416-0000 (latest state: TASK_RUNNING, status update state: TASK_RUNNING)
I0923 06:16:15.000000 2405 master.cpp:6228] Processing ACKNOWLEDGE call for status 8b4904df-9be2-4d63-ac85-da5497243165 for task integration-test-5ed6bfd02b434814a8a2f7dc6081a36c.instance-2bb4b4d6-bef8-11e8-ae4b-70b3d5800004.app-5ed6bfd02b434814a8a2f7dc6081a36c of framework 4a223bc8-a527-49ab-8f24-a5941812d416-0000 (marathon) at scheduler-85881496-41c0-403f-8000-d7d5063cc648@172.17.0.2:15101 on agent 4a223bc8-a527-49ab-8f24-a5941812d416-S2
I0923 06:16:16.000000 2395 master.cpp:8362] Status update TASK_RUNNING (Status UUID: 5752a26f-f1eb-45b5-aa56-7820b71925b0) for task integration-test-36e8a684f2af49c6be8f2f64ac9dd843.instance-2bb48dc4-bef8-11e8-ae4b-70b3d5800004.app-36e8a684f2af49c6be8f2f64ac9dd843 of framework 4a223bc8-a527-49ab-8f24-a5941812d416-0000 from agent 4a223bc8-a527-49ab-8f24-a5941812d416-S2
at slave(1)@172.17.0.3:5051 (172.17.0.3)
I0923 06:16:16.000000 2395 master.cpp:8419] Forwarding status update TASK_RUNNING (Status UUID: 5752a26f-f1eb-45b5-aa56-7820b71925b0) for task integration-test-36e8a684f2af49c6be8f2f64ac9dd843.instance-2bb48dc4-bef8-11e8-ae4b-70b3d5800004.app-36e8a684f2af49c6be8f2f64ac9dd843 of framework 4a223bc8-a527-49ab-8f24-a5941812d416-0000
I0923 06:16:16.000000 2395 master.cpp:11872] Notifying all active subscribers about TASK_UPDATED event
I0923 06:16:16.000000 2395 master.cpp:10909] Updating the state of task integration-test-36e8a684f2af49c6be8f2f64ac9dd843.instance-2bb48dc4-bef8-11e8-ae4b-70b3d5800004.app-36e8a684f2af49c6be8f2f64ac9dd843 of framework 4a223bc8-a527-49ab-8f24-a5941812d416-0000 (latest state: TASK_RUNNING, status update state: TASK_RUNNING)
I0923 06:16:16.000000 2400 master.cpp:8362] Status update TASK_RUNNING (Status UUID: 323f5136-3239-4f58-893d-209585fd9c39) for task integration-test-7405f7b95d5e48a8ae2029f9961e4479.instance-2bb4dbea-bef8-11e8-ae4b-70b3d5800004.app-7405f7b95d5e48a8ae2029f9961e4479 of framework 4a223bc8-a527-49ab-8f24-a5941812d416-0000 from agent 4a223bc8-a527-49ab-8f24-a5941812d416-S2
at slave(1)@172.17.0.3:5051 (172.17.0.3)
I0923 06:16:16.000000 2400 master.cpp:8419] Forwarding status update TASK_RUNNING (Status UUID: 323f5136-3239-4f58-893d-209585fd9c39) for task integration-test-7405f7b95d5e48a8ae2029f9961e4479.instance-2bb4dbea-bef8-11e8-ae4b-70b3d5800004.app-7405f7b95d5e48a8ae2029f9961e4479 of framework 4a223bc8-a527-49ab-8f24-a5941812d416-0000
I0923 06:16:16.000000 2400 master.cpp:11872] Notifying all active subscribers about TASK_UPDATED event
I0923 06:16:16.000000 2400 master.cpp:10909] Updating the state of task integration-test-7405f7b95d5e48a8ae2029f9961e4479.instance-2bb4dbea-bef8-11e8-ae4b-70b3d5800004.app-7405f7b95d5e48a8ae2029f9961e4479 of framework 4a223bc8-a527-49ab-8f24-a5941812d416-0000 (latest state: TASK_RUNNING, status update state: TASK_RUNNING)
I0923 06:16:16.000000 2402 master.cpp:6228] Processing ACKNOWLEDGE call for status 5752a26f-f1eb-45b5-aa56-7820b71925b0 for task integration-test-36e8a684f2af49c6be8f2f64ac9dd843.instance-2bb48dc4-bef8-11e8-ae4b-70b3d5800004.app-36e8a684f2af49c6be8f2f64ac9dd843 of framework 4a223bc8-a527-49ab-8f24-a5941812d416-0000 (marathon) at scheduler-85881496-41c0-403f-8000-d7d5063cc648@172.17.0.2:15101 on agent 4a223bc8-a527-49ab-8f24-a5941812d416-S2
I0923 06:16:16.000000 2404 master.cpp:6228] Processing ACKNOWLEDGE call for status 323f5136-3239-4f58-893d-209585fd9c39 for task integration-test-7405f7b95d5e48a8ae2029f9961e4479.instance-2bb4dbea-bef8-11e8-ae4b-70b3d5800004.app-7405f7b95d5e48a8ae2029f9961e4479 of framework 4a223bc8-a527-49ab-8f24-a5941812d416-0000 (marathon) at scheduler-85881496-41c0-403f-8000-d7d5063cc648@172.17.0.2:15101 on agent 4a223bc8-a527-49ab-8f24-a5941812d416-S2
I0923 06:16:16.000000 2405 master.cpp:8362] Status update TASK_RUNNING (Status UUID: 0059284d-3f60-4958-af29-9afdbc523aea) for task integration-test-394e7f6c413e451591461736d7be4eed.instance-2bb4b4d8-bef8-11e8-ae4b-70b3d5800004.app-394e7f6c413e451591461736d7be4eed of framework 4a223bc8-a527-49ab-8f24-a5941812d416-0000 from agent 4a223bc8-a527-49ab-8f24-a5941812d416-S2
at slave(1)@172.17.0.3:5051 (172.17.0.3)
I0923 06:16:16.000000 2405 master.cpp:8419] Forwarding status update TASK_RUNNING (Status UUID: 0059284d-3f60-4958-af29-9afdbc523aea) for task integration-test-394e7f6c413e451591461736d7be4eed.instance-2bb4b4d8-bef8-11e8-ae4b-70b3d5800004.app-394e7f6c413e451591461736d7be4eed of framework 4a223bc8-a527-49ab-8f24-a5941812d416-0000
I0923 06:16:16.000000 2405 master.cpp:11872] Notifying all active subscribers about TASK_UPDATED event
I0923 06:16:16.000000 2405 master.cpp:10909] Updating the state of task integration-test-394e7f6c413e451591461736d7be4eed.instance-2bb4b4d8-bef8-11e8-ae4b-70b3d5800004.app-394e7f6c413e451591461736d7be4eed of framework 4a223bc8-a527-49ab-8f24-a5941812d416-0000 (latest state: TASK_RUNNING, status update state: TASK_RUNNING)
I0923 06:16:16.000000 2398 master.cpp:6228] Processing ACKNOWLEDGE call for status 0059284d-3f60-4958-af29-9afdbc523aea for task integration-test-394e7f6c413e451591461736d7be4eed.instance-2bb4b4d8-bef8-11e8-ae4b-70b3d5800004.app-394e7f6c413e451591461736d7be4eed of framework 4a223bc8-a527-49ab-8f24-a5941812d416-0000 (marathon) at scheduler-85881496-41c0-403f-8000-d7d5063cc648@172.17.0.2:15101 on agent 4a223bc8-a527-49ab-8f24-a5941812d416-S2
I0923 06:16:16.000000 2393 master.cpp:8362] Status update TASK_RUNNING (Status UUID: 5e8d2976-8030-4718-8ded-4ff377d452a9) for task integration-test-1b9a55c07ae14767a3e291aea3a9add6.instance-2bb4dbe9-bef8-11e8-ae4b-70b3d5800004.app-1b9a55c07ae14767a3e291aea3a9add6 of framework 4a223bc8-a527-49ab-8f24-a5941812d416-0000 from agent 4a223bc8-a527-49ab-8f24-a5941812d416-S2
at slave(1)@172.17.0.3:5051 (172.17.0.3)
I0923 06:16:16.000000 2393 master.cpp:8419] Forwarding status update TASK_RUNNING (Status UUID: 5e8d2976-8030-4718-8ded-4ff377d452a9) for task integration-test-1b9a55c07ae14767a3e291aea3a9add6.instance-2bb4dbe9-bef8-11e8-ae4b-70b3d5800004.app-1b9a55c07ae14767a3e291aea3a9add6 of framework 4a223bc8-a527-49ab-8f24-a5941812d416-0000
I0923 06:16:16.000000 2393 master.cpp:11872] Notifying all active subscribers about TASK_UPDATED event
I0923 06:16:16.000000 2393 master.cpp:10909] Updating the state of task integration-test-1b9a55c07ae14767a3e291aea3a9add6.instance-2bb4dbe9-bef8-11e8-ae4b-70b3d5800004.app-1b9a55c07ae14767a3e291aea3a9add6 of framework 4a223bc8-a527-49ab-8f24-a5941812d416-0000 (latest state: TASK_RUNNING, status update state: TASK_RUNNING)
I0923 06:16:16.000000 2408 master.cpp:6228] Processing ACKNOWLEDGE call for status 5e8d2976-8030-4718-8ded-4ff377d452a9 for task integration-test-1b9a55c07ae14767a3e291aea3a9add6.instance-2bb4dbe9-bef8-11e8-ae4b-70b3d5800004.app-1b9a55c07ae14767a3e291aea3a9add6 of framework 4a223bc8-a527-49ab-8f24-a5941812d416-0000 (marathon) at scheduler-85881496-41c0-403f-8000-d7d5063cc648@172.17.0.2:15101 on agent 4a223bc8-a527-49ab-8f24-a5941812d416-S2
I0923 06:16:17.000000 2402 http.cpp:1117] HTTP GET for /master/state-summary from 172.17.0.2:36108 with User-Agent='python-requests/2.18.4'
I0923 06:16:17.000000 2408 master.cpp:5950] Processing REVIVE call for framework 4a223bc8-a527-49ab-8f24-a5941812d416-0000 (marathon) at scheduler-85881496-41c0-403f-8000-d7d5063cc648@172.17.0.2:15101
I0923 06:16:17.000000 2408 hierarchical.cpp:1385] Revived offers for roles { slave_public } of framework 4a223bc8-a527-49ab-8f24-a5941812d416-0000
I0923 06:16:17.000000 2408 master.cpp:9434] Sending offer 4a223bc8-a527-49ab-8f24-a5941812d416-O36993 containing resources ports(allocated: slave_public):[1025-2180, 2182-2205, 2207-3887, 3889-4229, 4231-5049, 5052-6544, 6546-7828, 7830-8079, 8082-8180, 8182-10347, 10349-18147, 18149-21704, 21706-21883, 21885-23527, 23529-23534, 23536-24355, 24357-24899, 24901-25475, 25477-26217, 26219-26512, 26514-27302, 27304-32000]; disk(allocated: slave_public):92883; cpus(allocated: slave_public):0.05; mem(allocated: slave_public):13197 on agent 4a223bc8-a527-49ab-8f24-a5941812d416-S2
at slave(1)@172.17.0.3:5051 (172.17.0.3) to framework 4a223bc8-a527-49ab-8f24-a5941812d416-0000 (marathon) at scheduler-85881496-41c0-403f-8000-d7d5063cc648@172.17.0.2:15101
I0923 06:16:17.000000 2408 master.cpp:9434] Sending offer 4a223bc8-a527-49ab-8f24-a5941812d416-O36994 containing resources ports(allocated: slave_public):[1025-2180, 2182-3887, 3889-5049, 5052-8079, 8082-8180, 8182-32000]; disk(allocated: slave_public):93296; cpus(allocated: slave_public):3.78; mem(allocated: slave_public):14477 on agent 4a223bc8-a527-49ab-8f24-a5941812d416-S1
at slave(1)@172.17.0.4:5051 (172.17.0.4) to framework 4a223bc8-a527-49ab-8f24-a5941812d416-0000 (marathon) at scheduler-85881496-41c0-403f-8000-d7d5063cc648@172.17.0.2:15101
I0923 06:16:17.000000 2408 master.cpp:9434] Sending offer 4a223bc8-a527-49ab-8f24-a5941812d416-O36995 containing resources ports(allocated: slave_public)(reservations: [(STATIC,slave_public)]):[1-21, 23-5050, 5052-32000]; disk(allocated: slave_public)(reservations: [(STATIC,slave_public)]):93316; cpus(allocated: slave_public)(reservations: [(STATIC,slave_public)]):4; mem(allocated: slave_public)(reservations: [(STATIC,slave_public)]):14605 on agent 4a223bc8-a527-49ab-8f24-a5941812d416-S0
at slave(1)@172.17.0.5:5051 (172.17.0.5) to framework 4a223bc8-a527-49ab-8f24-a5941812d416-0000 (marathon) at scheduler-85881496-41c0-403f-8000-d7d5063cc648@172.17.0.2:15101
I0923 06:16:17.000000 2408 master.cpp:9445] Sending offers [ 4a223bc8-a527-49ab-8f24-a5941812d416-O36993, 4a223bc8-a527-49ab-8f24-a5941812d416-O36994, 4a223bc8-a527-49ab-8f24-a5941812d416-O36995 ] to framework 4a223bc8-a527-49ab-8f24-a5941812d416-0000 (marathon) at scheduler-85881496-41c0-403f-8000-d7d5063cc648@172.17.0.2:15101
I0923 06:16:17.000000 2405 master.cpp:5837] Processing DECLINE call for offers: [ 4a223bc8-a527-49ab-8f24-a5941812d416-O36993 ] for framework 4a223bc8-a527-49ab-8f24-a5941812d416-0000 (marathon) at scheduler-85881496-41c0-403f-8000-d7d5063cc648@172.17.0.2:15101
I0923 06:16:17.000000 2405 master.cpp:11439] Removing offer 4a223bc8-a527-49ab-8f24-a5941812d416-O36993
I0923 06:16:17.000000 2396 master.cpp:5837] Processing DECLINE call for offers: [ 4a223bc8-a527-49ab-8f24-a5941812d416-O36994 ] for framework 4a223bc8-a527-49ab-8f24-a5941812d416-0000 (marathon) at scheduler-85881496-41c0-403f-8000-d7d5063cc648@172.17.0.2:15101
I0923 06:16:17.000000 2396 master.cpp:11439] Removing offer 4a223bc8-a527-49ab-8f24-a5941812d416-O36994
I0923 06:16:17.000000 2396 master.cpp:5837] Processing DECLINE call for offers: [ 4a223bc8-a527-49ab-8f24-a5941812d416-O36995 ] for framework 4a223bc8-a527-49ab-8f24-a5941812d416-0000 (marathon) at scheduler-85881496-41c0-403f-8000-d7d5063cc648@172.17.0.2:15101
I0923 06:16:17.000000 2396 master.cpp:11439] Removing offer 4a223bc8-a527-49ab-8f24-a5941812d416-O36995
I0923 06:16:18.000000 2393 http.cpp:1117] HTTP GET for /master/state-summary from 172.17.0.2:36110 with User-Agent='Master Admin Router'
I0923 06:16:19.000000 2396 http.cpp:1117] HTTP GET for /master/state-summary from 172.17.0.2:36120 with User-Agent='python-requests/2.18.4'
I0923 06:16:19.000000 2397 http.cpp:1117] HTTP GET for /master/state.json from 172.17.0.2:36122 with User-Agent='Mesos-DNS'
I0923 06:16:21.000000 2397 http.cpp:1117] HTTP GET for /master/state-summary from 172.17.0.2:36146 with User-Agent='python-requests/2.18.4'
I0923 06:16:21.000000 2396 master.hpp:418] Sending heartbeat to subscriber f7d1785c-628b-4508-ae3b-4c0b47e55f2c
I0923 06:16:22.000000 2395 master.cpp:5950] Processing REVIVE call for framework 4a223bc8-a527-49ab-8f24-a5941812d416-0000 (marathon) at scheduler-85881496-41c0-403f-8000-d7d5063cc648@172.17.0.2:15101
I0923 06:16:22.000000 2395 hierarchical.cpp:1385] Revived offers for roles { slave_public } of framework 4a223bc8-a527-49ab-8f24-a5941812d416-0000
I0923 06:16:22.000000 2403 master.cpp:9434] Sending offer 4a223bc8-a527-49ab-8f24-a5941812d416-O36996 containing resources ports(allocated: slave_public):[1025-2180, 2182-3887, 3889-5049, 5052-8079, 8082-8180, 8182-32000]; disk(allocated: slave_public):93296; cpus(allocated: slave_public):3.78; mem(allocated: slave_public):14477 on agent 4a223bc8-a527-49ab-8f24-a5941812d416-S1
at slave(1)@172.17.0.4:5051 (172.17.0.4) to framework 4a223bc8-a527-49ab-8f24-a5941812d416-0000 (marathon) at scheduler-85881496-41c0-403f-8000-d7d5063cc648@172.17.0.2:15101
I0923 06:16:22.000000 2403 master.cpp:9434] Sending offer 4a223bc8-a527-49ab-8f24-a5941812d416-O36997 containing resources ports(allocated: slave_public)(reservations: [(STATIC,slave_public)]):[1-21, 23-5050, 5052-32000]; disk(allocated: slave_public)(reservations: [(STATIC,slave_public)]):93316; cpus(allocated: slave_public)(reservations: [(STATIC,slave_public)]):4; mem(allocated: slave_public)(reservations: [(STATIC,slave_public)]):14605 on agent 4a223bc8-a527-49ab-8f24-a5941812d416-S0
at slave(1)@172.17.0.5:5051 (172.17.0.5) to framework 4a223bc8-a527-49ab-8f24-a5941812d416-0000 (marathon) at scheduler-85881496-41c0-403f-8000-d7d5063cc648@172.17.0.2:15101
I0923 06:16:22.000000 2403 master.cpp:9434] Sending offer 4a223bc8-a527-49ab-8f24-a5941812d416-O36998 containing resources ports(allocated: slave_public):[1025-2180, 2182-2205, 2207-3887, 3889-4229, 4231-5049, 5052-6544, 6546-7828, 7830-8079, 8082-8180, 8182-10347, 10349-18147, 18149-21704, 21706-21883, 21885-23527, 23529-23534, 23536-24355, 24357-24899, 24901-25475, 25477-26217, 26219-26512, 26514-27302, 27304-32000]; disk(allocated: slave_public):92883; cpus(allocated: slave_public):0.05; mem(allocated: slave_public):13197 on agent 4a223bc8-a527-49ab-8f24-a5941812d416-S2
at slave(1)@172.17.0.3:5051 (172.17.0.3) to framework 4a223bc8-a527-49ab-8f24-a5941812d416-0000 (marathon) at scheduler-85881496-41c0-403f-8000-d7d5063cc648@172.17.0.2:15101
I0923 06:16:22.000000 2403 master.cpp:9445] Sending offers [ 4a223bc8-a527-49ab-8f24-a5941812d416-O36996, 4a223bc8-a527-49ab-8f24-a5941812d416-O36997, 4a223bc8-a527-49ab-8f24-a5941812d416-O36998 ] to framework 4a223bc8-a527-49ab-8f24-a5941812d416-0000 (marathon) at scheduler-85881496-41c0-403f-8000-d7d5063cc648@172.17.0.2:15101
I0923 06:16:22.000000 2406 master.cpp:5837] Processing DECLINE call for offers: [ 4a223bc8-a527-49ab-8f24-a5941812d416-O36996 ] for framework 4a223bc8-a527-49ab-8f24-a5941812d416-0000 (marathon) at scheduler-85881496-41c0-403f-8000-d7d5063cc648@172.17.0.2:15101
I0923 06:16:22.000000 2406 master.cpp:11439] Removing offer 4a223bc8-a527-49ab-8f24-a5941812d416-O36996
I0923 06:16:22.000000 2394 master.cpp:5837] Processing DECLINE call for offers: [ 4a223bc8-a527-49ab-8f24-a5941812d416-O36997 ] for framework 4a223bc8-a527-49ab-8f24-a5941812d416-0000 (marathon) at scheduler-85881496-41c0-403f-8000-d7d5063cc648@172.17.0.2:15101
I0923 06:16:22.000000 2394 master.cpp:11439] Removing offer 4a223bc8-a527-49ab-8f24-a5941812d416-O36997
I0923 06:16:22.000000 2404 master.cpp:5837] Processing DECLINE call for offers: [ 4a223bc8-a527-49ab-8f24-a5941812d416-O36998 ] for framework 4a223bc8-a527-49ab-8f24-a5941812d416-0000 (marathon) at scheduler-85881496-41c0-403f-8000-d7d5063cc648@172.17.0.2:15101
I0923 06:16:22.000000 2404 master.cpp:11439] Removing offer 4a223bc8-a527-49ab-8f24-a5941812d416-O36998
I0923 06:16:23.000000 2404 http.cpp:1117] HTTP GET for /master/state-summary from 172.17.0.2:36152 with User-Agent='python-requests/2.18.4'
I0923 06:16:25.000000 2393 http.cpp:1117] HTTP GET for /master/state-summary from 172.17.0.2:36158 with User-Agent='python-requests/2.18.4'
I0923 06:16:27.000000 2404 http.cpp:1117] HTTP GET for /master/state-summary from 172.17.0.2:36170 with User-Agent='python-requests/2.18.4'
I0923 06:16:27.000000 2403 master.cpp:5950] Processing REVIVE call for framework 4a223bc8-a527-49ab-8f24-a5941812d416-0000 (marathon) at scheduler-85881496-41c0-403f-8000-d7d5063cc648@172.17.0.2:15101
I0923 06:16:27.000000 2406 hierarchical.cpp:1385] Revived offers for roles { slave_public } of framework 4a223bc8-a527-49ab-8f24-a5941812d416-0000
I0923 06:16:27.000000 2406 master.cpp:9434] Sending offer 4a223bc8-a527-49ab-8f24-a5941812d416-O36999 containing resources ports(allocated: slave_public):[1025-2180, 2182-3887, 3889-5049, 5052-8079, 8082-8180, 8182-32000]; disk(allocated: slave_public):93296; cpus(allocated: slave_public):3.78; mem(allocated: slave_public):14477 on agent 4a223bc8-a527-49ab-8f24-a5941812d416-S1
at slave(1)@172.17.0.4:5051 (172.17.0.4) to framework 4a223bc8-a527-49ab-8f24-a5941812d416-0000 (marathon) at scheduler-85881496-41c0-403f-8000-d7d5063cc648@172.17.0.2:15101
I0923 06:16:27.000000 2406 master.cpp:9434] Sending offer 4a223bc8-a527-49ab-8f24-a5941812d416-O37000 containing resources ports(allocated: slave_public)(reservations: [(STATIC,slave_public)]):[1-21, 23-5050, 5052-32000]; disk(allocated: slave_public)(reservations: [(STATIC,slave_public)]):93316; cpus(allocated: slave_public)(reservations: [(STATIC,slave_public)]):4; mem(allocated: slave_public)(reservations: [(STATIC,slave_public)]):14605 on agent 4a223bc8-a527-49ab-8f24-a5941812d416-S0
at slave(1)@172.17.0.5:5051 (172.17.0.5) to framework 4a223bc8-a527-49ab-8f24-a5941812d416-0000 (marathon) at scheduler-85881496-41c0-403f-8000-d7d5063cc648@172.17.0.2:15101
I0923 06:16:27.000000 2406 master.cpp:9434] Sending offer 4a223bc8-a527-49ab-8f24-a5941812d416-O37001 containing resources ports(allocated: slave_public):[1025-2180, 2182-2205, 2207-3887, 3889-4229, 4231-5049, 5052-6544, 6546-7828, 7830-8079, 8082-8180, 8182-10347, 10349-18147, 18149-21704, 21706-21883, 21885-23527, 23529-23534, 23536-24355, 24357-24899, 24901-25475, 25477-26217, 26219-26512, 26514-27302, 27304-32000]; disk(allocated: slave_public):92883; cpus(allocated: slave_public):0.05; mem(allocated: slave_public):13197 on agent 4a223bc8-a527-49ab-8f24-a5941812d416-S2
at slave(1)@172.17.0.3:5051 (172.17.0.3) to framework 4a223bc8-a527-49ab-8f24-a5941812d416-0000 (marathon) at scheduler-85881496-41c0-403f-8000-d7d5063cc648@172.17.0.2:15101
I0923 06:16:27.000000 2406 master.cpp:9445] Sending offers [ 4a223bc8-a527-49ab-8f24-a5941812d416-O36999, 4a223bc8-a527-49ab-8f24-a5941812d416-O37000, 4a223bc8-a527-49ab-8f24-a5941812d416-O37001 ] to framework 4a223bc8-a527-49ab-8f24-a5941812d416-0000 (marathon) at scheduler-85881496-41c0-403f-8000-d7d5063cc648@172.17.0.2:15101
I0923 06:16:27.000000 2407 master.cpp:5837] Processing DECLINE call for offers: [ 4a223bc8-a527-49ab-8f24-a5941812d416-O36999 ] for framework 4a223bc8-a527-49ab-8f24-a5941812d416-0000 (marathon) at scheduler-85881496-41c0-403f-8000-d7d5063cc648@172.17.0.2:15101
I0923 06:16:27.000000 2407 master.cpp:11439] Removing offer 4a223bc8-a527-49ab-8f24-a5941812d416-O36999
I0923 06:16:27.000000 2407 master.cpp:5837] Processing DECLINE call for offers: [ 4a223bc8-a527-49ab-8f24-a5941812d416-O37000 ] for framework 4a223bc8-a527-49ab-8f24-a5941812d416-0000 (marathon) at scheduler-85881496-41c0-403f-8000-d7d5063cc648@172.17.0.2:15101
I0923 06:16:27.000000 2407 master.cpp:11439] Removing offer 4a223bc8-a527-49ab-8f24-a5941812d416-O37000
I0923 06:16:27.000000 2407 master.cpp:5837] Processing DECLINE call for offers: [ 4a223bc8-a527-49ab-8f24-a5941812d416-O37001 ] for framework 4a223bc8-a527-49ab-8f24-a5941812d416-0000 (marathon) at scheduler-85881496-41c0-403f-8000-d7d5063cc648@172.17.0.2:15101
I0923 06:16:27.000000 2407 master.cpp:11439] Removing offer 4a223bc8-a527-49ab-8f24-a5941812d416-O37001
I0923 06:16:29.000000 2401 http.cpp:1117] HTTP GET for /master/state-summary from 172.17.0.2:36176 with User-Agent='python-requests/2.18.4'
I0923 06:16:31.000000 2402 http.cpp:1117] HTTP GET for /master/state-summary from 172.17.0.2:36188 with User-Agent='python-requests/2.18.4'
I0923 06:16:33.000000 2401 http.cpp:1117] HTTP GET for /master/state-summary from 172.17.0.2:36194 with User-Agent='python-requests/2.18.4'
I0923 06:16:35.000000 2405 http.cpp:1117] HTTP GET for /master/state-summary from 172.17.0.2:36200 with User-Agent='python-requests/2.18.4'
I0923 06:16:36.000000 2408 master.hpp:418] Sending heartbeat to subscriber f7d1785c-628b-4508-ae3b-4c0b47e55f2c
I0923 06:16:37.000000 2398 master.cpp:9434] Sending offer 4a223bc8-a527-49ab-8f24-a5941812d416-O37002 containing resources ports(allocated: *):[1025-2180, 2182-3887, 3889-5049, 5052-8079, 8082-8180, 8182-32000]; disk(allocated: *):93296; cpus(allocated: *):3.78; mem(allocated: *):14477 on agent 4a223bc8-a527-49ab-8f24-a5941812d416-S1
at slave(1)@172.17.0.4:5051 (172.17.0.4) to framework 4a223bc8-a527-49ab-8f24-a5941812d416-0001 (metronome) at scheduler-ca9601af-122f-4941-a1c3-58649859f536@172.17.0.2:15201
I0923 06:16:37.000000 2398 master.cpp:9445] Sending offers [ 4a223bc8-a527-49ab-8f24-a5941812d416-O37002 ] to framework 4a223bc8-a527-49ab-8f24-a5941812d416-0001 (metronome) at scheduler-ca9601af-122f-4941-a1c3-58649859f536@172.17.0.2:15201
I0923 06:16:37.000000 2400 master.cpp:5837] Processing DECLINE call for offers: [ 4a223bc8-a527-49ab-8f24-a5941812d416-O37002 ] for framework 4a223bc8-a527-49ab-8f24-a5941812d416-0001 (metronome) at scheduler-ca9601af-122f-4941-a1c3-58649859f536@172.17.0.2:15201
I0923 06:16:37.000000 2400 master.cpp:11439] Removing offer 4a223bc8-a527-49ab-8f24-a5941812d416-O37002
I0923 06:16:37.000000 2395 http.cpp:1117] HTTP GET for /master/state-summary from 172.17.0.2:36212 with User-Agent='python-requests/2.18.4'
I0923 06:16:39.000000 2395 http.cpp:1117] HTTP GET for /master/state-summary from 172.17.0.2:36218 with User-Agent='python-requests/2.18.4'
I0923 06:16:41.000000 2401 http.cpp:1117] HTTP GET for /master/state-summary from 172.17.0.2:36230 with User-Agent='python-requests/2.18.4'
I0923 06:16:42.000000 2404 master.cpp:8955] Performing explicit task state reconciliation for 1 tasks of framework 4a223bc8-a527-49ab-8f24-a5941812d416-0000 (marathon) at scheduler-85881496-41c0-403f-8000-d7d5063cc648@172.17.0.2:15101
I0923 06:16:42.000000 2404 master.cpp:9116] Sending explicit reconciliation state TASK_UNKNOWN for task fake-marathon-pacemaker-task-7bfdac33-6b10-4496-b639-4dfb05116145 of framework 4a223bc8-a527-49ab-8f24-a5941812d416-0000 (marathon) at scheduler-85881496-41c0-403f-8000-d7d5063cc648@172.17.0.2:15101
I0923 06:16:43.000000 2397 http.cpp:1117] HTTP GET for /master/state-summary from 172.17.0.2:36232 with User-Agent='Master Admin Router'
I0923 06:16:43.000000 2405 http.cpp:1117] HTTP GET for /master/state-summary from 172.17.0.2:36242 with User-Agent='python-requests/2.18.4'
I0923 06:16:45.000000 2408 http.cpp:1117] HTTP GET for /master/state-summary from 172.17.0.2:36248 with User-Agent='python-requests/2.18.4'
I0923 06:16:47.000000 2408 http.cpp:1117] HTTP GET for /master/state-summary from 172.17.0.2:36260 with User-Agent='python-requests/2.18.4'
I0923 06:16:49.000000 2397 http.cpp:1117] HTTP GET for /master/state-summary from 172.17.0.2:36266 with User-Agent='python-requests/2.18.4'
I0923 06:16:49.000000 2399 http.cpp:1117] HTTP GET for /master/state.json from 172.17.0.2:36268 with User-Agent='Mesos-DNS'
I0923 06:16:51.000000 2400 http.cpp:1117] HTTP GET for /master/state-summary from 172.17.0.2:36280 with User-Agent='python-requests/2.18.4'
I0923 06:16:51.000000 2397 master.hpp:418] Sending heartbeat to subscriber f7d1785c-628b-4508-ae3b-4c0b47e55f2c
I0923 06:16:53.000000 2400 http.cpp:1117] HTTP GET for /master/state-summary from 172.17.0.2:36286 with User-Agent='python-requests/2.18.4'
I0923 06:16:55.000000 2407 master.cpp:9434] Sending offer 4a223bc8-a527-49ab-8f24-a5941812d416-O37003 containing resources ports(allocated: *):[1025-2180, 2182-2205, 2207-3887, 3889-4229, 4231-5049, 5052-6544, 6546-7828, 7830-8079, 8082-8180, 8182-10347, 10349-18147, 18149-21704, 21706-21883, 21885-23527, 23529-23534, 23536-24355, 24357-24899, 24901-25475, 25477-26217, 26219-26512, 26514-27302, 27304-32000]; disk(allocated: *):92883; cpus(allocated: *):0.05; mem(allocated: *):13197 on agent 4a223bc8-a527-49ab-8f24-a5941812d416-S2
at slave(1)@172.17.0.3:5051 (172.17.0.3) to framework 4a223bc8-a527-49ab-8f24-a5941812d416-0001 (metronome) at scheduler-ca9601af-122f-4941-a1c3-58649859f536@172.17.0.2:15201
I0923 06:16:55.000000 2407 master.cpp:9445] Sending offers [ 4a223bc8-a527-49ab-8f24-a5941812d416-O37003 ] to framework 4a223bc8-a527-49ab-8f24-a5941812d416-0001 (metronome) at scheduler-ca9601af-122f-4941-a1c3-58649859f536@172.17.0.2:15201
I0923 06:16:55.000000 2408 master.cpp:5837] Processing DECLINE call for offers: [ 4a223bc8-a527-49ab-8f24-a5941812d416-O37003 ] for framework 4a223bc8-a527-49ab-8f24-a5941812d416-0001 (metronome) at scheduler-ca9601af-122f-4941-a1c3-58649859f536@172.17.0.2:15201
I0923 06:16:55.000000 2408 master.cpp:11439] Removing offer 4a223bc8-a527-49ab-8f24-a5941812d416-O37003
I0923 06:16:55.000000 2404 http.cpp:1117] HTTP GET for /master/state-summary from 172.17.0.2:36292 with User-Agent='python-requests/2.18.4'
I0923 06:16:57.000000 2406 http.cpp:1117] HTTP GET for /master/state-summary from 172.17.0.2:36304 with User-Agent='python-requests/2.18.4'
I0923 06:16:58.000000 2395 master.cpp:8955] Performing explicit task state reconciliation for 1 tasks of framework 4a223bc8-a527-49ab-8f24-a5941812d416-0000 (marathon) at scheduler-85881496-41c0-403f-8000-d7d5063cc648@172.17.0.2:15101
I0923 06:16:58.000000 2395 master.cpp:9116] Sending explicit reconciliation state TASK_UNKNOWN for task fake-marathon-pacemaker-task-7bfdac33-6b10-4496-b639-4dfb05116145 of framework 4a223bc8-a527-49ab-8f24-a5941812d416-0000 (marathon) at scheduler-85881496-41c0-403f-8000-d7d5063cc648@172.17.0.2:15101
I0923 06:16:59.000000 2406 http.cpp:1117] HTTP GET for /master/state-summary from 172.17.0.2:36310 with User-Agent='python-requests/2.18.4'
I0923 06:17:01.000000 2406 http.cpp:1117] HTTP GET for /master/state-summary from 172.17.0.2:36322 with User-Agent='python-requests/2.18.4'
I0923 06:17:03.000000 2399 http.cpp:1117] HTTP GET for /master/state-summary from 172.17.0.2:36328 with User-Agent='python-requests/2.18.4'
I0923 06:17:05.000000 2405 http.cpp:1117] HTTP GET for /master/state-summary from 172.17.0.2:36358 with User-Agent='python-requests/2.18.4'
I0923 06:17:06.000000 2400 master.hpp:418] Sending heartbeat to subscriber f7d1785c-628b-4508-ae3b-4c0b47e55f2c
I0923 06:17:07.000000 2397 http.cpp:1117] HTTP GET for /master/state-summary from 172.17.0.2:36370 with User-Agent='python-requests/2.18.4'
I0923 06:17:08.000000 2396 http.cpp:1117] HTTP GET for /master/state-summary from 172.17.0.2:36372 with User-Agent='Master Admin Router'
I0923 06:17:09.000000 2405 http.cpp:1117] HTTP GET for /master/state-summary from 172.17.0.2:36382 with User-Agent='python-requests/2.18.4'
I0923 06:17:10.000000 2404 http.cpp:1117] HTTP GET for /master/slaves from 172.17.0.2:47748 with User-Agent='Go-http-client/1.1'
I0923 06:17:11.000000 2401 http.cpp:1117] HTTP GET for /master/state-summary from 172.17.0.2:36396 with User-Agent='python-requests/2.18.4'
I0923 06:17:13.000000 2393 master.cpp:8955] Performing explicit task state reconciliation for 1 tasks of framework 4a223bc8-a527-49ab-8f24-a5941812d416-0000 (marathon) at scheduler-85881496-41c0-403f-8000-d7d5063cc648@172.17.0.2:15101
I0923 06:17:13.000000 2393 master.cpp:9116] Sending explicit reconciliation state TASK_UNKNOWN for task fake-marathon-pacemaker-task-7bfdac33-6b10-4496-b639-4dfb05116145 of framework 4a223bc8-a527-49ab-8f24-a5941812d416-0000 (marathon) at scheduler-85881496-41c0-403f-8000-d7d5063cc648@172.17.0.2:15101
I0923 06:17:13.000000 2394 http.cpp:1117] HTTP GET for /master/state-summary from 172.17.0.2:36402 with User-Agent='python-requests/2.18.4'
I0923 06:17:15.000000 2396 http.cpp:1117] HTTP GET for /master/state-summary from 172.17.0.2:36408 with User-Agent='python-requests/2.18.4'
I0923 06:17:17.000000 2404 master.cpp:1857] Skipping periodic registry garbage collection: no agents qualify for removal
I0923 06:17:17.000000 2398 http.cpp:1117] HTTP GET for /master/state-summary from 172.17.0.2:36420 with User-Agent='python-requests/2.18.4'
I0923 06:17:19.000000 2399 http.cpp:1117] HTTP GET for /master/state.json from 172.17.0.2:36426 with User-Agent='Mesos-DNS'
I0923 06:17:19.000000 2407 http.cpp:1117] HTTP GET for /master/state-summary from 172.17.0.2:36428 with User-Agent='python-requests/2.18.4'
I0923 06:17:21.000000 2397 http.cpp:1117] HTTP GET for /master/state-summary from 172.17.0.2:36440 with User-Agent='python-requests/2.18.4'
I0923 06:17:21.000000 2405 master.hpp:418] Sending heartbeat to subscriber f7d1785c-628b-4508-ae3b-4c0b47e55f2c
I0923 06:17:23.000000 2396 http.cpp:1117] HTTP GET for /master/state-summary from 172.17.0.2:36446 with User-Agent='python-requests/2.18.4'
I0923 06:17:25.000000 2399 http.cpp:1117] HTTP GET for /master/state-summary from 172.17.0.2:36452 with User-Agent='python-requests/2.18.4'
I0923 06:17:27.000000 2393 http.cpp:1117] HTTP GET for /master/state-summary from 172.17.0.2:36464 with User-Agent='python-requests/2.18.4'
I0923 06:17:28.000000 2408 master.cpp:8955] Performing explicit task state reconciliation for 1 tasks of framework 4a223bc8-a527-49ab-8f24-a5941812d416-0000 (marathon) at scheduler-85881496-41c0-403f-8000-d7d5063cc648@172.17.0.2:15101
I0923 06:17:28.000000 2408 master.cpp:9116] Sending explicit reconciliation state TASK_UNKNOWN for task fake-marathon-pacemaker-task-7bfdac33-6b10-4496-b639-4dfb05116145 of framework 4a223bc8-a527-49ab-8f24-a5941812d416-0000 (marathon) at scheduler-85881496-41c0-403f-8000-d7d5063cc648@172.17.0.2:15101
I0923 06:17:29.000000 2397 http.cpp:1117] HTTP GET for /master/state-summary from 172.17.0.2:36470 with User-Agent='python-requests/2.18.4'
I0923 06:17:31.000000 2402 http.cpp:1117] HTTP GET for /master/state-summary from 172.17.0.2:36482 with User-Agent='python-requests/2.18.4'
I0923 06:17:33.000000 2401 http.cpp:1117] HTTP GET for /master/state-summary from 172.17.0.2:36484 with User-Agent='Master Admin Router'
I0923 06:17:33.000000 2395 http.cpp:1117] HTTP GET for /master/state-summary from 172.17.0.2:36494 with User-Agent='python-requests/2.18.4'
I0923 06:17:35.000000 2406 http.cpp:1117] HTTP GET for /master/state-summary from 172.17.0.2:36500 with User-Agent='python-requests/2.18.4'
I0923 06:17:36.000000 2396 master.hpp:418] Sending heartbeat to subscriber f7d1785c-628b-4508-ae3b-4c0b47e55f2c
I0923 06:17:37.000000 2393 http.cpp:1117] HTTP GET for /master/state-summary from 172.17.0.2:36512 with User-Agent='python-requests/2.18.4'
I0923 06:17:39.000000 2397 http.cpp:1117] HTTP GET for /master/state-summary from 172.17.0.2:36518 with User-Agent='python-requests/2.18.4'
I0923 06:17:41.000000 2393 http.cpp:1117] HTTP GET for /master/state-summary from 172.17.0.2:36530 with User-Agent='python-requests/2.18.4'
I0923 06:17:43.000000 2406 master.cpp:8955] Performing explicit task state reconciliation for 1 tasks of framework 4a223bc8-a527-49ab-8f24-a5941812d416-0000 (marathon) at scheduler-85881496-41c0-403f-8000-d7d5063cc648@172.17.0.2:15101
I0923 06:17:43.000000 2406 master.cpp:9116] Sending explicit reconciliation state TASK_UNKNOWN for task fake-marathon-pacemaker-task-7bfdac33-6b10-4496-b639-4dfb05116145 of framework 4a223bc8-a527-49ab-8f24-a5941812d416-0000 (marathon) at scheduler-85881496-41c0-403f-8000-d7d5063cc648@172.17.0.2:15101
I0923 06:17:43.000000 2406 http.cpp:1117] HTTP GET for /master/state-summary from 172.17.0.2:36536 with User-Agent='python-requests/2.18.4'
I0923 06:17:45.000000 2397 http.cpp:1117] HTTP GET for /master/state-summary from 172.17.0.2:36542 with User-Agent='python-requests/2.18.4'
I0923 06:17:47.000000 2400 http.cpp:1117] HTTP GET for /master/state-summary from 172.17.0.2:36554 with User-Agent='python-requests/2.18.4'
I0923 06:17:49.000000 2397 http.cpp:1117] HTTP GET for /master/state.json from 172.17.0.2:36560 with User-Agent='Mesos-DNS'
I0923 06:17:49.000000 2398 http.cpp:1117] HTTP GET for /master/state-summary from 172.17.0.2:36562 with User-Agent='python-requests/2.18.4'
I0923 06:17:51.000000 2398 master.hpp:418] Sending heartbeat to subscriber f7d1785c-628b-4508-ae3b-4c0b47e55f2c
I0923 06:17:51.000000 2404 http.cpp:1117] HTTP GET for /master/state-summary from 172.17.0.2:36574 with User-Agent='python-requests/2.18.4'
I0923 06:17:53.000000 2403 http.cpp:1117] HTTP GET for /master/state-summary from 172.17.0.2:36580 with User-Agent='python-requests/2.18.4'
I0923 06:17:55.000000 2393 http.cpp:1117] HTTP GET for /master/state-summary from 172.17.0.2:36586 with User-Agent='python-requests/2.18.4'
I0923 06:17:57.000000 2393 http.cpp:1117] HTTP GET for /master/state-summary from 172.17.0.2:36598 with User-Agent='python-requests/2.18.4'
I0923 06:17:58.000000 2401 master.cpp:8955] Performing explicit task state reconciliation for 1 tasks of framework 4a223bc8-a527-49ab-8f24-a5941812d416-0000 (marathon) at scheduler-85881496-41c0-403f-8000-d7d5063cc648@172.17.0.2:15101
I0923 06:17:58.000000 2401 master.cpp:9116] Sending explicit reconciliation state TASK_UNKNOWN for task fake-marathon-pacemaker-task-7bfdac33-6b10-4496-b639-4dfb05116145 of framework 4a223bc8-a527-49ab-8f24-a5941812d416-0000 (marathon) at scheduler-85881496-41c0-403f-8000-d7d5063cc648@172.17.0.2:15101
I0923 06:17:58.000000 2395 http.cpp:1117] HTTP GET for /master/state-summary from 172.17.0.2:36600 with User-Agent='Master Admin Router'
I0923 06:17:59.000000 2406 http.cpp:1117] HTTP GET for /master/state-summary from 172.17.0.2:36610 with User-Agent='python-requests/2.18.4'
I0923 06:18:01.000000 2405 http.cpp:1117] HTTP GET for /master/state-summary from 172.17.0.2:36622 with User-Agent='python-requests/2.18.4'
I0923 06:18:03.000000 2393 http.cpp:1117] HTTP GET for /master/state-summary from 172.17.0.2:36646 with User-Agent='python-requests/2.18.4'
I0923 06:18:06.000000 2406 http.cpp:1117] HTTP GET for /master/state-summary from 172.17.0.2:36652 with User-Agent='python-requests/2.18.4'
I0923 06:18:06.000000 2401 master.hpp:418] Sending heartbeat to subscriber f7d1785c-628b-4508-ae3b-4c0b47e55f2c
I0923 06:18:08.000000 2399 http.cpp:1117] HTTP GET for /master/state-summary from 172.17.0.2:36664 with User-Agent='python-requests/2.18.4'
I0923 06:18:10.000000 2405 http.cpp:1117] HTTP GET for /master/state-summary from 172.17.0.2:36670 with User-Agent='python-requests/2.18.4'
I0923 06:18:10.000000 2397 http.cpp:1117] HTTP GET for /master/slaves from 172.17.0.2:47748 with User-Agent='Go-http-client/1.1'
I0923 06:18:12.000000 2407 http.cpp:1117] HTTP GET for /master/state-summary from 172.17.0.2:36684 with User-Agent='python-requests/2.18.4'
I0923 06:18:13.000000 2407 master.cpp:8955] Performing explicit task state reconciliation for 1 tasks of framework 4a223bc8-a527-49ab-8f24-a5941812d416-0000 (marathon) at scheduler-85881496-41c0-403f-8000-d7d5063cc648@172.17.0.2:15101
I0923 06:18:13.000000 2407 master.cpp:9116] Sending explicit reconciliation state TASK_UNKNOWN for task fake-marathon-pacemaker-task-7bfdac33-6b10-4496-b639-4dfb05116145 of framework 4a223bc8-a527-49ab-8f24-a5941812d416-0000 (marathon) at scheduler-85881496-41c0-403f-8000-d7d5063cc648@172.17.0.2:15101
I0923 06:18:14.000000 2398 http.cpp:1117] HTTP GET for /master/state-summary from 172.17.0.2:36690 with User-Agent='python-requests/2.18.4'
I0923 06:18:16.000000 2405 http.cpp:1117] HTTP GET for /master/state-summary from 172.17.0.2:36696 with User-Agent='python-requests/2.18.4'
I0923 06:18:18.000000 2402 http.cpp:1117] HTTP GET for /master/state-summary from 172.17.0.2:36708 with User-Agent='python-requests/2.18.4'
I0923 06:18:19.000000 2398 http.cpp:1117] HTTP GET for /master/state.json from 172.17.0.2:36714 with User-Agent='Mesos-DNS'
I0923 06:18:20.000000 2399 http.cpp:1117] HTTP GET for /master/state-summary from 172.17.0.2:36716 with User-Agent='python-requests/2.18.4'
I0923 06:18:21.000000 2405 master.hpp:418] Sending heartbeat to subscriber f7d1785c-628b-4508-ae3b-4c0b47e55f2c
I0923 06:18:22.000000 2396 http.cpp:1117] HTTP GET for /master/state-summary from 172.17.0.2:36728 with User-Agent='python-requests/2.18.4'
I0923 06:18:23.000000 2395 http.cpp:1117] HTTP GET for /master/state-summary from 172.17.0.2:36730 with User-Agent='Master Admin Router'
I0923 06:18:24.000000 2405 http.cpp:1117] HTTP GET for /master/state-summary from 172.17.0.2:36740 with User-Agent='python-requests/2.18.4'
I0923 06:18:26.000000 2404 http.cpp:1117] HTTP GET for /master/state-summary from 172.17.0.2:36746 with User-Agent='python-requests/2.18.4'
I0923 06:18:28.000000 2398 http.cpp:1117] HTTP GET for /master/state-summary from 172.17.0.2:36758 with User-Agent='python-requests/2.18.4'
I0923 06:18:28.000000 2407 master.cpp:8955] Performing explicit task state reconciliation for 1 tasks of framework 4a223bc8-a527-49ab-8f24-a5941812d416-0000 (marathon) at scheduler-85881496-41c0-403f-8000-d7d5063cc648@172.17.0.2:15101
I0923 06:18:28.000000 2407 master.cpp:9116] Sending explicit reconciliation state TASK_UNKNOWN for task fake-marathon-pacemaker-task-7bfdac33-6b10-4496-b639-4dfb05116145 of framework 4a223bc8-a527-49ab-8f24-a5941812d416-0000 (marathon) at scheduler-85881496-41c0-403f-8000-d7d5063cc648@172.17.0.2:15101
I0923 06:18:30.000000 2398 http.cpp:1117] HTTP GET for /master/state-summary from 172.17.0.2:36764 with User-Agent='python-requests/2.18.4'
I0923 06:18:32.000000 2402 http.cpp:1117] HTTP GET for /master/state-summary from 172.17.0.2:36776 with User-Agent='python-requests/2.18.4'
I0923 06:18:34.000000 2393 http.cpp:1117] HTTP GET for /master/state-summary from 172.17.0.2:36782 with User-Agent='python-requests/2.18.4'
I0923 06:18:36.000000 2404 http.cpp:1117] HTTP GET for /master/state-summary from 172.17.0.2:36788 with User-Agent='python-requests/2.18.4'
I0923 06:18:36.000000 2408 master.hpp:418] Sending heartbeat to subscriber f7d1785c-628b-4508-ae3b-4c0b47e55f2c
I0923 06:18:37.000000 2399 master.cpp:9434] Sending offer 4a223bc8-a527-49ab-8f24-a5941812d416-O37004 containing resources ports(allocated: *):[1025-2180, 2182-3887, 3889-5049, 5052-8079, 8082-8180, 8182-32000]; disk(allocated: *):93296; cpus(allocated: *):3.78; mem(allocated: *):14477 on agent 4a223bc8-a527-49ab-8f24-a5941812d416-S1
at slave(1)@172.17.0.4:5051 (172.17.0.4) to framework 4a223bc8-a527-49ab-8f24-a5941812d416-0001 (metronome) at scheduler-ca9601af-122f-4941-a1c3-58649859f536@172.17.0.2:15201
I0923 06:18:37.000000 2399 master.cpp:9445] Sending offers [ 4a223bc8-a527-49ab-8f24-a5941812d416-O37004 ] to framework 4a223bc8-a527-49ab-8f24-a5941812d416-0001 (metronome) at scheduler-ca9601af-122f-4941-a1c3-58649859f536@172.17.0.2:15201
I0923 06:18:37.000000 2403 master.cpp:5837] Processing DECLINE call for offers: [ 4a223bc8-a527-49ab-8f24-a5941812d416-O37004 ] for framework 4a223bc8-a527-49ab-8f24-a5941812d416-0001 (metronome) at scheduler-ca9601af-122f-4941-a1c3-58649859f536@172.17.0.2:15201
I0923 06:18:37.000000 2403 master.cpp:11439] Removing offer 4a223bc8-a527-49ab-8f24-a5941812d416-O37004
I0923 06:18:38.000000 2396 http.cpp:1117] HTTP GET for /master/state-summary from 172.17.0.2:36800 with User-Agent='python-requests/2.18.4'
I0923 06:18:40.000000 2404 http.cpp:1117] HTTP GET for /master/state-summary from 172.17.0.2:36806 with User-Agent='python-requests/2.18.4'
I0923 06:18:42.000000 2398 http.cpp:1117] HTTP GET for /master/state-summary from 172.17.0.2:36818 with User-Agent='python-requests/2.18.4'
I0923 06:18:43.000000 2404 master.cpp:8955] Performing explicit task state reconciliation for 1 tasks of framework 4a223bc8-a527-49ab-8f24-a5941812d416-0000 (marathon) at scheduler-85881496-41c0-403f-8000-d7d5063cc648@172.17.0.2:15101
I0923 06:18:43.000000 2404 master.cpp:9116] Sending explicit reconciliation state TASK_UNKNOWN for task fake-marathon-pacemaker-task-7bfdac33-6b10-4496-b639-4dfb05116145 of framework 4a223bc8-a527-49ab-8f24-a5941812d416-0000 (marathon) at scheduler-85881496-41c0-403f-8000-d7d5063cc648@172.17.0.2:15101
I0923 06:18:44.000000 2403 http.cpp:1117] HTTP GET for /master/state-summary from 172.17.0.2:36824 with User-Agent='python-requests/2.18.4'
I0923 06:18:46.000000 2403 http.cpp:1117] HTTP GET for /master/state-summary from 172.17.0.2:36830 with User-Agent='python-requests/2.18.4'
I0923 06:18:48.000000 2400 http.cpp:1117] HTTP GET for /master/state-summary from 172.17.0.2:36842 with User-Agent='python-requests/2.18.4'
I0923 06:18:48.000000 2394 http.cpp:1117] HTTP GET for /master/state-summary from 172.17.0.2:36844 with User-Agent='Master Admin Router'
I0923 06:18:49.000000 2408 http.cpp:1117] HTTP GET for /master/state.json from 172.17.0.2:36854 with User-Agent='Mesos-DNS'
I0923 06:18:50.000000 2394 http.cpp:1117] HTTP GET for /master/state-summary from 172.17.0.2:36856 with User-Agent='python-requests/2.18.4'
I0923 06:18:51.000000 2402 master.hpp:418] Sending heartbeat to subscriber f7d1785c-628b-4508-ae3b-4c0b47e55f2c
I0923 06:18:52.000000 2406 http.cpp:1117] HTTP GET for /master/state-summary from 172.17.0.2:36868 with User-Agent='python-requests/2.18.4'
I0923 06:18:54.000000 2401 http.cpp:1117] HTTP GET for /master/state-summary from 172.17.0.2:36874 with User-Agent='python-requests/2.18.4'
I0923 06:18:55.000000 2398 master.cpp:9434] Sending offer 4a223bc8-a527-49ab-8f24-a5941812d416-O37005 containing resources ports(allocated: *):[1025-2180, 2182-2205, 2207-3887, 3889-4229, 4231-5049, 5052-6544, 6546-7828, 7830-8079, 8082-8180, 8182-10347, 10349-18147, 18149-21704, 21706-21883, 21885-23527, 23529-23534, 23536-24355, 24357-24899, 24901-25475, 25477-26217, 26219-26512, 26514-27302, 27304-32000]; disk(allocated: *):92883; cpus(allocated: *):0.05; mem(allocated: *):13197 on agent 4a223bc8-a527-49ab-8f24-a5941812d416-S2
at slave(1)@172.17.0.3:5051 (172.17.0.3) to framework 4a223bc8-a527-49ab-8f24-a5941812d416-0001 (metronome) at scheduler-ca9601af-122f-4941-a1c3-58649859f536@172.17.0.2:15201
I0923 06:18:55.000000 2398 master.cpp:9445] Sending offers [ 4a223bc8-a527-49ab-8f24-a5941812d416-O37005 ] to framework 4a223bc8-a527-49ab-8f24-a5941812d416-0001 (metronome) at scheduler-ca9601af-122f-4941-a1c3-58649859f536@172.17.0.2:15201
I0923 06:18:55.000000 2403 master.cpp:5837] Processing DECLINE call for offers: [ 4a223bc8-a527-49ab-8f24-a5941812d416-O37005 ] for framework 4a223bc8-a527-49ab-8f24-a5941812d416-0001 (metronome) at scheduler-ca9601af-122f-4941-a1c3-58649859f536@172.17.0.2:15201
I0923 06:18:55.000000 2403 master.cpp:11439] Removing offer 4a223bc8-a527-49ab-8f24-a5941812d416-O37005
I0923 06:18:56.000000 2393 http.cpp:1117] HTTP GET for /master/state-summary from 172.17.0.2:36880 with User-Agent='python-requests/2.18.4'
I0923 06:18:58.000000 2395 master.cpp:8955] Performing explicit task state reconciliation for 1 tasks of framework 4a223bc8-a527-49ab-8f24-a5941812d416-0000 (marathon) at scheduler-85881496-41c0-403f-8000-d7d5063cc648@172.17.0.2:15101
I0923 06:18:58.000000 2395 master.cpp:9116] Sending explicit reconciliation state TASK_UNKNOWN for task fake-marathon-pacemaker-task-7bfdac33-6b10-4496-b639-4dfb05116145 of framework 4a223bc8-a527-49ab-8f24-a5941812d416-0000 (marathon) at scheduler-85881496-41c0-403f-8000-d7d5063cc648@172.17.0.2:15101
I0923 06:18:58.000000 2401 http.cpp:1117] HTTP GET for /master/state-summary from 172.17.0.2:36892 with User-Agent='python-requests/2.18.4'
I0923 06:19:00.000000 2402 http.cpp:1117] HTTP GET for /master/state-summary from 172.17.0.2:36898 with User-Agent='python-requests/2.18.4'
I0923 06:19:02.000000 2403 http.cpp:1117] HTTP GET for /master/state-summary from 172.17.0.2:36910 with User-Agent='python-requests/2.18.4'
I0923 06:19:04.000000 2396 http.cpp:1117] HTTP GET for /master/state-summary from 172.17.0.2:36932 with User-Agent='python-requests/2.18.4'
I0923 06:19:06.000000 2403 http.cpp:1117] HTTP GET for /master/state-summary from 172.17.0.2:36938 with User-Agent='python-requests/2.18.4'
I0923 06:19:06.000000 2400 master.hpp:418] Sending heartbeat to subscriber f7d1785c-628b-4508-ae3b-4c0b47e55f2c
I0923 06:19:08.000000 2396 http.cpp:1117] HTTP GET for /master/state-summary from 172.17.0.2:36950 with User-Agent='python-requests/2.18.4'
I0923 06:19:10.000000 2407 http.cpp:1117] HTTP GET for /master/state-summary from 172.17.0.2:36956 with User-Agent='python-requests/2.18.4'
I0923 06:19:11.000000 2396 http.cpp:1117] HTTP GET for /master/slaves from 172.17.0.2:47748 with User-Agent='Go-http-client/1.1'
I0923 06:19:12.000000 2401 http.cpp:1117] HTTP GET for /master/state-summary from 172.17.0.2:36970 with User-Agent='python-requests/2.18.4'
I0923 06:19:13.000000 2404 master.cpp:8955] Performing explicit task state reconciliation for 1 tasks of framework 4a223bc8-a527-49ab-8f24-a5941812d416-0000 (marathon) at scheduler-85881496-41c0-403f-8000-d7d5063cc648@172.17.0.2:15101
I0923 06:19:13.000000 2404 master.cpp:9116] Sending explicit reconciliation state TASK_UNKNOWN for task fake-marathon-pacemaker-task-7bfdac33-6b10-4496-b639-4dfb05116145 of framework 4a223bc8-a527-49ab-8f24-a5941812d416-0000 (marathon) at scheduler-85881496-41c0-403f-8000-d7d5063cc648@172.17.0.2:15101
I0923 06:19:13.000000 2402 http.cpp:1117] HTTP GET for /master/state-summary from 172.17.0.2:36972 with User-Agent='Master Admin Router'
I0923 06:19:14.000000 2408 http.cpp:1117] HTTP GET for /master/state-summary from 172.17.0.2:36982 with User-Agent='python-requests/2.18.4'
I0923 06:19:16.000000 2396 http.cpp:1117] HTTP GET for /master/state-summary from 172.17.0.2:36988 with User-Agent='python-requests/2.18.4'
I0923 06:19:18.000000 2406 http.cpp:1117] HTTP GET for /master/state-summary from 172.17.0.2:37000 with User-Agent='python-requests/2.18.4'
I0923 06:19:19.000000 2402 http.cpp:1117] HTTP GET for /master/state.json from 172.17.0.2:37006 with User-Agent='Mesos-DNS'
I0923 06:19:20.000000 2408 http.cpp:1117] HTTP GET for /master/state-summary from 172.17.0.2:37008 with User-Agent='python-requests/2.18.4'
I0923 06:19:21.000000 2399 master.hpp:418] Sending heartbeat to subscriber f7d1785c-628b-4508-ae3b-4c0b47e55f2c
