I0923 06:34:21.000000 2402 master.cpp:8955] Performing explicit task state reconciliation for 1 tasks of framework 4a223bc8-a527-49ab-8f24-a5941812d416-0000 (marathon) at scheduler-85881496-41c0-403f-8000-d7d5063cc648@172.17.0.2:15101
I0923 06:34:21.000000 2402 master.cpp:9116] Sending explicit reconciliation state TASK_UNKNOWN for task fake-marathon-pacemaker-task-7bfdac33-6b10-4496-b639-4dfb05116145 of framework 4a223bc8-a527-49ab-8f24-a5941812d416-0000 (marathon) at scheduler-85881496-41c0-403f-8000-d7d5063cc648@172.17.0.2:15101
I0923 06:34:21.000000 2405 master.hpp:418] Sending heartbeat to subscriber f7d1785c-628b-4508-ae3b-4c0b47e55f2c
I0923 06:34:23.000000 2402 http.cpp:1117] HTTP GET for /master/state-summary from 172.17.0.2:41392 with User-Agent='python-requests/2.18.4'
I0923 06:34:25.000000 2394 http.cpp:1117] HTTP GET for /master/state-summary from 172.17.0.2:41404 with User-Agent='python-requests/2.18.4'
I0923 06:34:27.000000 2400 http.cpp:1117] HTTP GET for /master/state-summary from 172.17.0.2:41410 with User-Agent='python-requests/2.18.4'
I0923 06:34:29.000000 2402 http.cpp:1117] HTTP GET for /master/state-summary from 172.17.0.2:41422 with User-Agent='python-requests/2.18.4'
I0923 06:34:31.000000 2397 http.cpp:1117] HTTP GET for /master/state-summary from 172.17.0.2:41428 with User-Agent='python-requests/2.18.4'
I0923 06:34:33.000000 2402 http.cpp:1117] HTTP GET for /master/state-summary from 172.17.0.2:41434 with User-Agent='python-requests/2.18.4'
I0923 06:34:35.000000 2393 http.cpp:1117] HTTP GET for /master/state-summary from 172.17.0.2:41446 with User-Agent='python-requests/2.18.4'
I0923 06:34:36.000000 2406 master.cpp:8955] Performing explicit task state reconciliation for 1 tasks of framework 4a223bc8-a527-49ab-8f24-a5941812d416-0000 (marathon) at scheduler-85881496-41c0-403f-8000-d7d5063cc648@172.17.0.2:15101
I0923 06:34:36.000000 2406 master.cpp:9116] Sending explicit reconciliation state TASK_UNKNOWN for task fake-marathon-pacemaker-task-7bfdac33-6b10-4496-b639-4dfb05116145 of framework 4a223bc8-a527-49ab-8f24-a5941812d416-0000 (marathon) at scheduler-85881496-41c0-403f-8000-d7d5063cc648@172.17.0.2:15101
I0923 06:34:36.000000 2402 master.hpp:418] Sending heartbeat to subscriber f7d1785c-628b-4508-ae3b-4c0b47e55f2c
I0923 06:34:37.000000 2405 http.cpp:1117] HTTP GET for /master/state-summary from 172.17.0.2:41452 with User-Agent='python-requests/2.18.4'
I0923 06:34:38.000000 2395 http.cpp:1117] HTTP GET for /master/state-summary from 172.17.0.2:41454 with User-Agent='Master Admin Router'
I0923 06:34:38.000000 2394 master.cpp:9434] Sending offer 4a223bc8-a527-49ab-8f24-a5941812d416-O37029 containing resources ports(allocated: *):[1025-2180, 2182-3887, 3889-5049, 5052-8079, 8082-8180, 8182-32000]; disk(allocated: *):93296; cpus(allocated: *):3.78; mem(allocated: *):14477 on agent 4a223bc8-a527-49ab-8f24-a5941812d416-S1
at slave(1)@172.17.0.4:5051 (172.17.0.4) to framework 4a223bc8-a527-49ab-8f24-a5941812d416-0001 (metronome) at scheduler-ca9601af-122f-4941-a1c3-58649859f536@172.17.0.2:15201
I0923 06:34:38.000000 2394 master.cpp:9445] Sending offers [ 4a223bc8-a527-49ab-8f24-a5941812d416-O37029 ] to framework 4a223bc8-a527-49ab-8f24-a5941812d416-0001 (metronome) at scheduler-ca9601af-122f-4941-a1c3-58649859f536@172.17.0.2:15201
I0923 06:34:38.000000 2401 master.cpp:5837] Processing DECLINE call for offers: [ 4a223bc8-a527-49ab-8f24-a5941812d416-O37029 ] for framework 4a223bc8-a527-49ab-8f24-a5941812d416-0001 (metronome) at scheduler-ca9601af-122f-4941-a1c3-58649859f536@172.17.0.2:15201
I0923 06:34:38.000000 2401 master.cpp:11439] Removing offer 4a223bc8-a527-49ab-8f24-a5941812d416-O37029
I0923 06:34:39.000000 2399 http.cpp:1117] HTTP GET for /master/state-summary from 172.17.0.2:41470 with User-Agent='python-requests/2.18.4'
I0923 06:34:41.000000 2403 http.cpp:1117] HTTP GET for /master/state-summary from 172.17.0.2:41476 with User-Agent='python-requests/2.18.4'
I0923 06:34:43.000000 2394 http.cpp:1117] HTTP GET for /master/state-summary from 172.17.0.2:41482 with User-Agent='python-requests/2.18.4'
I0923 06:34:45.000000 2399 http.cpp:1117] HTTP GET for /master/state-summary from 172.17.0.2:41494 with User-Agent='python-requests/2.18.4'
I0923 06:34:47.000000 2400 http.cpp:1117] HTTP GET for /master/state-summary from 172.17.0.2:41500 with User-Agent='python-requests/2.18.4'
I0923 06:34:49.000000 2401 http.cpp:1117] HTTP GET for /master/state-summary from 172.17.0.2:41512 with User-Agent='python-requests/2.18.4'
I0923 06:34:49.000000 2399 http.cpp:1117] HTTP GET for /master/state.json from 172.17.0.2:41514 with User-Agent='Mesos-DNS'
I0923 06:34:51.000000 2398 http.cpp:1117] HTTP GET for /master/state-summary from 172.17.0.2:41520 with User-Agent='python-requests/2.18.4'
I0923 06:34:51.000000 2399 master.cpp:8955] Performing explicit task state reconciliation for 1 tasks of framework 4a223bc8-a527-49ab-8f24-a5941812d416-0000 (marathon) at scheduler-85881496-41c0-403f-8000-d7d5063cc648@172.17.0.2:15101
I0923 06:34:51.000000 2399 master.cpp:9116] Sending explicit reconciliation state TASK_UNKNOWN for task fake-marathon-pacemaker-task-7bfdac33-6b10-4496-b639-4dfb05116145 of framework 4a223bc8-a527-49ab-8f24-a5941812d416-0000 (marathon) at scheduler-85881496-41c0-403f-8000-d7d5063cc648@172.17.0.2:15101
I0923 06:34:51.000000 2408 master.hpp:418] Sending heartbeat to subscriber f7d1785c-628b-4508-ae3b-4c0b47e55f2c
I0923 06:34:53.000000 2402 http.cpp:1117] HTTP GET for /master/state-summary from 172.17.0.2:41526 with User-Agent='python-requests/2.18.4'
I0923 06:34:55.000000 2400 http.cpp:1117] HTTP GET for /master/state-summary from 172.17.0.2:41538 with User-Agent='python-requests/2.18.4'
I0923 06:34:56.000000 2398 master.cpp:9434] Sending offer 4a223bc8-a527-49ab-8f24-a5941812d416-O37030 containing resources ports(allocated: *):[1025-2180, 2182-2205, 2207-3887, 3889-4229, 4231-5049, 5052-6544, 6546-7828, 7830-8079, 8082-8180, 8182-10347, 10349-18147, 18149-21704, 21706-21883, 21885-23527, 23529-23534, 23536-24355, 24357-24899, 24901-25475, 25477-26217, 26219-26512, 26514-27302, 27304-32000]; disk(allocated: *):92883; cpus(allocated: *):0.05; mem(allocated: *):13197 on agent 4a223bc8-a527-49ab-8f24-a5941812d416-S2
at slave(1)@172.17.0.3:5051 (172.17.0.3) to framework 4a223bc8-a527-49ab-8f24-a5941812d416-0001 (metronome) at scheduler-ca9601af-122f-4941-a1c3-58649859f536@172.17.0.2:15201
I0923 06:34:56.000000 2398 master.cpp:9445] Sending offers [ 4a223bc8-a527-49ab-8f24-a5941812d416-O37030 ] to framework 4a223bc8-a527-49ab-8f24-a5941812d416-0001 (metronome) at scheduler-ca9601af-122f-4941-a1c3-58649859f536@172.17.0.2:15201
I0923 06:34:56.000000 2401 master.cpp:5837] Processing DECLINE call for offers: [ 4a223bc8-a527-49ab-8f24-a5941812d416-O37030 ] for framework 4a223bc8-a527-49ab-8f24-a5941812d416-0001 (metronome) at scheduler-ca9601af-122f-4941-a1c3-58649859f536@172.17.0.2:15201
I0923 06:34:56.000000 2401 master.cpp:11439] Removing offer 4a223bc8-a527-49ab-8f24-a5941812d416-O37030
I0923 06:34:57.000000 2401 http.cpp:1117] HTTP GET for /master/state-summary from 172.17.0.2:41544 with User-Agent='python-requests/2.18.4'
I0923 06:34:59.000000 2407 http.cpp:1117] HTTP GET for /master/state-summary from 172.17.0.2:41556 with User-Agent='python-requests/2.18.4'
I0923 06:35:01.000000 2401 http.cpp:1117] HTTP GET for /master/state-summary from 172.17.0.2:41562 with User-Agent='python-requests/2.18.4'
I0923 06:35:03.000000 2393 http.cpp:1117] HTTP GET for /master/state-summary from 172.17.0.2:41568 with User-Agent='Master Admin Router'
I0923 06:35:03.000000 2403 http.cpp:1117] HTTP GET for /master/state-summary from 172.17.0.2:41574 with User-Agent='python-requests/2.18.4'
I0923 06:35:05.000000 2408 http.cpp:1117] HTTP GET for /master/state-summary from 172.17.0.2:41610 with User-Agent='python-requests/2.18.4'
I0923 06:35:06.000000 2397 master.cpp:8955] Performing explicit task state reconciliation for 1 tasks of framework 4a223bc8-a527-49ab-8f24-a5941812d416-0000 (marathon) at scheduler-85881496-41c0-403f-8000-d7d5063cc648@172.17.0.2:15101
I0923 06:35:06.000000 2397 master.cpp:9116] Sending explicit reconciliation state TASK_UNKNOWN for task fake-marathon-pacemaker-task-7bfdac33-6b10-4496-b639-4dfb05116145 of framework 4a223bc8-a527-49ab-8f24-a5941812d416-0000 (marathon) at scheduler-85881496-41c0-403f-8000-d7d5063cc648@172.17.0.2:15101
I0923 06:35:06.000000 2393 master.hpp:418] Sending heartbeat to subscriber f7d1785c-628b-4508-ae3b-4c0b47e55f2c
I0923 06:35:07.000000 2401 http.cpp:1117] HTTP GET for /master/state-summary from 172.17.0.2:41616 with User-Agent='python-requests/2.18.4'
I0923 06:35:09.000000 2398 http.cpp:1117] HTTP GET for /master/state-summary from 172.17.0.2:41628 with User-Agent='python-requests/2.18.4'
I0923 06:35:11.000000 2401 http.cpp:1117] HTTP GET for /master/state-summary from 172.17.0.2:41634 with User-Agent='python-requests/2.18.4'
I0923 06:35:12.000000 2397 http.cpp:1117] HTTP GET for /master/slaves from 172.17.0.2:47748 with User-Agent='Go-http-client/1.1'
I0923 06:35:13.000000 2396 http.cpp:1117] HTTP GET for /master/state-summary from 172.17.0.2:41642 with User-Agent='python-requests/2.18.4'
I0923 06:35:15.000000 2400 http.cpp:1117] HTTP GET for /master/state-summary from 172.17.0.2:41654 with User-Agent='python-requests/2.18.4'
I0923 06:35:17.000000 2403 http.cpp:1117] HTTP GET for /master/state-summary from 172.17.0.2:41660 with User-Agent='python-requests/2.18.4'
I0923 06:35:19.000000 2402 http.cpp:1117] HTTP GET for /master/state-summary from 172.17.0.2:41672 with User-Agent='python-requests/2.18.4'
I0923 06:35:19.000000 2396 http.cpp:1117] HTTP GET for /master/state.json from 172.17.0.2:41674 with User-Agent='Mesos-DNS'
I0923 06:35:21.000000 2404 http.cpp:1117] HTTP GET for /master/state-summary from 172.17.0.2:41680 with User-Agent='python-requests/2.18.4'
I0923 06:35:21.000000 2401 master.cpp:8955] Performing explicit task state reconciliation for 1 tasks of framework 4a223bc8-a527-49ab-8f24-a5941812d416-0000 (marathon) at scheduler-85881496-41c0-403f-8000-d7d5063cc648@172.17.0.2:15101
I0923 06:35:21.000000 2401 master.cpp:9116] Sending explicit reconciliation state TASK_UNKNOWN for task fake-marathon-pacemaker-task-7bfdac33-6b10-4496-b639-4dfb05116145 of framework 4a223bc8-a527-49ab-8f24-a5941812d416-0000 (marathon) at scheduler-85881496-41c0-403f-8000-d7d5063cc648@172.17.0.2:15101
I0923 06:35:21.000000 2398 master.hpp:418] Sending heartbeat to subscriber f7d1785c-628b-4508-ae3b-4c0b47e55f2c
I0923 06:35:23.000000 2407 http.cpp:1117] HTTP GET for /master/state-summary from 172.17.0.2:41686 with User-Agent='python-requests/2.18.4'
I0923 06:35:25.000000 2400 http.cpp:1117] HTTP GET for /master/state-summary from 172.17.0.2:41698 with User-Agent='python-requests/2.18.4'
I0923 06:35:27.000000 2405 http.cpp:1117] HTTP GET for /master/state-summary from 172.17.0.2:41704 with User-Agent='python-requests/2.18.4'
I0923 06:35:28.000000 2405 http.cpp:1117] HTTP GET for /master/state-summary from 172.17.0.2:41706 with User-Agent='Master Admin Router'
I0923 06:35:29.000000 2398 http.cpp:1117] HTTP GET for /master/state-summary from 172.17.0.2:41722 with User-Agent='python-requests/2.18.4'
I0923 06:35:31.000000 2403 http.cpp:1117] HTTP GET for /master/state-summary from 172.17.0.2:41728 with User-Agent='python-requests/2.18.4'
I0923 06:35:33.000000 2408 http.cpp:1117] HTTP GET for /master/state-summary from 172.17.0.2:41734 with User-Agent='python-requests/2.18.4'
I0923 06:35:35.000000 2408 http.cpp:1117] HTTP GET for /master/state-summary from 172.17.0.2:41746 with User-Agent='python-requests/2.18.4'
I0923 06:35:36.000000 2408 master.cpp:8955] Performing explicit task state reconciliation for 1 tasks of framework 4a223bc8-a527-49ab-8f24-a5941812d416-0000 (marathon) at scheduler-85881496-41c0-403f-8000-d7d5063cc648@172.17.0.2:15101
I0923 06:35:36.000000 2408 master.cpp:9116] Sending explicit reconciliation state TASK_UNKNOWN for task fake-marathon-pacemaker-task-7bfdac33-6b10-4496-b639-4dfb05116145 of framework 4a223bc8-a527-49ab-8f24-a5941812d416-0000 (marathon) at scheduler-85881496-41c0-403f-8000-d7d5063cc648@172.17.0.2:15101
I0923 06:35:36.000000 2402 master.hpp:418] Sending heartbeat to subscriber f7d1785c-628b-4508-ae3b-4c0b47e55f2c
I0923 06:35:37.000000 2401 http.cpp:1117] HTTP GET for /master/state-summary from 172.17.0.2:41752 with User-Agent='python-requests/2.18.4'
I0923 06:35:39.000000 2402 http.cpp:1117] HTTP GET for /master/state-summary from 172.17.0.2:41764 with User-Agent='python-requests/2.18.4'
I0923 06:35:41.000000 2401 http.cpp:1117] HTTP GET for /master/state-summary from 172.17.0.2:41770 with User-Agent='python-requests/2.18.4'
I0923 06:35:43.000000 2402 http.cpp:1117] HTTP GET for /master/state-summary from 172.17.0.2:41776 with User-Agent='python-requests/2.18.4'
I0923 06:35:45.000000 2404 http.cpp:1117] HTTP GET for /master/state-summary from 172.17.0.2:41788 with User-Agent='python-requests/2.18.4'
I0923 06:35:47.000000 2394 http.cpp:1117] HTTP GET for /master/state-summary from 172.17.0.2:41794 with User-Agent='python-requests/2.18.4'
I0923 06:35:49.000000 2402 http.cpp:1117] HTTP GET for /master/state-summary from 172.17.0.2:41806 with User-Agent='python-requests/2.18.4'
I0923 06:35:49.000000 2395 http.cpp:1117] HTTP GET for /master/state.json from 172.17.0.2:41808 with User-Agent='Mesos-DNS'
I0923 06:35:51.000000 2396 http.cpp:1117] HTTP GET for /master/state-summary from 172.17.0.2:41814 with User-Agent='python-requests/2.18.4'
I0923 06:35:51.000000 2399 master.cpp:8955] Performing explicit task state reconciliation for 1 tasks of framework 4a223bc8-a527-49ab-8f24-a5941812d416-0000 (marathon) at scheduler-85881496-41c0-403f-8000-d7d5063cc648@172.17.0.2:15101
I0923 06:35:51.000000 2399 master.cpp:9116] Sending explicit reconciliation state TASK_UNKNOWN for task fake-marathon-pacemaker-task-7bfdac33-6b10-4496-b639-4dfb05116145 of framework 4a223bc8-a527-49ab-8f24-a5941812d416-0000 (marathon) at scheduler-85881496-41c0-403f-8000-d7d5063cc648@172.17.0.2:15101
I0923 06:35:51.000000 2403 master.hpp:418] Sending heartbeat to subscriber f7d1785c-628b-4508-ae3b-4c0b47e55f2c
I0923 06:35:53.000000 2401 http.cpp:1117] HTTP GET for /master/state-summary from 172.17.0.2:41820 with User-Agent='Master Admin Router'
I0923 06:35:53.000000 2403 http.cpp:1117] HTTP GET for /master/state-summary from 172.17.0.2:41826 with User-Agent='python-requests/2.18.4'
I0923 06:35:55.000000 2405 http.cpp:1117] HTTP GET for /master/state-summary from 172.17.0.2:41838 with User-Agent='python-requests/2.18.4'
I0923 06:35:57.000000 2403 http.cpp:1117] HTTP GET for /master/state-summary from 172.17.0.2:41844 with User-Agent='python-requests/2.18.4'
I0923 06:35:59.000000 2396 http.cpp:1117] HTTP GET for /master/state-summary from 172.17.0.2:41856 with User-Agent='python-requests/2.18.4'
I0923 06:36:01.000000 2395 http.cpp:1117] HTTP GET for /master/state-summary from 172.17.0.2:41862 with User-Agent='python-requests/2.18.4'
I0923 06:36:03.000000 2403 http.cpp:1117] HTTP GET for /master/state-summary from 172.17.0.2:41868 with User-Agent='python-requests/2.18.4'
I0923 06:36:05.000000 2404 http.cpp:1117] HTTP GET for /master/state-summary from 172.17.0.2:41900 with User-Agent='python-requests/2.18.4'
I0923 06:36:06.000000 2404 master.cpp:8955] Performing explicit task state reconciliation for 1 tasks of framework 4a223bc8-a527-49ab-8f24-a5941812d416-0000 (marathon) at scheduler-85881496-41c0-403f-8000-d7d5063cc648@172.17.0.2:15101
I0923 06:36:06.000000 2404 master.cpp:9116] Sending explicit reconciliation state TASK_UNKNOWN for task fake-marathon-pacemaker-task-7bfdac33-6b10-4496-b639-4dfb05116145 of framework 4a223bc8-a527-49ab-8f24-a5941812d416-0000 (marathon) at scheduler-85881496-41c0-403f-8000-d7d5063cc648@172.17.0.2:15101
I0923 06:36:06.000000 2401 master.hpp:418] Sending heartbeat to subscriber f7d1785c-628b-4508-ae3b-4c0b47e55f2c
I0923 06:36:07.000000 2406 http.cpp:1117] HTTP GET for /master/state-summary from 172.17.0.2:41906 with User-Agent='python-requests/2.18.4'
I0923 06:36:09.000000 2402 http.cpp:1117] HTTP GET for /master/state-summary from 172.17.0.2:41918 with User-Agent='python-requests/2.18.4'
I0923 06:36:11.000000 2408 http.cpp:1117] HTTP GET for /master/state-summary from 172.17.0.2:41924 with User-Agent='python-requests/2.18.4'
I0923 06:36:12.000000 2404 http.cpp:1117] HTTP GET for /master/slaves from 172.17.0.2:47748 with User-Agent='Go-http-client/1.1'
I0923 06:36:13.000000 2405 http.cpp:1117] HTTP GET for /master/state-summary from 172.17.0.2:41932 with User-Agent='python-requests/2.18.4'
I0923 06:36:15.000000 2405 http.cpp:1117] HTTP GET for /master/state-summary from 172.17.0.2:41944 with User-Agent='python-requests/2.18.4'
I0923 06:36:17.000000 2397 http.cpp:1117] HTTP GET for /master/state-summary from 172.17.0.2:41950 with User-Agent='python-requests/2.18.4'
I0923 06:36:18.000000 2400 http.cpp:1117] HTTP GET for /master/state-summary from 172.17.0.2:41952 with User-Agent='Master Admin Router'
I0923 06:36:19.000000 2394 http.cpp:1117] HTTP GET for /master/state-summary from 172.17.0.2:41968 with User-Agent='python-requests/2.18.4'
I0923 06:36:19.000000 2400 http.cpp:1117] HTTP GET for /master/state.json from 172.17.0.2:41970 with User-Agent='Mesos-DNS'
I0923 06:36:21.000000 2404 http.cpp:1117] HTTP GET for /master/state-summary from 172.17.0.2:41976 with User-Agent='python-requests/2.18.4'
I0923 06:36:21.000000 2402 master.cpp:8955] Performing explicit task state reconciliation for 1 tasks of framework 4a223bc8-a527-49ab-8f24-a5941812d416-0000 (marathon) at scheduler-85881496-41c0-403f-8000-d7d5063cc648@172.17.0.2:15101
I0923 06:36:21.000000 2402 master.cpp:9116] Sending explicit reconciliation state TASK_UNKNOWN for task fake-marathon-pacemaker-task-7bfdac33-6b10-4496-b639-4dfb05116145 of framework 4a223bc8-a527-49ab-8f24-a5941812d416-0000 (marathon) at scheduler-85881496-41c0-403f-8000-d7d5063cc648@172.17.0.2:15101
I0923 06:36:21.000000 2393 master.hpp:418] Sending heartbeat to subscriber f7d1785c-628b-4508-ae3b-4c0b47e55f2c
I0923 06:36:23.000000 2402 http.cpp:1117] HTTP GET for /master/state-summary from 172.17.0.2:41982 with User-Agent='python-requests/2.18.4'
I0923 06:36:24.000000 2399 master.cpp:6024] Processing KILL call for task 'integration-test-7c9dea335c2443e5859e1822ea8301cf.instance-2bb48dc5-bef8-11e8-ae4b-70b3d5800004.app-7c9dea335c2443e5859e1822ea8301cf' of framework 4a223bc8-a527-49ab-8f24-a5941812d416-0000 (marathon) at scheduler-85881496-41c0-403f-8000-d7d5063cc648@172.17.0.2:15101
I0923 06:36:24.000000 2399 master.cpp:6102] Telling agent 4a223bc8-a527-49ab-8f24-a5941812d416-S1
at slave(1)@172.17.0.4:5051 (172.17.0.4) to kill task integration-test-7c9dea335c2443e5859e1822ea8301cf.instance-2bb48dc5-bef8-11e8-ae4b-70b3d5800004.app-7c9dea335c2443e5859e1822ea8301cf of framework 4a223bc8-a527-49ab-8f24-a5941812d416-0000 (marathon) at scheduler-85881496-41c0-403f-8000-d7d5063cc648@172.17.0.2:15101
I0923 06:36:24.000000 2395 master.cpp:6024] Processing KILL call for task 'integration-test-c26535de533b4b94a1c9664602c87ebf.instance-2bb4b4d7-bef8-11e8-ae4b-70b3d5800004.app-c26535de533b4b94a1c9664602c87ebf' of framework 4a223bc8-a527-49ab-8f24-a5941812d416-0000 (marathon) at scheduler-85881496-41c0-403f-8000-d7d5063cc648@172.17.0.2:15101
I0923 06:36:24.000000 2395 master.cpp:6102] Telling agent 4a223bc8-a527-49ab-8f24-a5941812d416-S1
at slave(1)@172.17.0.4:5051 (172.17.0.4) to kill task integration-test-c26535de533b4b94a1c9664602c87ebf.instance-2bb4b4d7-bef8-11e8-ae4b-70b3d5800004.app-c26535de533b4b94a1c9664602c87ebf of framework 4a223bc8-a527-49ab-8f24-a5941812d416-0000 (marathon) at scheduler-85881496-41c0-403f-8000-d7d5063cc648@172.17.0.2:15101
I0923 06:36:24.000000 2408 master.cpp:8362] Status update TASK_KILLING (Status UUID: 6702760d-33e3-4e1b-ba73-4c5c4adc1680) for task integration-test-7c9dea335c2443e5859e1822ea8301cf.instance-2bb48dc5-bef8-11e8-ae4b-70b3d5800004.app-7c9dea335c2443e5859e1822ea8301cf of framework 4a223bc8-a527-49ab-8f24-a5941812d416-0000 from agent 4a223bc8-a527-49ab-8f24-a5941812d416-S1
at slave(1)@172.17.0.4:5051 (172.17.0.4)
I0923 06:36:24.000000 2408 master.cpp:8419] Forwarding status update TASK_KILLING (Status UUID: 6702760d-33e3-4e1b-ba73-4c5c4adc1680) for task integration-test-7c9dea335c2443e5859e1822ea8301cf.instance-2bb48dc5-bef8-11e8-ae4b-70b3d5800004.app-7c9dea335c2443e5859e1822ea8301cf of framework 4a223bc8-a527-49ab-8f24-a5941812d416-0000
I0923 06:36:24.000000 2408 master.cpp:11872] Notifying all active subscribers about TASK_UPDATED event
I0923 06:36:24.000000 2408 master.cpp:10909] Updating the state of task integration-test-7c9dea335c2443e5859e1822ea8301cf.instance-2bb48dc5-bef8-11e8-ae4b-70b3d5800004.app-7c9dea335c2443e5859e1822ea8301cf of framework 4a223bc8-a527-49ab-8f24-a5941812d416-0000 (latest state: TASK_KILLING, status update state: TASK_KILLING)
I0923 06:36:24.000000 2393 master.cpp:6024] Processing KILL call for task 'integration-test-5ed6bfd02b434814a8a2f7dc6081a36c.instance-2bb4b4d6-bef8-11e8-ae4b-70b3d5800004.app-5ed6bfd02b434814a8a2f7dc6081a36c' of framework 4a223bc8-a527-49ab-8f24-a5941812d416-0000 (marathon) at scheduler-85881496-41c0-403f-8000-d7d5063cc648@172.17.0.2:15101
I0923 06:36:24.000000 2393 master.cpp:6102] Telling agent 4a223bc8-a527-49ab-8f24-a5941812d416-S2
at slave(1)@172.17.0.3:5051 (172.17.0.3) to kill task integration-test-5ed6bfd02b434814a8a2f7dc6081a36c.instance-2bb4b4d6-bef8-11e8-ae4b-70b3d5800004.app-5ed6bfd02b434814a8a2f7dc6081a36c of framework 4a223bc8-a527-49ab-8f24-a5941812d416-0000 (marathon) at scheduler-85881496-41c0-403f-8000-d7d5063cc648@172.17.0.2:15101
I0923 06:36:24.000000 2405 master.cpp:6228] Processing ACKNOWLEDGE call for status 6702760d-33e3-4e1b-ba73-4c5c4adc1680 for task integration-test-7c9dea335c2443e5859e1822ea8301cf.instance-2bb48dc5-bef8-11e8-ae4b-70b3d5800004.app-7c9dea335c2443e5859e1822ea8301cf of framework 4a223bc8-a527-49ab-8f24-a5941812d416-0000 (marathon) at scheduler-85881496-41c0-403f-8000-d7d5063cc648@172.17.0.2:15101 on agent 4a223bc8-a527-49ab-8f24-a5941812d416-S1
I0923 06:36:24.000000 2400 master.cpp:8362] Status update TASK_KILLING (Status UUID: 021eec8a-106d-4a8c-aa5d-3461080c0f7f) for task integration-test-c26535de533b4b94a1c9664602c87ebf.instance-2bb4b4d7-bef8-11e8-ae4b-70b3d5800004.app-c26535de533b4b94a1c9664602c87ebf of framework 4a223bc8-a527-49ab-8f24-a5941812d416-0000 from agent 4a223bc8-a527-49ab-8f24-a5941812d416-S1
at slave(1)@172.17.0.4:5051 (172.17.0.4)
I0923 06:36:24.000000 2400 master.cpp:8419] Forwarding status update TASK_KILLING (Status UUID: 021eec8a-106d-4a8c-aa5d-3461080c0f7f) for task integration-test-c26535de533b4b94a1c9664602c87ebf.instance-2bb4b4d7-bef8-11e8-ae4b-70b3d5800004.app-c26535de533b4b94a1c9664602c87ebf of framework 4a223bc8-a527-49ab-8f24-a5941812d416-0000
I0923 06:36:24.000000 2400 master.cpp:11872] Notifying all active subscribers about TASK_UPDATED event
I0923 06:36:24.000000 2400 master.cpp:10909] Updating the state of task integration-test-c26535de533b4b94a1c9664602c87ebf.instance-2bb4b4d7-bef8-11e8-ae4b-70b3d5800004.app-c26535de533b4b94a1c9664602c87ebf of framework 4a223bc8-a527-49ab-8f24-a5941812d416-0000 (latest state: TASK_KILLING, status update state: TASK_KILLING)
I0923 06:36:24.000000 2397 master.cpp:6024] Processing KILL call for task 'integration-test-1b9a55c07ae14767a3e291aea3a9add6.instance-2bb4dbe9-bef8-11e8-ae4b-70b3d5800004.app-1b9a55c07ae14767a3e291aea3a9add6' of framework 4a223bc8-a527-49ab-8f24-a5941812d416-0000 (marathon) at scheduler-85881496-41c0-403f-8000-d7d5063cc648@172.17.0.2:15101
I0923 06:36:24.000000 2397 master.cpp:6102] Telling agent 4a223bc8-a527-49ab-8f24-a5941812d416-S2
at slave(1)@172.17.0.3:5051 (172.17.0.3) to kill task integration-test-1b9a55c07ae14767a3e291aea3a9add6.instance-2bb4dbe9-bef8-11e8-ae4b-70b3d5800004.app-1b9a55c07ae14767a3e291aea3a9add6 of framework 4a223bc8-a527-49ab-8f24-a5941812d416-0000 (marathon) at scheduler-85881496-41c0-403f-8000-d7d5063cc648@172.17.0.2:15101
I0923 06:36:24.000000 2399 master.cpp:6228] Processing ACKNOWLEDGE call for status 021eec8a-106d-4a8c-aa5d-3461080c0f7f for task integration-test-c26535de533b4b94a1c9664602c87ebf.instance-2bb4b4d7-bef8-11e8-ae4b-70b3d5800004.app-c26535de533b4b94a1c9664602c87ebf of framework 4a223bc8-a527-49ab-8f24-a5941812d416-0000 (marathon) at scheduler-85881496-41c0-403f-8000-d7d5063cc648@172.17.0.2:15101 on agent 4a223bc8-a527-49ab-8f24-a5941812d416-S1
I0923 06:36:24.000000 2394 master.cpp:8362] Status update TASK_KILLING (Status UUID: 3dd391b5-78c5-4fb9-8151-833297214eec) for task integration-test-5ed6bfd02b434814a8a2f7dc6081a36c.instance-2bb4b4d6-bef8-11e8-ae4b-70b3d5800004.app-5ed6bfd02b434814a8a2f7dc6081a36c of framework 4a223bc8-a527-49ab-8f24-a5941812d416-0000 from agent 4a223bc8-a527-49ab-8f24-a5941812d416-S2
at slave(1)@172.17.0.3:5051 (172.17.0.3)
I0923 06:36:24.000000 2394 master.cpp:8419] Forwarding status update TASK_KILLING (Status UUID: 3dd391b5-78c5-4fb9-8151-833297214eec) for task integration-test-5ed6bfd02b434814a8a2f7dc6081a36c.instance-2bb4b4d6-bef8-11e8-ae4b-70b3d5800004.app-5ed6bfd02b434814a8a2f7dc6081a36c of framework 4a223bc8-a527-49ab-8f24-a5941812d416-0000
I0923 06:36:24.000000 2394 master.cpp:11872] Notifying all active subscribers about TASK_UPDATED event
I0923 06:36:24.000000 2394 master.cpp:10909] Updating the state of task integration-test-5ed6bfd02b434814a8a2f7dc6081a36c.instance-2bb4b4d6-bef8-11e8-ae4b-70b3d5800004.app-5ed6bfd02b434814a8a2f7dc6081a36c of framework 4a223bc8-a527-49ab-8f24-a5941812d416-0000 (latest state: TASK_KILLING, status update state: TASK_KILLING)
I0923 06:36:24.000000 2402 master.cpp:6228] Processing ACKNOWLEDGE call for status 3dd391b5-78c5-4fb9-8151-833297214eec for task integration-test-5ed6bfd02b434814a8a2f7dc6081a36c.instance-2bb4b4d6-bef8-11e8-ae4b-70b3d5800004.app-5ed6bfd02b434814a8a2f7dc6081a36c of framework 4a223bc8-a527-49ab-8f24-a5941812d416-0000 (marathon) at scheduler-85881496-41c0-403f-8000-d7d5063cc648@172.17.0.2:15101 on agent 4a223bc8-a527-49ab-8f24-a5941812d416-S2
I0923 06:36:24.000000 2401 master.cpp:6024] Processing KILL call for task 'integration-test-394e7f6c413e451591461736d7be4eed.instance-2bb4b4d8-bef8-11e8-ae4b-70b3d5800004.app-394e7f6c413e451591461736d7be4eed' of framework 4a223bc8-a527-49ab-8f24-a5941812d416-0000 (marathon) at scheduler-85881496-41c0-403f-8000-d7d5063cc648@172.17.0.2:15101
I0923 06:36:24.000000 2401 master.cpp:6102] Telling agent 4a223bc8-a527-49ab-8f24-a5941812d416-S2
at slave(1)@172.17.0.3:5051 (172.17.0.3) to kill task integration-test-394e7f6c413e451591461736d7be4eed.instance-2bb4b4d8-bef8-11e8-ae4b-70b3d5800004.app-394e7f6c413e451591461736d7be4eed of framework 4a223bc8-a527-49ab-8f24-a5941812d416-0000 (marathon) at scheduler-85881496-41c0-403f-8000-d7d5063cc648@172.17.0.2:15101
I0923 06:36:24.000000 2405 master.cpp:8362] Status update TASK_KILLED (Status UUID: ca6ebdd4-6384-4c74-aa36-52a669442ecd) for task integration-test-7c9dea335c2443e5859e1822ea8301cf.instance-2bb48dc5-bef8-11e8-ae4b-70b3d5800004.app-7c9dea335c2443e5859e1822ea8301cf of framework 4a223bc8-a527-49ab-8f24-a5941812d416-0000 from agent 4a223bc8-a527-49ab-8f24-a5941812d416-S1
at slave(1)@172.17.0.4:5051 (172.17.0.4)
I0923 06:36:24.000000 2405 master.cpp:8419] Forwarding status update TASK_KILLED (Status UUID: ca6ebdd4-6384-4c74-aa36-52a669442ecd) for task integration-test-7c9dea335c2443e5859e1822ea8301cf.instance-2bb48dc5-bef8-11e8-ae4b-70b3d5800004.app-7c9dea335c2443e5859e1822ea8301cf of framework 4a223bc8-a527-49ab-8f24-a5941812d416-0000
I0923 06:36:24.000000 2405 master.cpp:11872] Notifying all active subscribers about TASK_UPDATED event
I0923 06:36:24.000000 2405 master.cpp:10909] Updating the state of task integration-test-7c9dea335c2443e5859e1822ea8301cf.instance-2bb48dc5-bef8-11e8-ae4b-70b3d5800004.app-7c9dea335c2443e5859e1822ea8301cf of framework 4a223bc8-a527-49ab-8f24-a5941812d416-0000 (latest state: TASK_KILLED, status update state: TASK_KILLED)
I0923 06:36:24.000000 2397 master.cpp:8362] Status update TASK_KILLED (Status UUID: 2fe36d25-13a5-4156-b662-39a4cb797460) for task integration-test-c26535de533b4b94a1c9664602c87ebf.instance-2bb4b4d7-bef8-11e8-ae4b-70b3d5800004.app-c26535de533b4b94a1c9664602c87ebf of framework 4a223bc8-a527-49ab-8f24-a5941812d416-0000 from agent 4a223bc8-a527-49ab-8f24-a5941812d416-S1
at slave(1)@172.17.0.4:5051 (172.17.0.4)
I0923 06:36:24.000000 2397 master.cpp:8419] Forwarding status update TASK_KILLED (Status UUID: 2fe36d25-13a5-4156-b662-39a4cb797460) for task integration-test-c26535de533b4b94a1c9664602c87ebf.instance-2bb4b4d7-bef8-11e8-ae4b-70b3d5800004.app-c26535de533b4b94a1c9664602c87ebf of framework 4a223bc8-a527-49ab-8f24-a5941812d416-0000
I0923 06:36:24.000000 2397 master.cpp:11872] Notifying all active subscribers about TASK_UPDATED event
I0923 06:36:24.000000 2397 master.cpp:10909] Updating the state of task integration-test-c26535de533b4b94a1c9664602c87ebf.instance-2bb4b4d7-bef8-11e8-ae4b-70b3d5800004.app-c26535de533b4b94a1c9664602c87ebf of framework 4a223bc8-a527-49ab-8f24-a5941812d416-0000 (latest state: TASK_KILLED, status update state: TASK_KILLED)
I0923 06:36:24.000000 2399 master.cpp:8362] Status update TASK_KILLING (Status UUID: 3d90b37d-cf1f-4958-b039-37d0a77212b8) for task integration-test-1b9a55c07ae14767a3e291aea3a9add6.instance-2bb4dbe9-bef8-11e8-ae4b-70b3d5800004.app-1b9a55c07ae14767a3e291aea3a9add6 of framework 4a223bc8-a527-49ab-8f24-a5941812d416-0000 from agent 4a223bc8-a527-49ab-8f24-a5941812d416-S2
at slave(1)@172.17.0.3:5051 (172.17.0.3)
I0923 06:36:24.000000 2399 master.cpp:8419] Forwarding status update TASK_KILLING (Status UUID: 3d90b37d-cf1f-4958-b039-37d0a77212b8) for task integration-test-1b9a55c07ae14767a3e291aea3a9add6.instance-2bb4dbe9-bef8-11e8-ae4b-70b3d5800004.app-1b9a55c07ae14767a3e291aea3a9add6 of framework 4a223bc8-a527-49ab-8f24-a5941812d416-0000
I0923 06:36:24.000000 2399 master.cpp:11872] Notifying all active subscribers about TASK_UPDATED event
I0923 06:36:24.000000 2399 master.cpp:10909] Updating the state of task integration-test-1b9a55c07ae14767a3e291aea3a9add6.instance-2bb4dbe9-bef8-11e8-ae4b-70b3d5800004.app-1b9a55c07ae14767a3e291aea3a9add6 of framework 4a223bc8-a527-49ab-8f24-a5941812d416-0000 (latest state: TASK_KILLING, status update state: TASK_KILLING)
I0923 06:36:24.000000 2402 master.cpp:6228] Processing ACKNOWLEDGE call for status ca6ebdd4-6384-4c74-aa36-52a669442ecd for task integration-test-7c9dea335c2443e5859e1822ea8301cf.instance-2bb48dc5-bef8-11e8-ae4b-70b3d5800004.app-7c9dea335c2443e5859e1822ea8301cf of framework 4a223bc8-a527-49ab-8f24-a5941812d416-0000 (marathon) at scheduler-85881496-41c0-403f-8000-d7d5063cc648@172.17.0.2:15101 on agent 4a223bc8-a527-49ab-8f24-a5941812d416-S1
I0923 06:36:24.000000 2402 master.cpp:11007] Removing task integration-test-7c9dea335c2443e5859e1822ea8301cf.instance-2bb48dc5-bef8-11e8-ae4b-70b3d5800004.app-7c9dea335c2443e5859e1822ea8301cf with resources cpus(allocated: slave_public):0.01; mem(allocated: slave_public):32 of framework 4a223bc8-a527-49ab-8f24-a5941812d416-0000 on agent 4a223bc8-a527-49ab-8f24-a5941812d416-S1
at slave(1)@172.17.0.4:5051 (172.17.0.4)
I0923 06:36:24.000000 2401 master.cpp:6228] Processing ACKNOWLEDGE call for status 2fe36d25-13a5-4156-b662-39a4cb797460 for task integration-test-c26535de533b4b94a1c9664602c87ebf.instance-2bb4b4d7-bef8-11e8-ae4b-70b3d5800004.app-c26535de533b4b94a1c9664602c87ebf of framework 4a223bc8-a527-49ab-8f24-a5941812d416-0000 (marathon) at scheduler-85881496-41c0-403f-8000-d7d5063cc648@172.17.0.2:15101 on agent 4a223bc8-a527-49ab-8f24-a5941812d416-S1
I0923 06:36:24.000000 2401 master.cpp:11007] Removing task integration-test-c26535de533b4b94a1c9664602c87ebf.instance-2bb4b4d7-bef8-11e8-ae4b-70b3d5800004.app-c26535de533b4b94a1c9664602c87ebf with resources cpus(allocated: slave_public):0.01; mem(allocated: slave_public):32 of framework 4a223bc8-a527-49ab-8f24-a5941812d416-0000 on agent 4a223bc8-a527-49ab-8f24-a5941812d416-S1
at slave(1)@172.17.0.4:5051 (172.17.0.4)
I0923 06:36:24.000000 2401 master.cpp:8362] Status update TASK_KILLING (Status UUID: 244bdd1d-ba41-4f28-af31-0445013204dc) for task integration-test-394e7f6c413e451591461736d7be4eed.instance-2bb4b4d8-bef8-11e8-ae4b-70b3d5800004.app-394e7f6c413e451591461736d7be4eed of framework 4a223bc8-a527-49ab-8f24-a5941812d416-0000 from agent 4a223bc8-a527-49ab-8f24-a5941812d416-S2
at slave(1)@172.17.0.3:5051 (172.17.0.3)
I0923 06:36:24.000000 2401 master.cpp:8419] Forwarding status update TASK_KILLING (Status UUID: 244bdd1d-ba41-4f28-af31-0445013204dc) for task integration-test-394e7f6c413e451591461736d7be4eed.instance-2bb4b4d8-bef8-11e8-ae4b-70b3d5800004.app-394e7f6c413e451591461736d7be4eed of framework 4a223bc8-a527-49ab-8f24-a5941812d416-0000
I0923 06:36:24.000000 2401 master.cpp:11872] Notifying all active subscribers about TASK_UPDATED event
I0923 06:36:24.000000 2401 master.cpp:10909] Updating the state of task integration-test-394e7f6c413e451591461736d7be4eed.instance-2bb4b4d8-bef8-11e8-ae4b-70b3d5800004.app-394e7f6c413e451591461736d7be4eed of framework 4a223bc8-a527-49ab-8f24-a5941812d416-0000 (latest state: TASK_KILLING, status update state: TASK_KILLING)
I0923 06:36:24.000000 2404 master.cpp:6228] Processing ACKNOWLEDGE call for status 3d90b37d-cf1f-4958-b039-37d0a77212b8 for task integration-test-1b9a55c07ae14767a3e291aea3a9add6.instance-2bb4dbe9-bef8-11e8-ae4b-70b3d5800004.app-1b9a55c07ae14767a3e291aea3a9add6 of framework 4a223bc8-a527-49ab-8f24-a5941812d416-0000 (marathon) at scheduler-85881496-41c0-403f-8000-d7d5063cc648@172.17.0.2:15101 on agent 4a223bc8-a527-49ab-8f24-a5941812d416-S2
I0923 06:36:24.000000 2395 master.cpp:6024] Processing KILL call for task 'integration-test-7405f7b95d5e48a8ae2029f9961e4479.instance-2bb4dbea-bef8-11e8-ae4b-70b3d5800004.app-7405f7b95d5e48a8ae2029f9961e4479' of framework 4a223bc8-a527-49ab-8f24-a5941812d416-0000 (marathon) at scheduler-85881496-41c0-403f-8000-d7d5063cc648@172.17.0.2:15101
I0923 06:36:24.000000 2395 master.cpp:6102] Telling agent 4a223bc8-a527-49ab-8f24-a5941812d416-S2
at slave(1)@172.17.0.3:5051 (172.17.0.3) to kill task integration-test-7405f7b95d5e48a8ae2029f9961e4479.instance-2bb4dbea-bef8-11e8-ae4b-70b3d5800004.app-7405f7b95d5e48a8ae2029f9961e4479 of framework 4a223bc8-a527-49ab-8f24-a5941812d416-0000 (marathon) at scheduler-85881496-41c0-403f-8000-d7d5063cc648@172.17.0.2:15101
I0923 06:36:24.000000 2403 master.cpp:6228] Processing ACKNOWLEDGE call for status 244bdd1d-ba41-4f28-af31-0445013204dc for task integration-test-394e7f6c413e451591461736d7be4eed.instance-2bb4b4d8-bef8-11e8-ae4b-70b3d5800004.app-394e7f6c413e451591461736d7be4eed of framework 4a223bc8-a527-49ab-8f24-a5941812d416-0000 (marathon) at scheduler-85881496-41c0-403f-8000-d7d5063cc648@172.17.0.2:15101 on agent 4a223bc8-a527-49ab-8f24-a5941812d416-S2
I0923 06:36:24.000000 2399 master.cpp:6024] Processing KILL call for task 'integration-test-36e8a684f2af49c6be8f2f64ac9dd843.instance-2bb48dc4-bef8-11e8-ae4b-70b3d5800004.app-36e8a684f2af49c6be8f2f64ac9dd843' of framework 4a223bc8-a527-49ab-8f24-a5941812d416-0000 (marathon) at scheduler-85881496-41c0-403f-8000-d7d5063cc648@172.17.0.2:15101
I0923 06:36:24.000000 2399 master.cpp:6102] Telling agent 4a223bc8-a527-49ab-8f24-a5941812d416-S2
at slave(1)@172.17.0.3:5051 (172.17.0.3) to kill task integration-test-36e8a684f2af49c6be8f2f64ac9dd843.instance-2bb48dc4-bef8-11e8-ae4b-70b3d5800004.app-36e8a684f2af49c6be8f2f64ac9dd843 of framework 4a223bc8-a527-49ab-8f24-a5941812d416-0000 (marathon) at scheduler-85881496-41c0-403f-8000-d7d5063cc648@172.17.0.2:15101
I0923 06:36:24.000000 2402 master.cpp:8362] Status update TASK_KILLING (Status UUID: d249f9b7-3bf0-4a43-8042-e27652dc9c7f) for task integration-test-36e8a684f2af49c6be8f2f64ac9dd843.instance-2bb48dc4-bef8-11e8-ae4b-70b3d5800004.app-36e8a684f2af49c6be8f2f64ac9dd843 of framework 4a223bc8-a527-49ab-8f24-a5941812d416-0000 from agent 4a223bc8-a527-49ab-8f24-a5941812d416-S2
at slave(1)@172.17.0.3:5051 (172.17.0.3)
I0923 06:36:24.000000 2402 master.cpp:8419] Forwarding status update TASK_KILLING (Status UUID: d249f9b7-3bf0-4a43-8042-e27652dc9c7f) for task integration-test-36e8a684f2af49c6be8f2f64ac9dd843.instance-2bb48dc4-bef8-11e8-ae4b-70b3d5800004.app-36e8a684f2af49c6be8f2f64ac9dd843 of framework 4a223bc8-a527-49ab-8f24-a5941812d416-0000
I0923 06:36:24.000000 2402 master.cpp:11872] Notifying all active subscribers about TASK_UPDATED event
I0923 06:36:24.000000 2402 master.cpp:10909] Updating the state of task integration-test-36e8a684f2af49c6be8f2f64ac9dd843.instance-2bb48dc4-bef8-11e8-ae4b-70b3d5800004.app-36e8a684f2af49c6be8f2f64ac9dd843 of framework 4a223bc8-a527-49ab-8f24-a5941812d416-0000 (latest state: TASK_KILLING, status update state: TASK_KILLING)
I0923 06:36:24.000000 2398 master.cpp:8362] Status update TASK_KILLED (Status UUID: b8362e2a-3705-407d-9687-8cb54fb69928) for task integration-test-5ed6bfd02b434814a8a2f7dc6081a36c.instance-2bb4b4d6-bef8-11e8-ae4b-70b3d5800004.app-5ed6bfd02b434814a8a2f7dc6081a36c of framework 4a223bc8-a527-49ab-8f24-a5941812d416-0000 from agent 4a223bc8-a527-49ab-8f24-a5941812d416-S2
at slave(1)@172.17.0.3:5051 (172.17.0.3)
I0923 06:36:24.000000 2398 master.cpp:8419] Forwarding status update TASK_KILLED (Status UUID: b8362e2a-3705-407d-9687-8cb54fb69928) for task integration-test-5ed6bfd02b434814a8a2f7dc6081a36c.instance-2bb4b4d6-bef8-11e8-ae4b-70b3d5800004.app-5ed6bfd02b434814a8a2f7dc6081a36c of framework 4a223bc8-a527-49ab-8f24-a5941812d416-0000
I0923 06:36:24.000000 2398 master.cpp:11872] Notifying all active subscribers about TASK_UPDATED event
I0923 06:36:24.000000 2398 master.cpp:10909] Updating the state of task integration-test-5ed6bfd02b434814a8a2f7dc6081a36c.instance-2bb4b4d6-bef8-11e8-ae4b-70b3d5800004.app-5ed6bfd02b434814a8a2f7dc6081a36c of framework 4a223bc8-a527-49ab-8f24-a5941812d416-0000 (latest state: TASK_KILLED, status update state: TASK_KILLED)
I0923 06:36:24.000000 2405 master.cpp:6228] Processing ACKNOWLEDGE call for status d249f9b7-3bf0-4a43-8042-e27652dc9c7f for task integration-test-36e8a684f2af49c6be8f2f64ac9dd843.instance-2bb48dc4-bef8-11e8-ae4b-70b3d5800004.app-36e8a684f2af49c6be8f2f64ac9dd843 of framework 4a223bc8-a527-49ab-8f24-a5941812d416-0000 (marathon) at scheduler-85881496-41c0-403f-8000-d7d5063cc648@172.17.0.2:15101 on agent 4a223bc8-a527-49ab-8f24-a5941812d416-S2
I0923 06:36:24.000000 2400 master.cpp:6228] Processing ACKNOWLEDGE call for status b8362e2a-3705-407d-9687-8cb54fb69928 for task integration-test-5ed6bfd02b434814a8a2f7dc6081a36c.instance-2bb4b4d6-bef8-11e8-ae4b-70b3d5800004.app-5ed6bfd02b434814a8a2f7dc6081a36c of framework 4a223bc8-a527-49ab-8f24-a5941812d416-0000 (marathon) at scheduler-85881496-41c0-403f-8000-d7d5063cc648@172.17.0.2:15101 on agent 4a223bc8-a527-49ab-8f24-a5941812d416-S2
I0923 06:36:24.000000 2400 master.cpp:11007] Removing task integration-test-5ed6bfd02b434814a8a2f7dc6081a36c.instance-2bb4b4d6-bef8-11e8-ae4b-70b3d5800004.app-5ed6bfd02b434814a8a2f7dc6081a36c with resources cpus(allocated: slave_public):0.01; mem(allocated: slave_public):32 of framework 4a223bc8-a527-49ab-8f24-a5941812d416-0000 on agent 4a223bc8-a527-49ab-8f24-a5941812d416-S2
at slave(1)@172.17.0.3:5051 (172.17.0.3)
I0923 06:36:24.000000 2403 master.cpp:8362] Status update TASK_KILLED (Status UUID: 8abd048c-99b7-4a1a-8bf4-4c949136e9d4) for task integration-test-394e7f6c413e451591461736d7be4eed.instance-2bb4b4d8-bef8-11e8-ae4b-70b3d5800004.app-394e7f6c413e451591461736d7be4eed of framework 4a223bc8-a527-49ab-8f24-a5941812d416-0000 from agent 4a223bc8-a527-49ab-8f24-a5941812d416-S2
at slave(1)@172.17.0.3:5051 (172.17.0.3)
I0923 06:36:24.000000 2403 master.cpp:8419] Forwarding status update TASK_KILLED (Status UUID: 8abd048c-99b7-4a1a-8bf4-4c949136e9d4) for task integration-test-394e7f6c413e451591461736d7be4eed.instance-2bb4b4d8-bef8-11e8-ae4b-70b3d5800004.app-394e7f6c413e451591461736d7be4eed of framework 4a223bc8-a527-49ab-8f24-a5941812d416-0000
I0923 06:36:24.000000 2403 master.cpp:11872] Notifying all active subscribers about TASK_UPDATED event
I0923 06:36:24.000000 2403 master.cpp:10909] Updating the state of task integration-test-394e7f6c413e451591461736d7be4eed.instance-2bb4b4d8-bef8-11e8-ae4b-70b3d5800004.app-394e7f6c413e451591461736d7be4eed of framework 4a223bc8-a527-49ab-8f24-a5941812d416-0000 (latest state: TASK_KILLED, status update state: TASK_KILLED)
I0923 06:36:24.000000 2403 master.cpp:8362] Status update TASK_KILLED (Status UUID: 81b59c59-b02a-4748-b9ea-6be7119f55b9) for task integration-test-1b9a55c07ae14767a3e291aea3a9add6.instance-2bb4dbe9-bef8-11e8-ae4b-70b3d5800004.app-1b9a55c07ae14767a3e291aea3a9add6 of framework 4a223bc8-a527-49ab-8f24-a5941812d416-0000 from agent 4a223bc8-a527-49ab-8f24-a5941812d416-S2
at slave(1)@172.17.0.3:5051 (172.17.0.3)
I0923 06:36:24.000000 2403 master.cpp:8419] Forwarding status update TASK_KILLED (Status UUID: 81b59c59-b02a-4748-b9ea-6be7119f55b9) for task integration-test-1b9a55c07ae14767a3e291aea3a9add6.instance-2bb4dbe9-bef8-11e8-ae4b-70b3d5800004.app-1b9a55c07ae14767a3e291aea3a9add6 of framework 4a223bc8-a527-49ab-8f24-a5941812d416-0000
I0923 06:36:24.000000 2403 master.cpp:11872] Notifying all active subscribers about TASK_UPDATED event
I0923 06:36:24.000000 2403 master.cpp:10909] Updating the state of task integration-test-1b9a55c07ae14767a3e291aea3a9add6.instance-2bb4dbe9-bef8-11e8-ae4b-70b3d5800004.app-1b9a55c07ae14767a3e291aea3a9add6 of framework 4a223bc8-a527-49ab-8f24-a5941812d416-0000 (latest state: TASK_KILLED, status update state: TASK_KILLED)
I0923 06:36:24.000000 2402 master.cpp:8362] Status update TASK_KILLING (Status UUID: 7bf197a7-766a-4d21-94cc-963c3953af58) for task integration-test-7405f7b95d5e48a8ae2029f9961e4479.instance-2bb4dbea-bef8-11e8-ae4b-70b3d5800004.app-7405f7b95d5e48a8ae2029f9961e4479 of framework 4a223bc8-a527-49ab-8f24-a5941812d416-0000 from agent 4a223bc8-a527-49ab-8f24-a5941812d416-S2
at slave(1)@172.17.0.3:5051 (172.17.0.3)
I0923 06:36:24.000000 2402 master.cpp:8419] Forwarding status update TASK_KILLING (Status UUID: 7bf197a7-766a-4d21-94cc-963c3953af58) for task integration-test-7405f7b95d5e48a8ae2029f9961e4479.instance-2bb4dbea-bef8-11e8-ae4b-70b3d5800004.app-7405f7b95d5e48a8ae2029f9961e4479 of framework 4a223bc8-a527-49ab-8f24-a5941812d416-0000
I0923 06:36:24.000000 2402 master.cpp:11872] Notifying all active subscribers about TASK_UPDATED event
I0923 06:36:24.000000 2402 master.cpp:10909] Updating the state of task integration-test-7405f7b95d5e48a8ae2029f9961e4479.instance-2bb4dbea-bef8-11e8-ae4b-70b3d5800004.app-7405f7b95d5e48a8ae2029f9961e4479 of framework 4a223bc8-a527-49ab-8f24-a5941812d416-0000 (latest state: TASK_KILLING, status update state: TASK_KILLING)
I0923 06:36:24.000000 2393 master.cpp:6228] Processing ACKNOWLEDGE call for status 8abd048c-99b7-4a1a-8bf4-4c949136e9d4 for task integration-test-394e7f6c413e451591461736d7be4eed.instance-2bb4b4d8-bef8-11e8-ae4b-70b3d5800004.app-394e7f6c413e451591461736d7be4eed of framework 4a223bc8-a527-49ab-8f24-a5941812d416-0000 (marathon) at scheduler-85881496-41c0-403f-8000-d7d5063cc648@172.17.0.2:15101 on agent 4a223bc8-a527-49ab-8f24-a5941812d416-S2
I0923 06:36:24.000000 2393 master.cpp:11007] Removing task integration-test-394e7f6c413e451591461736d7be4eed.instance-2bb4b4d8-bef8-11e8-ae4b-70b3d5800004.app-394e7f6c413e451591461736d7be4eed with resources cpus(allocated: slave_public):0.01; mem(allocated: slave_public):32 of framework 4a223bc8-a527-49ab-8f24-a5941812d416-0000 on agent 4a223bc8-a527-49ab-8f24-a5941812d416-S2
at slave(1)@172.17.0.3:5051 (172.17.0.3)
I0923 06:36:24.000000 2408 master.cpp:6228] Processing ACKNOWLEDGE call for status 81b59c59-b02a-4748-b9ea-6be7119f55b9 for task integration-test-1b9a55c07ae14767a3e291aea3a9add6.instance-2bb4dbe9-bef8-11e8-ae4b-70b3d5800004.app-1b9a55c07ae14767a3e291aea3a9add6 of framework 4a223bc8-a527-49ab-8f24-a5941812d416-0000 (marathon) at scheduler-85881496-41c0-403f-8000-d7d5063cc648@172.17.0.2:15101 on agent 4a223bc8-a527-49ab-8f24-a5941812d416-S2
I0923 06:36:24.000000 2408 master.cpp:11007] Removing task integration-test-1b9a55c07ae14767a3e291aea3a9add6.instance-2bb4dbe9-bef8-11e8-ae4b-70b3d5800004.app-1b9a55c07ae14767a3e291aea3a9add6 with resources cpus(allocated: slave_public):0.01; mem(allocated: slave_public):32 of framework 4a223bc8-a527-49ab-8f24-a5941812d416-0000 on agent 4a223bc8-a527-49ab-8f24-a5941812d416-S2
at slave(1)@172.17.0.3:5051 (172.17.0.3)
I0923 06:36:24.000000 2405 master.cpp:6228] Processing ACKNOWLEDGE call for status 7bf197a7-766a-4d21-94cc-963c3953af58 for task integration-test-7405f7b95d5e48a8ae2029f9961e4479.instance-2bb4dbea-bef8-11e8-ae4b-70b3d5800004.app-7405f7b95d5e48a8ae2029f9961e4479 of framework 4a223bc8-a527-49ab-8f24-a5941812d416-0000 (marathon) at scheduler-85881496-41c0-403f-8000-d7d5063cc648@172.17.0.2:15101 on agent 4a223bc8-a527-49ab-8f24-a5941812d416-S2
I0923 06:36:24.000000 2395 master.cpp:8362] Status update TASK_KILLED (Status UUID: 744b02cc-2984-4ddc-8ba0-baa75169ed91) for task integration-test-7405f7b95d5e48a8ae2029f9961e4479.instance-2bb4dbea-bef8-11e8-ae4b-70b3d5800004.app-7405f7b95d5e48a8ae2029f9961e4479 of framework 4a223bc8-a527-49ab-8f24-a5941812d416-0000 from agent 4a223bc8-a527-49ab-8f24-a5941812d416-S2
at slave(1)@172.17.0.3:5051 (172.17.0.3)
I0923 06:36:24.000000 2395 master.cpp:8419] Forwarding status update TASK_KILLED (Status UUID: 744b02cc-2984-4ddc-8ba0-baa75169ed91) for task integration-test-7405f7b95d5e48a8ae2029f9961e4479.instance-2bb4dbea-bef8-11e8-ae4b-70b3d5800004.app-7405f7b95d5e48a8ae2029f9961e4479 of framework 4a223bc8-a527-49ab-8f24-a5941812d416-0000
I0923 06:36:24.000000 2395 master.cpp:11872] Notifying all active subscribers about TASK_UPDATED event
I0923 06:36:24.000000 2395 master.cpp:10909] Updating the state of task integration-test-7405f7b95d5e48a8ae2029f9961e4479.instance-2bb4dbea-bef8-11e8-ae4b-70b3d5800004.app-7405f7b95d5e48a8ae2029f9961e4479 of framework 4a223bc8-a527-49ab-8f24-a5941812d416-0000 (latest state: TASK_KILLED, status update state: TASK_KILLED)
I0923 06:36:24.000000 2394 master.cpp:8362] Status update TASK_KILLED (Status UUID: f31470bb-a6b8-4786-a716-ef61c8f80990) for task integration-test-36e8a684f2af49c6be8f2f64ac9dd843.instance-2bb48dc4-bef8-11e8-ae4b-70b3d5800004.app-36e8a684f2af49c6be8f2f64ac9dd843 of framework 4a223bc8-a527-49ab-8f24-a5941812d416-0000 from agent 4a223bc8-a527-49ab-8f24-a5941812d416-S2
at slave(1)@172.17.0.3:5051 (172.17.0.3)
I0923 06:36:24.000000 2394 master.cpp:8419] Forwarding status update TASK_KILLED (Status UUID: f31470bb-a6b8-4786-a716-ef61c8f80990) for task integration-test-36e8a684f2af49c6be8f2f64ac9dd843.instance-2bb48dc4-bef8-11e8-ae4b-70b3d5800004.app-36e8a684f2af49c6be8f2f64ac9dd843 of framework 4a223bc8-a527-49ab-8f24-a5941812d416-0000
I0923 06:36:24.000000 2394 master.cpp:11872] Notifying all active subscribers about TASK_UPDATED event
I0923 06:36:24.000000 2394 master.cpp:10909] Updating the state of task integration-test-36e8a684f2af49c6be8f2f64ac9dd843.instance-2bb48dc4-bef8-11e8-ae4b-70b3d5800004.app-36e8a684f2af49c6be8f2f64ac9dd843 of framework 4a223bc8-a527-49ab-8f24-a5941812d416-0000 (latest state: TASK_KILLED, status update state: TASK_KILLED)
I0923 06:36:24.000000 2396 master.cpp:6228] Processing ACKNOWLEDGE call for status 744b02cc-2984-4ddc-8ba0-baa75169ed91 for task integration-test-7405f7b95d5e48a8ae2029f9961e4479.instance-2bb4dbea-bef8-11e8-ae4b-70b3d5800004.app-7405f7b95d5e48a8ae2029f9961e4479 of framework 4a223bc8-a527-49ab-8f24-a5941812d416-0000 (marathon) at scheduler-85881496-41c0-403f-8000-d7d5063cc648@172.17.0.2:15101 on agent 4a223bc8-a527-49ab-8f24-a5941812d416-S2
I0923 06:36:24.000000 2396 master.cpp:11007] Removing task integration-test-7405f7b95d5e48a8ae2029f9961e4479.instance-2bb4dbea-bef8-11e8-ae4b-70b3d5800004.app-7405f7b95d5e48a8ae2029f9961e4479 with resources cpus(allocated: slave_public):0.01; mem(allocated: slave_public):32 of framework 4a223bc8-a527-49ab-8f24-a5941812d416-0000 on agent 4a223bc8-a527-49ab-8f24-a5941812d416-S2
at slave(1)@172.17.0.3:5051 (172.17.0.3)
I0923 06:36:24.000000 2408 master.cpp:6228] Processing ACKNOWLEDGE call for status f31470bb-a6b8-4786-a716-ef61c8f80990 for task integration-test-36e8a684f2af49c6be8f2f64ac9dd843.instance-2bb48dc4-bef8-11e8-ae4b-70b3d5800004.app-36e8a684f2af49c6be8f2f64ac9dd843 of framework 4a223bc8-a527-49ab-8f24-a5941812d416-0000 (marathon) at scheduler-85881496-41c0-403f-8000-d7d5063cc648@172.17.0.2:15101 on agent 4a223bc8-a527-49ab-8f24-a5941812d416-S2
I0923 06:36:24.000000 2408 master.cpp:11007] Removing task integration-test-36e8a684f2af49c6be8f2f64ac9dd843.instance-2bb48dc4-bef8-11e8-ae4b-70b3d5800004.app-36e8a684f2af49c6be8f2f64ac9dd843 with resources cpus(allocated: slave_public):0.01; mem(allocated: slave_public):32 of framework 4a223bc8-a527-49ab-8f24-a5941812d416-0000 on agent 4a223bc8-a527-49ab-8f24-a5941812d416-S2
at slave(1)@172.17.0.3:5051 (172.17.0.3)
I0923 06:36:24.000000 2405 master.cpp:9434] Sending offer 4a223bc8-a527-49ab-8f24-a5941812d416-O37031 containing resources ports(allocated: *):[1025-2180, 2182-3887, 3889-5049, 5052-8079, 8082-8180, 8182-32000]; disk(allocated: *):93296; cpus(allocated: *):3.8; mem(allocated: *):14541 on agent 4a223bc8-a527-49ab-8f24-a5941812d416-S1
at slave(1)@172.17.0.4:5051 (172.17.0.4) to framework 4a223bc8-a527-49ab-8f24-a5941812d416-0001 (metronome) at scheduler-ca9601af-122f-4941-a1c3-58649859f536@172.17.0.2:15201
