I0923 06:45:49.000000 2394 http.cpp:1117] HTTP GET for /master/state.json from 172.17.0.2:44118 with User-Agent='Mesos-DNS'
I0923 06:45:51.000000 2404 http.cpp:1117] HTTP GET for /master/state-summary from 172.17.0.2:44124 with User-Agent='python-requests/2.18.4'
I0923 06:45:52.000000 2399 master.hpp:418] Sending heartbeat to subscriber f7d1785c-628b-4508-ae3b-4c0b47e55f2c
I0923 06:45:53.000000 2403 http.cpp:1117] HTTP GET for /master/state-summary from 172.17.0.2:44130 with User-Agent='python-requests/2.18.4'
I0923 06:45:53.000000 2398 http.cpp:1117] HTTP GET for /master/state-summary from 172.17.0.2:44132 with User-Agent='Master Admin Router'
I0923 06:45:55.000000 2397 http.cpp:1117] HTTP GET for /master/state-summary from 172.17.0.2:44142 with User-Agent='python-requests/2.18.4'
I0923 06:45:57.000000 2404 http.cpp:1117] HTTP GET for /master/state-summary from 172.17.0.2:44148 with User-Agent='python-requests/2.18.4'
I0923 06:45:59.000000 2408 http.cpp:1117] HTTP GET for /master/state-summary from 172.17.0.2:44154 with User-Agent='python-requests/2.18.4'
I0923 06:46:00.000000 2406 master.cpp:8955] Performing explicit task state reconciliation for 1 tasks of framework 4a223bc8-a527-49ab-8f24-a5941812d416-0000 (marathon) at scheduler-85881496-41c0-403f-8000-d7d5063cc648@172.17.0.2:15101
I0923 06:46:00.000000 2406 master.cpp:9116] Sending explicit reconciliation state TASK_UNKNOWN for task fake-marathon-pacemaker-task-7bfdac33-6b10-4496-b639-4dfb05116145 of framework 4a223bc8-a527-49ab-8f24-a5941812d416-0000 (marathon) at scheduler-85881496-41c0-403f-8000-d7d5063cc648@172.17.0.2:15101
I0923 06:46:01.000000 2408 http.cpp:1117] HTTP GET for /master/state-summary from 172.17.0.2:44160 with User-Agent='python-requests/2.18.4'
I0923 06:46:03.000000 2408 http.cpp:1117] HTTP GET for /master/state-summary from 172.17.0.2:44166 with User-Agent='python-requests/2.18.4'
I0923 06:46:05.000000 2404 http.cpp:1117] HTTP GET for /master/state-summary from 172.17.0.2:44192 with User-Agent='python-requests/2.18.4'
I0923 06:46:07.000000 2400 master.hpp:418] Sending heartbeat to subscriber f7d1785c-628b-4508-ae3b-4c0b47e55f2c
I0923 06:46:07.000000 2394 http.cpp:1117] HTTP GET for /master/state-summary from 172.17.0.2:44198 with User-Agent='python-requests/2.18.4'
I0923 06:46:09.000000 2403 http.cpp:1117] HTTP GET for /master/state-summary from 172.17.0.2:44204 with User-Agent='python-requests/2.18.4'
I0923 06:46:11.000000 2407 http.cpp:1117] HTTP GET for /master/state-summary from 172.17.0.2:44210 with User-Agent='python-requests/2.18.4'
I0923 06:46:13.000000 2400 http.cpp:1117] HTTP GET for /master/state-summary from 172.17.0.2:44216 with User-Agent='python-requests/2.18.4'
I0923 06:46:14.000000 2407 http.cpp:1117] HTTP GET for /master/slaves from 172.17.0.2:47748 with User-Agent='Go-http-client/1.1'
I0923 06:46:15.000000 2403 master.cpp:8955] Performing explicit task state reconciliation for 1 tasks of framework 4a223bc8-a527-49ab-8f24-a5941812d416-0000 (marathon) at scheduler-85881496-41c0-403f-8000-d7d5063cc648@172.17.0.2:15101
I0923 06:46:15.000000 2403 master.cpp:9116] Sending explicit reconciliation state TASK_UNKNOWN for task fake-marathon-pacemaker-task-7bfdac33-6b10-4496-b639-4dfb05116145 of framework 4a223bc8-a527-49ab-8f24-a5941812d416-0000 (marathon) at scheduler-85881496-41c0-403f-8000-d7d5063cc648@172.17.0.2:15101
I0923 06:46:15.000000 2402 http.cpp:1117] HTTP GET for /master/state-summary from 172.17.0.2:44224 with User-Agent='python-requests/2.18.4'
I0923 06:46:17.000000 2402 http.cpp:1117] HTTP GET for /master/state-summary from 172.17.0.2:44230 with User-Agent='python-requests/2.18.4'
I0923 06:46:18.000000 2407 http.cpp:1117] HTTP GET for /master/state-summary from 172.17.0.2:44232 with User-Agent='Master Admin Router'
I0923 06:46:19.000000 2403 http.cpp:1117] HTTP GET for /master/state-summary from 172.17.0.2:44242 with User-Agent='python-requests/2.18.4'
I0923 06:46:19.000000 2394 http.cpp:1117] HTTP GET for /master/state.json from 172.17.0.2:44244 with User-Agent='Mesos-DNS'
I0923 06:46:21.000000 2404 http.cpp:1117] HTTP GET for /master/state-summary from 172.17.0.2:44250 with User-Agent='python-requests/2.18.4'
I0923 06:46:22.000000 2400 master.hpp:418] Sending heartbeat to subscriber f7d1785c-628b-4508-ae3b-4c0b47e55f2c
I0923 06:46:23.000000 2396 http.cpp:1117] HTTP GET for /master/state-summary from 172.17.0.2:44256 with User-Agent='python-requests/2.18.4'
I0923 06:46:25.000000 2408 http.cpp:1117] HTTP GET for /master/state-summary from 172.17.0.2:44262 with User-Agent='python-requests/2.18.4'
I0923 06:46:27.000000 2393 master.cpp:9434] Sending offer 4a223bc8-a527-49ab-8f24-a5941812d416-O37051 containing resources ports(allocated: *):[1025-2180, 2182-2205, 2207-3887, 3889-4229, 4231-5049, 5052-6544, 6546-7828, 7830-8079, 8082-8180, 8182-10347, 10349-18147, 18149-21704, 21706-21883, 21885-23527, 23529-23534, 23536-24355, 24357-24899, 24901-25475, 25477-26217, 26219-26512, 26514-27302, 27304-32000]; disk(allocated: *):92933; cpus(allocated: *):0.6; mem(allocated: *):13517 on agent 4a223bc8-a527-49ab-8f24-a5941812d416-S2
at slave(1)@172.17.0.3:5051 (172.17.0.3) to framework 4a223bc8-a527-49ab-8f24-a5941812d416-0001 (metronome) at scheduler-ca9601af-122f-4941-a1c3-58649859f536@172.17.0.2:15201
I0923 06:46:27.000000 2393 master.cpp:9445] Sending offers [ 4a223bc8-a527-49ab-8f24-a5941812d416-O37051 ] to framework 4a223bc8-a527-49ab-8f24-a5941812d416-0001 (metronome) at scheduler-ca9601af-122f-4941-a1c3-58649859f536@172.17.0.2:15201
I0923 06:46:27.000000 2393 master.cpp:9434] Sending offer 4a223bc8-a527-49ab-8f24-a5941812d416-O37052 containing resources ports(allocated: slave_public):[1025-2180, 2182-3887, 3889-5049, 5052-8079, 8082-8180, 8182-32000]; disk(allocated: slave_public):93316; cpus(allocated: slave_public):4; mem(allocated: slave_public):14605 on agent 4a223bc8-a527-49ab-8f24-a5941812d416-S1
at slave(1)@172.17.0.4:5051 (172.17.0.4) to framework 4a223bc8-a527-49ab-8f24-a5941812d416-0000 (marathon) at scheduler-85881496-41c0-403f-8000-d7d5063cc648@172.17.0.2:15101
I0923 06:46:27.000000 2393 master.cpp:9445] Sending offers [ 4a223bc8-a527-49ab-8f24-a5941812d416-O37052 ] to framework 4a223bc8-a527-49ab-8f24-a5941812d416-0000 (marathon) at scheduler-85881496-41c0-403f-8000-d7d5063cc648@172.17.0.2:15101
I0923 06:46:27.000000 2394 master.cpp:5837] Processing DECLINE call for offers: [ 4a223bc8-a527-49ab-8f24-a5941812d416-O37051 ] for framework 4a223bc8-a527-49ab-8f24-a5941812d416-0001 (metronome) at scheduler-ca9601af-122f-4941-a1c3-58649859f536@172.17.0.2:15201
I0923 06:46:27.000000 2394 master.cpp:11439] Removing offer 4a223bc8-a527-49ab-8f24-a5941812d416-O37051
I0923 06:46:27.000000 2394 master.cpp:5837] Processing DECLINE call for offers: [ 4a223bc8-a527-49ab-8f24-a5941812d416-O37052 ] for framework 4a223bc8-a527-49ab-8f24-a5941812d416-0000 (marathon) at scheduler-85881496-41c0-403f-8000-d7d5063cc648@172.17.0.2:15101
I0923 06:46:27.000000 2394 master.cpp:11439] Removing offer 4a223bc8-a527-49ab-8f24-a5941812d416-O37052
I0923 06:46:27.000000 2400 http.cpp:1117] HTTP GET for /master/state-summary from 172.17.0.2:44268 with User-Agent='python-requests/2.18.4'
I0923 06:46:28.000000 2405 master.cpp:9434] Sending offer 4a223bc8-a527-49ab-8f24-a5941812d416-O37053 containing resources ports(allocated: *):[1025-2180, 2182-3887, 3889-5049, 5052-8079, 8082-8180, 8182-32000]; disk(allocated: *):93316; cpus(allocated: *):4; mem(allocated: *):14605 on agent 4a223bc8-a527-49ab-8f24-a5941812d416-S1
at slave(1)@172.17.0.4:5051 (172.17.0.4) to framework 4a223bc8-a527-49ab-8f24-a5941812d416-0001 (metronome) at scheduler-ca9601af-122f-4941-a1c3-58649859f536@172.17.0.2:15201
I0923 06:46:28.000000 2405 master.cpp:9445] Sending offers [ 4a223bc8-a527-49ab-8f24-a5941812d416-O37053 ] to framework 4a223bc8-a527-49ab-8f24-a5941812d416-0001 (metronome) at scheduler-ca9601af-122f-4941-a1c3-58649859f536@172.17.0.2:15201
I0923 06:46:28.000000 2405 master.cpp:9434] Sending offer 4a223bc8-a527-49ab-8f24-a5941812d416-O37054 containing resources ports(allocated: slave_public):[1025-2180, 2182-2205, 2207-3887, 3889-4229, 4231-5049, 5052-6544, 6546-7828, 7830-8079, 8082-8180, 8182-10347, 10349-18147, 18149-21704, 21706-21883, 21885-23527, 23529-23534, 23536-24355, 24357-24899, 24901-25475, 25477-26217, 26219-26512, 26514-27302, 27304-32000]; disk(allocated: slave_public):92933; cpus(allocated: slave_public):0.6; mem(allocated: slave_public):13517 on agent 4a223bc8-a527-49ab-8f24-a5941812d416-S2
at slave(1)@172.17.0.3:5051 (172.17.0.3) to framework 4a223bc8-a527-49ab-8f24-a5941812d416-0000 (marathon) at scheduler-85881496-41c0-403f-8000-d7d5063cc648@172.17.0.2:15101
I0923 06:46:28.000000 2405 master.cpp:9445] Sending offers [ 4a223bc8-a527-49ab-8f24-a5941812d416-O37054 ] to framework 4a223bc8-a527-49ab-8f24-a5941812d416-0000 (marathon) at scheduler-85881496-41c0-403f-8000-d7d5063cc648@172.17.0.2:15101
I0923 06:46:28.000000 2404 master.cpp:5837] Processing DECLINE call for offers: [ 4a223bc8-a527-49ab-8f24-a5941812d416-O37054 ] for framework 4a223bc8-a527-49ab-8f24-a5941812d416-0000 (marathon) at scheduler-85881496-41c0-403f-8000-d7d5063cc648@172.17.0.2:15101
I0923 06:46:28.000000 2404 master.cpp:11439] Removing offer 4a223bc8-a527-49ab-8f24-a5941812d416-O37054
I0923 06:46:28.000000 2397 master.cpp:5837] Processing DECLINE call for offers: [ 4a223bc8-a527-49ab-8f24-a5941812d416-O37053 ] for framework 4a223bc8-a527-49ab-8f24-a5941812d416-0001 (metronome) at scheduler-ca9601af-122f-4941-a1c3-58649859f536@172.17.0.2:15201
I0923 06:46:28.000000 2397 master.cpp:11439] Removing offer 4a223bc8-a527-49ab-8f24-a5941812d416-O37053
I0923 06:46:29.000000 2398 http.cpp:1117] HTTP GET for /master/state-summary from 172.17.0.2:44274 with User-Agent='python-requests/2.18.4'
I0923 06:46:30.000000 2403 master.cpp:9434] Sending offer 4a223bc8-a527-49ab-8f24-a5941812d416-O37055 containing resources ports(allocated: slave_public)(reservations: [(STATIC,slave_public)]):[1-21, 23-5050, 5052-32000]; disk(allocated: slave_public)(reservations: [(STATIC,slave_public)]):93316; cpus(allocated: slave_public)(reservations: [(STATIC,slave_public)]):4; mem(allocated: slave_public)(reservations: [(STATIC,slave_public)]):14605 on agent 4a223bc8-a527-49ab-8f24-a5941812d416-S0
at slave(1)@172.17.0.5:5051 (172.17.0.5) to framework 4a223bc8-a527-49ab-8f24-a5941812d416-0000 (marathon) at scheduler-85881496-41c0-403f-8000-d7d5063cc648@172.17.0.2:15101
I0923 06:46:30.000000 2403 master.cpp:9445] Sending offers [ 4a223bc8-a527-49ab-8f24-a5941812d416-O37055 ] to framework 4a223bc8-a527-49ab-8f24-a5941812d416-0000 (marathon) at scheduler-85881496-41c0-403f-8000-d7d5063cc648@172.17.0.2:15101
I0923 06:46:30.000000 2402 master.cpp:5837] Processing DECLINE call for offers: [ 4a223bc8-a527-49ab-8f24-a5941812d416-O37055 ] for framework 4a223bc8-a527-49ab-8f24-a5941812d416-0000 (marathon) at scheduler-85881496-41c0-403f-8000-d7d5063cc648@172.17.0.2:15101
I0923 06:46:30.000000 2402 master.cpp:11439] Removing offer 4a223bc8-a527-49ab-8f24-a5941812d416-O37055
I0923 06:46:31.000000 2405 http.cpp:1117] HTTP GET for /master/state-summary from 172.17.0.2:44280 with User-Agent='python-requests/2.18.4'
I0923 06:46:33.000000 2393 http.cpp:1117] HTTP GET for /master/state-summary from 172.17.0.2:44286 with User-Agent='python-requests/2.18.4'
I0923 06:46:35.000000 2393 http.cpp:1117] HTTP GET for /master/state-summary from 172.17.0.2:44292 with User-Agent='python-requests/2.18.4'
I0923 06:46:37.000000 2407 master.hpp:418] Sending heartbeat to subscriber f7d1785c-628b-4508-ae3b-4c0b47e55f2c
I0923 06:46:37.000000 2407 http.cpp:1117] HTTP GET for /master/state-summary from 172.17.0.2:44298 with User-Agent='python-requests/2.18.4'
I0923 06:46:39.000000 2408 http.cpp:1117] HTTP GET for /master/state-summary from 172.17.0.2:44304 with User-Agent='python-requests/2.18.4'
I0923 06:46:41.000000 2406 master.cpp:8889] Performing implicit task state reconciliation for framework 4a223bc8-a527-49ab-8f24-a5941812d416-0001 (metronome) at scheduler-ca9601af-122f-4941-a1c3-58649859f536@172.17.0.2:15201
I0923 06:46:41.000000 2408 http.cpp:1117] HTTP GET for /master/state-summary from 172.17.0.2:44310 with User-Agent='python-requests/2.18.4'
I0923 06:46:43.000000 2402 http.cpp:1117] HTTP GET for /master/state-summary from 172.17.0.2:44316 with User-Agent='python-requests/2.18.4'
I0923 06:46:43.000000 2396 http.cpp:1117] HTTP GET for /master/state-summary from 172.17.0.2:44318 with User-Agent='Master Admin Router'
I0923 06:46:45.000000 2395 master.cpp:8955] Performing explicit task state reconciliation for 1 tasks of framework 4a223bc8-a527-49ab-8f24-a5941812d416-0000 (marathon) at scheduler-85881496-41c0-403f-8000-d7d5063cc648@172.17.0.2:15101
I0923 06:46:45.000000 2395 master.cpp:9116] Sending explicit reconciliation state TASK_UNKNOWN for task fake-marathon-pacemaker-task-7bfdac33-6b10-4496-b639-4dfb05116145 of framework 4a223bc8-a527-49ab-8f24-a5941812d416-0000 (marathon) at scheduler-85881496-41c0-403f-8000-d7d5063cc648@172.17.0.2:15101
I0923 06:46:45.000000 2403 http.cpp:1117] HTTP GET for /master/state-summary from 172.17.0.2:44328 with User-Agent='python-requests/2.18.4'
I0923 06:46:47.000000 2394 http.cpp:1117] HTTP GET for /master/state-summary from 172.17.0.2:44334 with User-Agent='python-requests/2.18.4'
I0923 06:46:49.000000 2404 http.cpp:1117] HTTP GET for /master/state.json from 172.17.0.2:44340 with User-Agent='Mesos-DNS'
I0923 06:46:49.000000 2401 http.cpp:1117] HTTP GET for /master/state-summary from 172.17.0.2:44342 with User-Agent='python-requests/2.18.4'
I0923 06:46:51.000000 2405 http.cpp:1117] HTTP GET for /master/state-summary from 172.17.0.2:44348 with User-Agent='python-requests/2.18.4'
I0923 06:46:52.000000 2400 master.hpp:418] Sending heartbeat to subscriber f7d1785c-628b-4508-ae3b-4c0b47e55f2c
I0923 06:46:53.000000 2405 http.cpp:1117] HTTP GET for /master/state-summary from 172.17.0.2:44354 with User-Agent='python-requests/2.18.4'
I0923 06:46:55.000000 2405 http.cpp:1117] HTTP GET for /master/state-summary from 172.17.0.2:44360 with User-Agent='python-requests/2.18.4'
I0923 06:46:57.000000 2406 http.cpp:1117] HTTP GET for /master/state-summary from 172.17.0.2:44366 with User-Agent='python-requests/2.18.4'
I0923 06:46:59.000000 2404 http.cpp:1117] HTTP GET for /master/state-summary from 172.17.0.2:44372 with User-Agent='python-requests/2.18.4'
I0923 06:47:00.000000 2402 master.cpp:8955] Performing explicit task state reconciliation for 1 tasks of framework 4a223bc8-a527-49ab-8f24-a5941812d416-0000 (marathon) at scheduler-85881496-41c0-403f-8000-d7d5063cc648@172.17.0.2:15101
I0923 06:47:00.000000 2402 master.cpp:9116] Sending explicit reconciliation state TASK_UNKNOWN for task fake-marathon-pacemaker-task-7bfdac33-6b10-4496-b639-4dfb05116145 of framework 4a223bc8-a527-49ab-8f24-a5941812d416-0000 (marathon) at scheduler-85881496-41c0-403f-8000-d7d5063cc648@172.17.0.2:15101
I0923 06:47:01.000000 2404 http.cpp:1117] HTTP GET for /master/state-summary from 172.17.0.2:44378 with User-Agent='python-requests/2.18.4'
I0923 06:47:03.000000 2406 http.cpp:1117] HTTP GET for /master/state-summary from 172.17.0.2:44390 with User-Agent='python-requests/2.18.4'
I0923 06:47:05.000000 2403 http.cpp:1117] HTTP GET for /master/state-summary from 172.17.0.2:44408 with User-Agent='python-requests/2.18.4'
I0923 06:47:07.000000 2400 master.hpp:418] Sending heartbeat to subscriber f7d1785c-628b-4508-ae3b-4c0b47e55f2c
I0923 06:47:07.000000 2396 http.cpp:1117] HTTP GET for /master/state-summary from 172.17.0.2:44414 with User-Agent='python-requests/2.18.4'
I0923 06:47:08.000000 2397 http.cpp:1117] HTTP GET for /master/state-summary from 172.17.0.2:44416 with User-Agent='Master Admin Router'
I0923 06:47:09.000000 2403 http.cpp:1117] HTTP GET for /master/state-summary from 172.17.0.2:44426 with User-Agent='python-requests/2.18.4'
I0923 06:47:11.000000 2403 http.cpp:1117] HTTP GET for /master/state-summary from 172.17.0.2:44432 with User-Agent='python-requests/2.18.4'
I0923 06:47:13.000000 2408 http.cpp:1117] HTTP GET for /master/state-summary from 172.17.0.2:44438 with User-Agent='python-requests/2.18.4'
I0923 06:47:14.000000 2398 http.cpp:1117] HTTP GET for /master/slaves from 172.17.0.2:47748 with User-Agent='Go-http-client/1.1'
I0923 06:47:15.000000 2405 master.cpp:8955] Performing explicit task state reconciliation for 1 tasks of framework 4a223bc8-a527-49ab-8f24-a5941812d416-0000 (marathon) at scheduler-85881496-41c0-403f-8000-d7d5063cc648@172.17.0.2:15101
I0923 06:47:15.000000 2405 master.cpp:9116] Sending explicit reconciliation state TASK_UNKNOWN for task fake-marathon-pacemaker-task-7bfdac33-6b10-4496-b639-4dfb05116145 of framework 4a223bc8-a527-49ab-8f24-a5941812d416-0000 (marathon) at scheduler-85881496-41c0-403f-8000-d7d5063cc648@172.17.0.2:15101
I0923 06:47:15.000000 2395 http.cpp:1117] HTTP GET for /master/state-summary from 172.17.0.2:44446 with User-Agent='python-requests/2.18.4'
I0923 06:47:17.000000 2408 master.cpp:1857] Skipping periodic registry garbage collection: no agents qualify for removal
I0923 06:47:17.000000 2395 http.cpp:1117] HTTP GET for /master/state-summary from 172.17.0.2:44452 with User-Agent='python-requests/2.18.4'
I0923 06:47:19.000000 2399 http.cpp:1117] HTTP GET for /master/state.json from 172.17.0.2:44458 with User-Agent='Mesos-DNS'
I0923 06:47:19.000000 2405 http.cpp:1117] HTTP GET for /master/state-summary from 172.17.0.2:44460 with User-Agent='python-requests/2.18.4'
I0923 06:47:21.000000 2402 http.cpp:1117] HTTP GET for /master/state-summary from 172.17.0.2:44466 with User-Agent='python-requests/2.18.4'
I0923 06:47:22.000000 2396 master.hpp:418] Sending heartbeat to subscriber f7d1785c-628b-4508-ae3b-4c0b47e55f2c
I0923 06:47:23.000000 2400 http.cpp:1117] HTTP GET for /master/state-summary from 172.17.0.2:44472 with User-Agent='python-requests/2.18.4'
I0923 06:47:25.000000 2404 http.cpp:1117] HTTP GET for /master/state-summary from 172.17.0.2:44478 with User-Agent='python-requests/2.18.4'
I0923 06:47:27.000000 2404 http.cpp:1117] HTTP GET for /master/state-summary from 172.17.0.2:44484 with User-Agent='python-requests/2.18.4'
I0923 06:47:29.000000 2406 http.cpp:1117] HTTP GET for /master/state-summary from 172.17.0.2:44490 with User-Agent='python-requests/2.18.4'
I0923 06:47:30.000000 2393 master.cpp:8955] Performing explicit task state reconciliation for 1 tasks of framework 4a223bc8-a527-49ab-8f24-a5941812d416-0000 (marathon) at scheduler-85881496-41c0-403f-8000-d7d5063cc648@172.17.0.2:15101
I0923 06:47:30.000000 2393 master.cpp:9116] Sending explicit reconciliation state TASK_UNKNOWN for task fake-marathon-pacemaker-task-7bfdac33-6b10-4496-b639-4dfb05116145 of framework 4a223bc8-a527-49ab-8f24-a5941812d416-0000 (marathon) at scheduler-85881496-41c0-403f-8000-d7d5063cc648@172.17.0.2:15101
I0923 06:47:31.000000 2408 http.cpp:1117] HTTP GET for /master/state-summary from 172.17.0.2:44496 with User-Agent='python-requests/2.18.4'
I0923 06:47:33.000000 2399 http.cpp:1117] HTTP GET for /master/state-summary from 172.17.0.2:44502 with User-Agent='Master Admin Router'
I0923 06:47:33.000000 2400 http.cpp:1117] HTTP GET for /master/state-summary from 172.17.0.2:44508 with User-Agent='python-requests/2.18.4'
I0923 06:47:35.000000 2401 http.cpp:1117] HTTP GET for /master/state-summary from 172.17.0.2:44514 with User-Agent='python-requests/2.18.4'
I0923 06:47:37.000000 2397 master.hpp:418] Sending heartbeat to subscriber f7d1785c-628b-4508-ae3b-4c0b47e55f2c
I0923 06:47:38.000000 2394 http.cpp:1117] HTTP GET for /master/state-summary from 172.17.0.2:44520 with User-Agent='python-requests/2.18.4'
I0923 06:47:40.000000 2408 http.cpp:1117] HTTP GET for /master/state-summary from 172.17.0.2:44526 with User-Agent='python-requests/2.18.4'
I0923 06:47:42.000000 2404 http.cpp:1117] HTTP GET for /master/state-summary from 172.17.0.2:44532 with User-Agent='python-requests/2.18.4'
I0923 06:47:44.000000 2394 http.cpp:1117] HTTP GET for /master/state-summary from 172.17.0.2:44538 with User-Agent='python-requests/2.18.4'
I0923 06:47:45.000000 2398 master.cpp:8955] Performing explicit task state reconciliation for 1 tasks of framework 4a223bc8-a527-49ab-8f24-a5941812d416-0000 (marathon) at scheduler-85881496-41c0-403f-8000-d7d5063cc648@172.17.0.2:15101
I0923 06:47:45.000000 2398 master.cpp:9116] Sending explicit reconciliation state TASK_UNKNOWN for task fake-marathon-pacemaker-task-7bfdac33-6b10-4496-b639-4dfb05116145 of framework 4a223bc8-a527-49ab-8f24-a5941812d416-0000 (marathon) at scheduler-85881496-41c0-403f-8000-d7d5063cc648@172.17.0.2:15101
I0923 06:47:46.000000 2394 http.cpp:1117] HTTP GET for /master/state-summary from 172.17.0.2:44544 with User-Agent='python-requests/2.18.4'
I0923 06:47:48.000000 2404 http.cpp:1117] HTTP GET for /master/state-summary from 172.17.0.2:44550 with User-Agent='python-requests/2.18.4'
I0923 06:47:49.000000 2405 http.cpp:1117] HTTP GET for /master/state.json from 172.17.0.2:44556 with User-Agent='Mesos-DNS'
I0923 06:47:50.000000 2404 http.cpp:1117] HTTP GET for /master/state-summary from 172.17.0.2:44558 with User-Agent='python-requests/2.18.4'
I0923 06:47:52.000000 2404 master.hpp:418] Sending heartbeat to subscriber f7d1785c-628b-4508-ae3b-4c0b47e55f2c
I0923 06:47:52.000000 2395 http.cpp:1117] HTTP GET for /master/state-summary from 172.17.0.2:44564 with User-Agent='python-requests/2.18.4'
I0923 06:47:54.000000 2408 http.cpp:1117] HTTP GET for /master/state-summary from 172.17.0.2:44570 with User-Agent='python-requests/2.18.4'
I0923 06:47:56.000000 2398 http.cpp:1117] HTTP GET for /master/state-summary from 172.17.0.2:44576 with User-Agent='python-requests/2.18.4'
I0923 06:47:58.000000 2406 http.cpp:1117] HTTP GET for /master/state-summary from 172.17.0.2:44582 with User-Agent='python-requests/2.18.4'
I0923 06:47:58.000000 2396 http.cpp:1117] HTTP GET for /master/state-summary from 172.17.0.2:44584 with User-Agent='Master Admin Router'
I0923 06:48:00.000000 2405 http.cpp:1117] HTTP GET for /master/state-summary from 172.17.0.2:44594 with User-Agent='python-requests/2.18.4'
I0923 06:48:00.000000 2399 master.cpp:8955] Performing explicit task state reconciliation for 1 tasks of framework 4a223bc8-a527-49ab-8f24-a5941812d416-0000 (marathon) at scheduler-85881496-41c0-403f-8000-d7d5063cc648@172.17.0.2:15101
I0923 06:48:00.000000 2399 master.cpp:9116] Sending explicit reconciliation state TASK_UNKNOWN for task fake-marathon-pacemaker-task-7bfdac33-6b10-4496-b639-4dfb05116145 of framework 4a223bc8-a527-49ab-8f24-a5941812d416-0000 (marathon) at scheduler-85881496-41c0-403f-8000-d7d5063cc648@172.17.0.2:15101
I0923 06:48:02.000000 2405 http.cpp:1117] HTTP GET for /master/state-summary from 172.17.0.2:44600 with User-Agent='python-requests/2.18.4'
I0923 06:48:04.000000 2398 http.cpp:1117] HTTP GET for /master/state-summary from 172.17.0.2:44622 with User-Agent='python-requests/2.18.4'
I0923 06:48:06.000000 2402 http.cpp:1117] HTTP GET for /master/state-summary from 172.17.0.2:44628 with User-Agent='python-requests/2.18.4'
I0923 06:48:07.000000 2404 master.hpp:418] Sending heartbeat to subscriber f7d1785c-628b-4508-ae3b-4c0b47e55f2c
I0923 06:48:08.000000 2408 http.cpp:1117] HTTP GET for /master/state-summary from 172.17.0.2:44634 with User-Agent='python-requests/2.18.4'
I0923 06:48:10.000000 2407 http.cpp:1117] HTTP GET for /master/state-summary from 172.17.0.2:44640 with User-Agent='python-requests/2.18.4'
I0923 06:48:12.000000 2404 http.cpp:1117] HTTP GET for /master/state-summary from 172.17.0.2:44646 with User-Agent='python-requests/2.18.4'
I0923 06:48:14.000000 2407 http.cpp:1117] HTTP GET for /master/state-summary from 172.17.0.2:44652 with User-Agent='python-requests/2.18.4'
I0923 06:48:14.000000 2393 http.cpp:1117] HTTP GET for /master/slaves from 172.17.0.2:47748 with User-Agent='Go-http-client/1.1'
I0923 06:48:15.000000 2405 master.cpp:8955] Performing explicit task state reconciliation for 1 tasks of framework 4a223bc8-a527-49ab-8f24-a5941812d416-0000 (marathon) at scheduler-85881496-41c0-403f-8000-d7d5063cc648@172.17.0.2:15101
I0923 06:48:15.000000 2405 master.cpp:9116] Sending explicit reconciliation state TASK_UNKNOWN for task fake-marathon-pacemaker-task-7bfdac33-6b10-4496-b639-4dfb05116145 of framework 4a223bc8-a527-49ab-8f24-a5941812d416-0000 (marathon) at scheduler-85881496-41c0-403f-8000-d7d5063cc648@172.17.0.2:15101
I0923 06:48:16.000000 2395 http.cpp:1117] HTTP GET for /master/state-summary from 172.17.0.2:44660 with User-Agent='python-requests/2.18.4'
I0923 06:48:18.000000 2394 http.cpp:1117] HTTP GET for /master/state-summary from 172.17.0.2:44666 with User-Agent='python-requests/2.18.4'
I0923 06:48:19.000000 2400 http.cpp:1117] HTTP GET for /master/state.json from 172.17.0.2:44672 with User-Agent='Mesos-DNS'
I0923 06:48:20.000000 2396 http.cpp:1117] HTTP GET for /master/state-summary from 172.17.0.2:44674 with User-Agent='python-requests/2.18.4'
I0923 06:48:22.000000 2396 master.hpp:418] Sending heartbeat to subscriber f7d1785c-628b-4508-ae3b-4c0b47e55f2c
I0923 06:48:22.000000 2398 http.cpp:1117] HTTP GET for /master/state-summary from 172.17.0.2:44680 with User-Agent='python-requests/2.18.4'
I0923 06:48:23.000000 2407 http.cpp:1117] HTTP GET for /master/state-summary from 172.17.0.2:44686 with User-Agent='Master Admin Router'
I0923 06:48:24.000000 2400 http.cpp:1117] HTTP GET for /master/state-summary from 172.17.0.2:44692 with User-Agent='python-requests/2.18.4'
I0923 06:48:26.000000 2396 http.cpp:1117] HTTP GET for /master/state-summary from 172.17.0.2:44698 with User-Agent='python-requests/2.18.4'