I0923 06:24:13.000000 2405 http.cpp:1117] HTTP GET for /master/state-summary from 172.17.0.2:38432 with User-Agent='Master Admin Router'
I0923 06:24:15.000000 2407 http.cpp:1117] HTTP GET for /master/state-summary from 172.17.0.2:38442 with User-Agent='python-requests/2.18.4'
I0923 06:24:17.000000 2401 http.cpp:1117] HTTP GET for /master/state-summary from 172.17.0.2:38448 with User-Agent='python-requests/2.18.4'
I0923 06:24:19.000000 2394 http.cpp:1117] HTTP GET for /master/state-summary from 172.17.0.2:38460 with User-Agent='python-requests/2.18.4'
I0923 06:24:19.000000 2401 http.cpp:1117] HTTP GET for /master/state.json from 172.17.0.2:38466 with User-Agent='Mesos-DNS'
I0923 06:24:21.000000 2393 http.cpp:1117] HTTP GET for /master/state-summary from 172.17.0.2:38468 with User-Agent='python-requests/2.18.4'
I0923 06:24:21.000000 2395 master.cpp:8955] Performing explicit task state reconciliation for 1 tasks of framework 4a223bc8-a527-49ab-8f24-a5941812d416-0000 (marathon) at scheduler-85881496-41c0-403f-8000-d7d5063cc648@172.17.0.2:15101
I0923 06:24:21.000000 2395 master.cpp:9116] Sending explicit reconciliation state TASK_UNKNOWN for task fake-marathon-pacemaker-task-7bfdac33-6b10-4496-b639-4dfb05116145 of framework 4a223bc8-a527-49ab-8f24-a5941812d416-0000 (marathon) at scheduler-85881496-41c0-403f-8000-d7d5063cc648@172.17.0.2:15101
I0923 06:24:21.000000 2408 master.hpp:418] Sending heartbeat to subscriber f7d1785c-628b-4508-ae3b-4c0b47e55f2c
I0923 06:24:23.000000 2399 http.cpp:1117] HTTP GET for /master/state-summary from 172.17.0.2:38480 with User-Agent='python-requests/2.18.4'
I0923 06:24:25.000000 2404 http.cpp:1117] HTTP GET for /master/state-summary from 172.17.0.2:38486 with User-Agent='python-requests/2.18.4'
I0923 06:24:27.000000 2407 http.cpp:1117] HTTP GET for /master/state-summary from 172.17.0.2:38492 with User-Agent='python-requests/2.18.4'
I0923 06:24:29.000000 2399 http.cpp:1117] HTTP GET for /master/state-summary from 172.17.0.2:38504 with User-Agent='python-requests/2.18.4'
I0923 06:24:31.000000 2404 http.cpp:1117] HTTP GET for /master/state-summary from 172.17.0.2:38510 with User-Agent='python-requests/2.18.4'
I0923 06:24:33.000000 2399 http.cpp:1117] HTTP GET for /master/state-summary from 172.17.0.2:38522 with User-Agent='python-requests/2.18.4'
I0923 06:24:35.000000 2404 http.cpp:1117] HTTP GET for /master/state-summary from 172.17.0.2:38528 with User-Agent='python-requests/2.18.4'
I0923 06:24:36.000000 2406 master.cpp:8955] Performing explicit task state reconciliation for 1 tasks of framework 4a223bc8-a527-49ab-8f24-a5941812d416-0000 (marathon) at scheduler-85881496-41c0-403f-8000-d7d5063cc648@172.17.0.2:15101
I0923 06:24:36.000000 2406 master.cpp:9116] Sending explicit reconciliation state TASK_UNKNOWN for task fake-marathon-pacemaker-task-7bfdac33-6b10-4496-b639-4dfb05116145 of framework 4a223bc8-a527-49ab-8f24-a5941812d416-0000 (marathon) at scheduler-85881496-41c0-403f-8000-d7d5063cc648@172.17.0.2:15101
I0923 06:24:36.000000 2394 master.hpp:418] Sending heartbeat to subscriber f7d1785c-628b-4508-ae3b-4c0b47e55f2c
I0923 06:24:37.000000 2408 http.cpp:1117] HTTP GET for /master/state-summary from 172.17.0.2:38534 with User-Agent='python-requests/2.18.4'
I0923 06:24:37.000000 2402 master.cpp:9434] Sending offer 4a223bc8-a527-49ab-8f24-a5941812d416-O37013 containing resources ports(allocated: *):[1025-2180, 2182-3887, 3889-5049, 5052-8079, 8082-8180, 8182-32000]; disk(allocated: *):93296; cpus(allocated: *):3.78; mem(allocated: *):14477 on agent 4a223bc8-a527-49ab-8f24-a5941812d416-S1
at slave(1)@172.17.0.4:5051 (172.17.0.4) to framework 4a223bc8-a527-49ab-8f24-a5941812d416-0001 (metronome) at scheduler-ca9601af-122f-4941-a1c3-58649859f536@172.17.0.2:15201
I0923 06:24:37.000000 2402 master.cpp:9445] Sending offers [ 4a223bc8-a527-49ab-8f24-a5941812d416-O37013 ] to framework 4a223bc8-a527-49ab-8f24-a5941812d416-0001 (metronome) at scheduler-ca9601af-122f-4941-a1c3-58649859f536@172.17.0.2:15201
I0923 06:24:37.000000 2407 master.cpp:5837] Processing DECLINE call for offers: [ 4a223bc8-a527-49ab-8f24-a5941812d416-O37013 ] for framework 4a223bc8-a527-49ab-8f24-a5941812d416-0001 (metronome) at scheduler-ca9601af-122f-4941-a1c3-58649859f536@172.17.0.2:15201
I0923 06:24:37.000000 2407 master.cpp:11439] Removing offer 4a223bc8-a527-49ab-8f24-a5941812d416-O37013
I0923 06:24:38.000000 2404 http.cpp:1117] HTTP GET for /master/state-summary from 172.17.0.2:38546 with User-Agent='Master Admin Router'
I0923 06:24:39.000000 2407 http.cpp:1117] HTTP GET for /master/state-summary from 172.17.0.2:38552 with User-Agent='python-requests/2.18.4'
I0923 06:24:41.000000 2402 http.cpp:1117] HTTP GET for /master/state-summary from 172.17.0.2:38558 with User-Agent='python-requests/2.18.4'
I0923 06:24:43.000000 2407 http.cpp:1117] HTTP GET for /master/state-summary from 172.17.0.2:38570 with User-Agent='python-requests/2.18.4'
I0923 06:24:45.000000 2400 http.cpp:1117] HTTP GET for /master/state-summary from 172.17.0.2:38576 with User-Agent='python-requests/2.18.4'
I0923 06:24:47.000000 2402 http.cpp:1117] HTTP GET for /master/state-summary from 172.17.0.2:38582 with User-Agent='python-requests/2.18.4'
I0923 06:24:49.000000 2400 http.cpp:1117] HTTP GET for /master/state-summary from 172.17.0.2:38594 with User-Agent='python-requests/2.18.4'
I0923 06:24:49.000000 2401 http.cpp:1117] HTTP GET for /master/state.json from 172.17.0.2:38596 with User-Agent='Mesos-DNS'
I0923 06:24:51.000000 2394 http.cpp:1117] HTTP GET for /master/state-summary from 172.17.0.2:38602 with User-Agent='python-requests/2.18.4'
I0923 06:24:51.000000 2396 master.cpp:8955] Performing explicit task state reconciliation for 1 tasks of framework 4a223bc8-a527-49ab-8f24-a5941812d416-0000 (marathon) at scheduler-85881496-41c0-403f-8000-d7d5063cc648@172.17.0.2:15101
I0923 06:24:51.000000 2396 master.cpp:9116] Sending explicit reconciliation state TASK_UNKNOWN for task fake-marathon-pacemaker-task-7bfdac33-6b10-4496-b639-4dfb05116145 of framework 4a223bc8-a527-49ab-8f24-a5941812d416-0000 (marathon) at scheduler-85881496-41c0-403f-8000-d7d5063cc648@172.17.0.2:15101
I0923 06:24:51.000000 2405 master.hpp:418] Sending heartbeat to subscriber f7d1785c-628b-4508-ae3b-4c0b47e55f2c
I0923 06:24:53.000000 2404 http.cpp:1117] HTTP GET for /master/state-summary from 172.17.0.2:38614 with User-Agent='python-requests/2.18.4'
I0923 06:24:55.000000 2403 http.cpp:1117] HTTP GET for /master/state-summary from 172.17.0.2:38620 with User-Agent='python-requests/2.18.4'
I0923 06:24:55.000000 2396 master.cpp:9434] Sending offer 4a223bc8-a527-49ab-8f24-a5941812d416-O37014 containing resources ports(allocated: *):[1025-2180, 2182-2205, 2207-3887, 3889-4229, 4231-5049, 5052-6544, 6546-7828, 7830-8079, 8082-8180, 8182-10347, 10349-18147, 18149-21704, 21706-21883, 21885-23527, 23529-23534, 23536-24355, 24357-24899, 24901-25475, 25477-26217, 26219-26512, 26514-27302, 27304-32000]; disk(allocated: *):92883; cpus(allocated: *):0.05; mem(allocated: *):13197 on agent 4a223bc8-a527-49ab-8f24-a5941812d416-S2
at slave(1)@172.17.0.3:5051 (172.17.0.3) to framework 4a223bc8-a527-49ab-8f24-a5941812d416-0001 (metronome) at scheduler-ca9601af-122f-4941-a1c3-58649859f536@172.17.0.2:15201
I0923 06:24:55.000000 2396 master.cpp:9445] Sending offers [ 4a223bc8-a527-49ab-8f24-a5941812d416-O37014 ] to framework 4a223bc8-a527-49ab-8f24-a5941812d416-0001 (metronome) at scheduler-ca9601af-122f-4941-a1c3-58649859f536@172.17.0.2:15201
I0923 06:24:55.000000 2398 master.cpp:5837] Processing DECLINE call for offers: [ 4a223bc8-a527-49ab-8f24-a5941812d416-O37014 ] for framework 4a223bc8-a527-49ab-8f24-a5941812d416-0001 (metronome) at scheduler-ca9601af-122f-4941-a1c3-58649859f536@172.17.0.2:15201
I0923 06:24:55.000000 2398 master.cpp:11439] Removing offer 4a223bc8-a527-49ab-8f24-a5941812d416-O37014
I0923 06:24:57.000000 2399 http.cpp:1117] HTTP GET for /master/state-summary from 172.17.0.2:38628 with User-Agent='python-requests/2.18.4'
I0923 06:24:59.000000 2405 http.cpp:1117] HTTP GET for /master/state-summary from 172.17.0.2:38638 with User-Agent='python-requests/2.18.4'
I0923 06:25:01.000000 2403 http.cpp:1117] HTTP GET for /master/state-summary from 172.17.0.2:38644 with User-Agent='python-requests/2.18.4'
I0923 06:25:03.000000 2402 http.cpp:1117] HTTP GET for /master/state-summary from 172.17.0.2:38656 with User-Agent='Master Admin Router'
I0923 06:25:03.000000 2401 http.cpp:1117] HTTP GET for /master/state-summary from 172.17.0.2:38662 with User-Agent='python-requests/2.18.4'
I0923 06:25:05.000000 2399 http.cpp:1117] HTTP GET for /master/state-summary from 172.17.0.2:38690 with User-Agent='python-requests/2.18.4'
I0923 06:25:06.000000 2394 master.cpp:8955] Performing explicit task state reconciliation for 1 tasks of framework 4a223bc8-a527-49ab-8f24-a5941812d416-0000 (marathon) at scheduler-85881496-41c0-403f-8000-d7d5063cc648@172.17.0.2:15101
I0923 06:25:06.000000 2394 master.cpp:9116] Sending explicit reconciliation state TASK_UNKNOWN for task fake-marathon-pacemaker-task-7bfdac33-6b10-4496-b639-4dfb05116145 of framework 4a223bc8-a527-49ab-8f24-a5941812d416-0000 (marathon) at scheduler-85881496-41c0-403f-8000-d7d5063cc648@172.17.0.2:15101
I0923 06:25:06.000000 2395 master.hpp:418] Sending heartbeat to subscriber f7d1785c-628b-4508-ae3b-4c0b47e55f2c
I0923 06:25:07.000000 2398 http.cpp:1117] HTTP GET for /master/state-summary from 172.17.0.2:38702 with User-Agent='python-requests/2.18.4'
I0923 06:25:09.000000 2395 http.cpp:1117] HTTP GET for /master/state-summary from 172.17.0.2:38708 with User-Agent='python-requests/2.18.4'
I0923 06:25:11.000000 2396 http.cpp:1117] HTTP GET for /master/state-summary from 172.17.0.2:38714 with User-Agent='python-requests/2.18.4'
I0923 06:25:11.000000 2393 http.cpp:1117] HTTP GET for /master/slaves from 172.17.0.2:47748 with User-Agent='Go-http-client/1.1'
I0923 06:25:13.000000 2406 http.cpp:1117] HTTP GET for /master/state-summary from 172.17.0.2:38728 with User-Agent='python-requests/2.18.4'
I0923 06:25:15.000000 2407 http.cpp:1117] HTTP GET for /master/state-summary from 172.17.0.2:38734 with User-Agent='python-requests/2.18.4'
I0923 06:25:17.000000 2404 http.cpp:1117] HTTP GET for /master/state-summary from 172.17.0.2:38746 with User-Agent='python-requests/2.18.4'
I0923 06:25:19.000000 2407 http.cpp:1117] HTTP GET for /master/state-summary from 172.17.0.2:38752 with User-Agent='python-requests/2.18.4'
I0923 06:25:19.000000 2405 http.cpp:1117] HTTP GET for /master/state.json from 172.17.0.2:38754 with User-Agent='Mesos-DNS'
I0923 06:25:21.000000 2393 http.cpp:1117] HTTP GET for /master/state-summary from 172.17.0.2:38760 with User-Agent='python-requests/2.18.4'
I0923 06:25:21.000000 2402 master.cpp:8955] Performing explicit task state reconciliation for 1 tasks of framework 4a223bc8-a527-49ab-8f24-a5941812d416-0000 (marathon) at scheduler-85881496-41c0-403f-8000-d7d5063cc648@172.17.0.2:15101
I0923 06:25:21.000000 2402 master.cpp:9116] Sending explicit reconciliation state TASK_UNKNOWN for task fake-marathon-pacemaker-task-7bfdac33-6b10-4496-b639-4dfb05116145 of framework 4a223bc8-a527-49ab-8f24-a5941812d416-0000 (marathon) at scheduler-85881496-41c0-403f-8000-d7d5063cc648@172.17.0.2:15101
I0923 06:25:21.000000 2397 master.hpp:418] Sending heartbeat to subscriber f7d1785c-628b-4508-ae3b-4c0b47e55f2c
I0923 06:25:23.000000 2404 http.cpp:1117] HTTP GET for /master/state-summary from 172.17.0.2:38772 with User-Agent='python-requests/2.18.4'
I0923 06:25:25.000000 2402 http.cpp:1117] HTTP GET for /master/state-summary from 172.17.0.2:38778 with User-Agent='python-requests/2.18.4'
I0923 06:25:27.000000 2394 http.cpp:1117] HTTP GET for /master/state-summary from 172.17.0.2:38790 with User-Agent='python-requests/2.18.4'
I0923 06:25:28.000000 2403 http.cpp:1117] HTTP GET for /master/state-summary from 172.17.0.2:38796 with User-Agent='Master Admin Router'
I0923 06:25:29.000000 2397 http.cpp:1117] HTTP GET for /master/state-summary from 172.17.0.2:38802 with User-Agent='python-requests/2.18.4'
I0923 06:25:31.000000 2393 http.cpp:1117] HTTP GET for /master/state-summary from 172.17.0.2:38808 with User-Agent='python-requests/2.18.4'
I0923 06:25:33.000000 2402 http.cpp:1117] HTTP GET for /master/state-summary from 172.17.0.2:38820 with User-Agent='python-requests/2.18.4'
I0923 06:25:35.000000 2403 http.cpp:1117] HTTP GET for /master/state-summary from 172.17.0.2:38826 with User-Agent='python-requests/2.18.4'
I0923 06:25:36.000000 2395 master.cpp:8955] Performing explicit task state reconciliation for 1 tasks of framework 4a223bc8-a527-49ab-8f24-a5941812d416-0000 (marathon) at scheduler-85881496-41c0-403f-8000-d7d5063cc648@172.17.0.2:15101
I0923 06:25:36.000000 2395 master.cpp:9116] Sending explicit reconciliation state TASK_UNKNOWN for task fake-marathon-pacemaker-task-7bfdac33-6b10-4496-b639-4dfb05116145 of framework 4a223bc8-a527-49ab-8f24-a5941812d416-0000 (marathon) at scheduler-85881496-41c0-403f-8000-d7d5063cc648@172.17.0.2:15101
I0923 06:25:36.000000 2396 master.hpp:418] Sending heartbeat to subscriber f7d1785c-628b-4508-ae3b-4c0b47e55f2c
I0923 06:25:37.000000 2399 http.cpp:1117] HTTP GET for /master/state-summary from 172.17.0.2:38838 with User-Agent='python-requests/2.18.4'
I0923 06:25:39.000000 2393 http.cpp:1117] HTTP GET for /master/state-summary from 172.17.0.2:38844 with User-Agent='python-requests/2.18.4'
I0923 06:25:41.000000 2407 http.cpp:1117] HTTP GET for /master/state-summary from 172.17.0.2:38850 with User-Agent='python-requests/2.18.4'
I0923 06:25:43.000000 2408 http.cpp:1117] HTTP GET for /master/state-summary from 172.17.0.2:38862 with User-Agent='python-requests/2.18.4'
I0923 06:25:45.000000 2397 http.cpp:1117] HTTP GET for /master/state-summary from 172.17.0.2:38868 with User-Agent='python-requests/2.18.4'
I0923 06:25:47.000000 2393 http.cpp:1117] HTTP GET for /master/state-summary from 172.17.0.2:38880 with User-Agent='python-requests/2.18.4'
I0923 06:25:49.000000 2407 http.cpp:1117] HTTP GET for /master/state-summary from 172.17.0.2:38886 with User-Agent='python-requests/2.18.4'
I0923 06:25:49.000000 2396 http.cpp:1117] HTTP GET for /master/state.json from 172.17.0.2:38888 with User-Agent='Mesos-DNS'
I0923 06:25:51.000000 2400 http.cpp:1117] HTTP GET for /master/state-summary from 172.17.0.2:38894 with User-Agent='python-requests/2.18.4'
I0923 06:25:51.000000 2393 master.cpp:8955] Performing explicit task state reconciliation for 1 tasks of framework 4a223bc8-a527-49ab-8f24-a5941812d416-0000 (marathon) at scheduler-85881496-41c0-403f-8000-d7d5063cc648@172.17.0.2:15101
I0923 06:25:51.000000 2393 master.cpp:9116] Sending explicit reconciliation state TASK_UNKNOWN for task fake-marathon-pacemaker-task-7bfdac33-6b10-4496-b639-4dfb05116145 of framework 4a223bc8-a527-49ab-8f24-a5941812d416-0000 (marathon) at scheduler-85881496-41c0-403f-8000-d7d5063cc648@172.17.0.2:15101
I0923 06:25:51.000000 2395 master.hpp:418] Sending heartbeat to subscriber f7d1785c-628b-4508-ae3b-4c0b47e55f2c
I0923 06:25:53.000000 2406 http.cpp:1117] HTTP GET for /master/state-summary from 172.17.0.2:38906 with User-Agent='Master Admin Router'
I0923 06:25:53.000000 2401 http.cpp:1117] HTTP GET for /master/state-summary from 172.17.0.2:38912 with User-Agent='python-requests/2.18.4'
I0923 06:25:55.000000 2404 http.cpp:1117] HTTP GET for /master/state-summary from 172.17.0.2:38918 with User-Agent='python-requests/2.18.4'
I0923 06:25:57.000000 2404 http.cpp:1117] HTTP GET for /master/state-summary from 172.17.0.2:38930 with User-Agent='python-requests/2.18.4'
I0923 06:25:59.000000 2395 http.cpp:1117] HTTP GET for /master/state-summary from 172.17.0.2:38936 with User-Agent='python-requests/2.18.4'
I0923 06:26:01.000000 2394 http.cpp:1117] HTTP GET for /master/state-summary from 172.17.0.2:38942 with User-Agent='python-requests/2.18.4'
I0923 06:26:03.000000 2398 http.cpp:1117] HTTP GET for /master/state-summary from 172.17.0.2:38954 with User-Agent='python-requests/2.18.4'
I0923 06:26:05.000000 2398 http.cpp:1117] HTTP GET for /master/state-summary from 172.17.0.2:38980 with User-Agent='python-requests/2.18.4'
I0923 06:26:06.000000 2396 master.cpp:8955] Performing explicit task state reconciliation for 1 tasks of framework 4a223bc8-a527-49ab-8f24-a5941812d416-0000 (marathon) at scheduler-85881496-41c0-403f-8000-d7d5063cc648@172.17.0.2:15101
I0923 06:26:06.000000 2396 master.cpp:9116] Sending explicit reconciliation state TASK_UNKNOWN for task fake-marathon-pacemaker-task-7bfdac33-6b10-4496-b639-4dfb05116145 of framework 4a223bc8-a527-49ab-8f24-a5941812d416-0000 (marathon) at scheduler-85881496-41c0-403f-8000-d7d5063cc648@172.17.0.2:15101
I0923 06:26:06.000000 2395 master.hpp:418] Sending heartbeat to subscriber f7d1785c-628b-4508-ae3b-4c0b47e55f2c
I0923 06:26:07.000000 2402 http.cpp:1117] HTTP GET for /master/state-summary from 172.17.0.2:38992 with User-Agent='python-requests/2.18.4'
I0923 06:26:09.000000 2403 http.cpp:1117] HTTP GET for /master/state-summary from 172.17.0.2:38998 with User-Agent='python-requests/2.18.4'
I0923 06:26:11.000000 2394 http.cpp:1117] HTTP GET for /master/slaves from 172.17.0.2:47748 with User-Agent='Go-http-client/1.1'
I0923 06:26:11.000000 2397 http.cpp:1117] HTTP GET for /master/state-summary from 172.17.0.2:39006 with User-Agent='python-requests/2.18.4'
I0923 06:26:13.000000 2397 http.cpp:1117] HTTP GET for /master/state-summary from 172.17.0.2:39018 with User-Agent='python-requests/2.18.4'
I0923 06:26:15.000000 2408 http.cpp:1117] HTTP GET for /master/state-summary from 172.17.0.2:39024 with User-Agent='python-requests/2.18.4'
I0923 06:26:17.000000 2397 http.cpp:1117] HTTP GET for /master/state-summary from 172.17.0.2:39036 with User-Agent='python-requests/2.18.4'
I0923 06:26:18.000000 2396 http.cpp:1117] HTTP GET for /master/state-summary from 172.17.0.2:39042 with User-Agent='Master Admin Router'
I0923 06:26:19.000000 2394 http.cpp:1117] HTTP GET for /master/state-summary from 172.17.0.2:39048 with User-Agent='python-requests/2.18.4'
I0923 06:26:19.000000 2407 http.cpp:1117] HTTP GET for /master/state.json from 172.17.0.2:39050 with User-Agent='Mesos-DNS'
I0923 06:26:21.000000 2402 http.cpp:1117] HTTP GET for /master/state-summary from 172.17.0.2:39056 with User-Agent='python-requests/2.18.4'
I0923 06:26:21.000000 2400 master.cpp:8955] Performing explicit task state reconciliation for 1 tasks of framework 4a223bc8-a527-49ab-8f24-a5941812d416-0000 (marathon) at scheduler-85881496-41c0-403f-8000-d7d5063cc648@172.17.0.2:15101
I0923 06:26:21.000000 2400 master.cpp:9116] Sending explicit reconciliation state TASK_UNKNOWN for task fake-marathon-pacemaker-task-7bfdac33-6b10-4496-b639-4dfb05116145 of framework 4a223bc8-a527-49ab-8f24-a5941812d416-0000 (marathon) at scheduler-85881496-41c0-403f-8000-d7d5063cc648@172.17.0.2:15101
I0923 06:26:21.000000 2398 master.hpp:418] Sending heartbeat to subscriber f7d1785c-628b-4508-ae3b-4c0b47e55f2c
I0923 06:26:23.000000 2393 http.cpp:1117] HTTP GET for /master/state-summary from 172.17.0.2:39068 with User-Agent='python-requests/2.18.4'
I0923 06:26:25.000000 2406 http.cpp:1117] HTTP GET for /master/state-summary from 172.17.0.2:39074 with User-Agent='python-requests/2.18.4'
I0923 06:26:27.000000 2405 http.cpp:1117] HTTP GET for /master/state-summary from 172.17.0.2:39086 with User-Agent='python-requests/2.18.4'
I0923 06:26:29.000000 2397 master.cpp:9434] Sending offer 4a223bc8-a527-49ab-8f24-a5941812d416-O37015 containing resources ports(allocated: slave_public):[1025-2180, 2182-2205, 2207-3887, 3889-4229, 4231-5049, 5052-6544, 6546-7828, 7830-8079, 8082-8180, 8182-10347, 10349-18147, 18149-21704, 21706-21883, 21885-23527, 23529-23534, 23536-24355, 24357-24899, 24901-25475, 25477-26217, 26219-26512, 26514-27302, 27304-32000]; disk(allocated: slave_public):92883; cpus(allocated: slave_public):0.05; mem(allocated: slave_public):13197 on agent 4a223bc8-a527-49ab-8f24-a5941812d416-S2
at slave(1)@172.17.0.3:5051 (172.17.0.3) to framework 4a223bc8-a527-49ab-8f24-a5941812d416-0000 (marathon) at scheduler-85881496-41c0-403f-8000-d7d5063cc648@172.17.0.2:15101
I0923 06:26:29.000000 2397 master.cpp:9434] Sending offer 4a223bc8-a527-49ab-8f24-a5941812d416-O37016 containing resources ports(allocated: slave_public)(reservations: [(STATIC,slave_public)]):[1-21, 23-5050, 5052-32000]; disk(allocated: slave_public)(reservations: [(STATIC,slave_public)]):93316; cpus(allocated: slave_public)(reservations: [(STATIC,slave_public)]):4; mem(allocated: slave_public)(reservations: [(STATIC,slave_public)]):14605 on agent 4a223bc8-a527-49ab-8f24-a5941812d416-S0
at slave(1)@172.17.0.5:5051 (172.17.0.5) to framework 4a223bc8-a527-49ab-8f24-a5941812d416-0000 (marathon) at scheduler-85881496-41c0-403f-8000-d7d5063cc648@172.17.0.2:15101
I0923 06:26:29.000000 2397 master.cpp:9434] Sending offer 4a223bc8-a527-49ab-8f24-a5941812d416-O37017 containing resources ports(allocated: slave_public):[1025-2180, 2182-3887, 3889-5049, 5052-8079, 8082-8180, 8182-32000]; disk(allocated: slave_public):93296; cpus(allocated: slave_public):3.78; mem(allocated: slave_public):14477 on agent 4a223bc8-a527-49ab-8f24-a5941812d416-S1
at slave(1)@172.17.0.4:5051 (172.17.0.4) to framework 4a223bc8-a527-49ab-8f24-a5941812d416-0000 (marathon) at scheduler-85881496-41c0-403f-8000-d7d5063cc648@172.17.0.2:15101
I0923 06:26:29.000000 2397 master.cpp:9445] Sending offers [ 4a223bc8-a527-49ab-8f24-a5941812d416-O37015, 4a223bc8-a527-49ab-8f24-a5941812d416-O37016, 4a223bc8-a527-49ab-8f24-a5941812d416-O37017 ] to framework 4a223bc8-a527-49ab-8f24-a5941812d416-0000 (marathon) at scheduler-85881496-41c0-403f-8000-d7d5063cc648@172.17.0.2:15101
I0923 06:26:29.000000 2408 master.cpp:5837] Processing DECLINE call for offers: [ 4a223bc8-a527-49ab-8f24-a5941812d416-O37015 ] for framework 4a223bc8-a527-49ab-8f24-a5941812d416-0000 (marathon) at scheduler-85881496-41c0-403f-8000-d7d5063cc648@172.17.0.2:15101
I0923 06:26:29.000000 2408 master.cpp:11439] Removing offer 4a223bc8-a527-49ab-8f24-a5941812d416-O37015
I0923 06:26:29.000000 2400 master.cpp:5837] Processing DECLINE call for offers: [ 4a223bc8-a527-49ab-8f24-a5941812d416-O37016 ] for framework 4a223bc8-a527-49ab-8f24-a5941812d416-0000 (marathon) at scheduler-85881496-41c0-403f-8000-d7d5063cc648@172.17.0.2:15101
I0923 06:26:29.000000 2400 master.cpp:11439] Removing offer 4a223bc8-a527-49ab-8f24-a5941812d416-O37016
I0923 06:26:29.000000 2400 master.cpp:5837] Processing DECLINE call for offers: [ 4a223bc8-a527-49ab-8f24-a5941812d416-O37017 ] for framework 4a223bc8-a527-49ab-8f24-a5941812d416-0000 (marathon) at scheduler-85881496-41c0-403f-8000-d7d5063cc648@172.17.0.2:15101
I0923 06:26:29.000000 2400 master.cpp:11439] Removing offer 4a223bc8-a527-49ab-8f24-a5941812d416-O37017
I0923 06:26:29.000000 2395 http.cpp:1117] HTTP GET for /master/state-summary from 172.17.0.2:39092 with User-Agent='python-requests/2.18.4'
I0923 06:26:31.000000 2408 http.cpp:1117] HTTP GET for /master/state-summary from 172.17.0.2:39098 with User-Agent='python-requests/2.18.4'
I0923 06:26:33.000000 2395 http.cpp:1117] HTTP GET for /master/state-summary from 172.17.0.2:39110 with User-Agent='python-requests/2.18.4'
I0923 06:26:35.000000 2408 http.cpp:1117] HTTP GET for /master/state-summary from 172.17.0.2:39116 with User-Agent='python-requests/2.18.4'
I0923 06:26:36.000000 2407 master.hpp:418] Sending heartbeat to subscriber f7d1785c-628b-4508-ae3b-4c0b47e55f2c
I0923 06:26:37.000000 2406 http.cpp:1117] HTTP GET for /master/state-summary from 172.17.0.2:39128 with User-Agent='python-requests/2.18.4'
I0923 06:26:38.000000 2405 master.cpp:9434] Sending offer 4a223bc8-a527-49ab-8f24-a5941812d416-O37018 containing resources ports(allocated: *):[1025-2180, 2182-3887, 3889-5049, 5052-8079, 8082-8180, 8182-32000]; disk(allocated: *):93296; cpus(allocated: *):3.78; mem(allocated: *):14477 on agent 4a223bc8-a527-49ab-8f24-a5941812d416-S1
at slave(1)@172.17.0.4:5051 (172.17.0.4) to framework 4a223bc8-a527-49ab-8f24-a5941812d416-0001 (metronome) at scheduler-ca9601af-122f-4941-a1c3-58649859f536@172.17.0.2:15201
I0923 06:26:38.000000 2405 master.cpp:9445] Sending offers [ 4a223bc8-a527-49ab-8f24-a5941812d416-O37018 ] to framework 4a223bc8-a527-49ab-8f24-a5941812d416-0001 (metronome) at scheduler-ca9601af-122f-4941-a1c3-58649859f536@172.17.0.2:15201
I0923 06:26:38.000000 2407 master.cpp:5837] Processing DECLINE call for offers: [ 4a223bc8-a527-49ab-8f24-a5941812d416-O37018 ] for framework 4a223bc8-a527-49ab-8f24-a5941812d416-0001 (metronome) at scheduler-ca9601af-122f-4941-a1c3-58649859f536@172.17.0.2:15201
I0923 06:26:38.000000 2407 master.cpp:11439] Removing offer 4a223bc8-a527-49ab-8f24-a5941812d416-O37018
I0923 06:26:39.000000 2406 http.cpp:1117] HTTP GET for /master/state-summary from 172.17.0.2:39134 with User-Agent='python-requests/2.18.4'
I0923 06:26:41.000000 2397 http.cpp:1117] HTTP GET for /master/state-summary from 172.17.0.2:39140 with User-Agent='python-requests/2.18.4'
I0923 06:26:43.000000 2407 http.cpp:1117] HTTP GET for /master/state-summary from 172.17.0.2:39152 with User-Agent='Master Admin Router'
I0923 06:26:43.000000 2401 http.cpp:1117] HTTP GET for /master/state-summary from 172.17.0.2:39158 with User-Agent='python-requests/2.18.4'
I0923 06:26:44.000000 2404 master.cpp:8955] Performing explicit task state reconciliation for 1 tasks of framework 4a223bc8-a527-49ab-8f24-a5941812d416-0000 (marathon) at scheduler-85881496-41c0-403f-8000-d7d5063cc648@172.17.0.2:15101
I0923 06:26:44.000000 2404 master.cpp:9116] Sending explicit reconciliation state TASK_UNKNOWN for task fake-marathon-pacemaker-task-7bfdac33-6b10-4496-b639-4dfb05116145 of framework 4a223bc8-a527-49ab-8f24-a5941812d416-0000 (marathon) at scheduler-85881496-41c0-403f-8000-d7d5063cc648@172.17.0.2:15101
I0923 06:26:45.000000 2400 http.cpp:1117] HTTP GET for /master/state-summary from 172.17.0.2:39164 with User-Agent='python-requests/2.18.4'
I0923 06:26:47.000000 2401 http.cpp:1117] HTTP GET for /master/state-summary from 172.17.0.2:39176 with User-Agent='python-requests/2.18.4'
I0923 06:26:49.000000 2407 http.cpp:1117] HTTP GET for /master/state-summary from 172.17.0.2:39182 with User-Agent='python-requests/2.18.4'
I0923 06:26:49.000000 2403 http.cpp:1117] HTTP GET for /master/state.json from 172.17.0.2:39184 with User-Agent='Mesos-DNS'
I0923 06:26:51.000000 2407 http.cpp:1117] HTTP GET for /master/state-summary from 172.17.0.2:39190 with User-Agent='python-requests/2.18.4'
I0923 06:26:51.000000 2398 master.hpp:418] Sending heartbeat to subscriber f7d1785c-628b-4508-ae3b-4c0b47e55f2c
I0923 06:26:53.000000 2407 http.cpp:1117] HTTP GET for /master/state-summary from 172.17.0.2:39202 with User-Agent='python-requests/2.18.4'
I0923 06:26:55.000000 2407 http.cpp:1117] HTTP GET for /master/state-summary from 172.17.0.2:39208 with User-Agent='python-requests/2.18.4'
I0923 06:26:56.000000 2406 master.cpp:9434] Sending offer 4a223bc8-a527-49ab-8f24-a5941812d416-O37019 containing resources ports(allocated: *):[1025-2180, 2182-2205, 2207-3887, 3889-4229, 4231-5049, 5052-6544, 6546-7828, 7830-8079, 8082-8180, 8182-10347, 10349-18147, 18149-21704, 21706-21883, 21885-23527, 23529-23534, 23536-24355, 24357-24899, 24901-25475, 25477-26217, 26219-26512, 26514-27302, 27304-32000]; disk(allocated: *):92883; cpus(allocated: *):0.05; mem(allocated: *):13197 on agent 4a223bc8-a527-49ab-8f24-a5941812d416-S2
at slave(1)@172.17.0.3:5051 (172.17.0.3) to framework 4a223bc8-a527-49ab-8f24-a5941812d416-0001 (metronome) at scheduler-ca9601af-122f-4941-a1c3-58649859f536@172.17.0.2:15201
I0923 06:26:56.000000 2406 master.cpp:9445] Sending offers [ 4a223bc8-a527-49ab-8f24-a5941812d416-O37019 ] to framework 4a223bc8-a527-49ab-8f24-a5941812d416-0001 (metronome) at scheduler-ca9601af-122f-4941-a1c3-58649859f536@172.17.0.2:15201
I0923 06:26:56.000000 2405 master.cpp:5837] Processing DECLINE call for offers: [ 4a223bc8-a527-49ab-8f24-a5941812d416-O37019 ] for framework 4a223bc8-a527-49ab-8f24-a5941812d416-0001 (metronome) at scheduler-ca9601af-122f-4941-a1c3-58649859f536@172.17.0.2:15201
I0923 06:26:56.000000 2405 master.cpp:11439] Removing offer 4a223bc8-a527-49ab-8f24-a5941812d416-O37019
I0923 06:26:57.000000 2398 http.cpp:1117] HTTP GET for /master/state-summary from 172.17.0.2:39220 with User-Agent='python-requests/2.18.4'
I0923 06:26:59.000000 2406 master.cpp:8955] Performing explicit task state reconciliation for 1 tasks of framework 4a223bc8-a527-49ab-8f24-a5941812d416-0000 (marathon) at scheduler-85881496-41c0-403f-8000-d7d5063cc648@172.17.0.2:15101
I0923 06:26:59.000000 2406 master.cpp:9116] Sending explicit reconciliation state TASK_UNKNOWN for task fake-marathon-pacemaker-task-7bfdac33-6b10-4496-b639-4dfb05116145 of framework 4a223bc8-a527-49ab-8f24-a5941812d416-0000 (marathon) at scheduler-85881496-41c0-403f-8000-d7d5063cc648@172.17.0.2:15101
I0923 06:26:59.000000 2398 http.cpp:1117] HTTP GET for /master/state-summary from 172.17.0.2:39226 with User-Agent='python-requests/2.18.4'
I0923 06:27:01.000000 2397 http.cpp:1117] HTTP GET for /master/state-summary from 172.17.0.2:39232 with User-Agent='python-requests/2.18.4'
I0923 06:27:03.000000 2395 http.cpp:1117] HTTP GET for /master/state-summary from 172.17.0.2:39250 with User-Agent='python-requests/2.18.4'
I0923 06:27:05.000000 2404 http.cpp:1117] HTTP GET for /master/state-summary from 172.17.0.2:39266 with User-Agent='python-requests/2.18.4'
I0923 06:27:06.000000 2403 master.hpp:418] Sending heartbeat to subscriber f7d1785c-628b-4508-ae3b-4c0b47e55f2c
I0923 06:27:07.000000 2395 http.cpp:1117] HTTP GET for /master/state-summary from 172.17.0.2:39278 with User-Agent='python-requests/2.18.4'
I0923 06:27:08.000000 2400 http.cpp:1117] HTTP GET for /master/state-summary from 172.17.0.2:39284 with User-Agent='Master Admin Router'
I0923 06:27:09.000000 2394 http.cpp:1117] HTTP GET for /master/state-summary from 172.17.0.2:39290 with User-Agent='python-requests/2.18.4'
I0923 06:27:11.000000 2402 http.cpp:1117] HTTP GET for /master/slaves from 172.17.0.2:47748 with User-Agent='Go-http-client/1.1'
I0923 06:27:11.000000 2395 http.cpp:1117] HTTP GET for /master/state-summary from 172.17.0.2:39298 with User-Agent='python-requests/2.18.4'
I0923 06:27:13.000000 2406 http.cpp:1117] HTTP GET for /master/state-summary from 172.17.0.2:39310 with User-Agent='python-requests/2.18.4'
I0923 06:27:14.000000 2405 master.cpp:8955] Performing explicit task state reconciliation for 1 tasks of framework 4a223bc8-a527-49ab-8f24-a5941812d416-0000 (marathon) at scheduler-85881496-41c0-403f-8000-d7d5063cc648@172.17.0.2:15101
I0923 06:27:14.000000 2405 master.cpp:9116] Sending explicit reconciliation state TASK_UNKNOWN for task fake-marathon-pacemaker-task-7bfdac33-6b10-4496-b639-4dfb05116145 of framework 4a223bc8-a527-49ab-8f24-a5941812d416-0000 (marathon) at scheduler-85881496-41c0-403f-8000-d7d5063cc648@172.17.0.2:15101
I0923 06:27:15.000000 2393 http.cpp:1117] HTTP GET for /master/state-summary from 172.17.0.2:39316 with User-Agent='python-requests/2.18.4'
I0923 06:27:17.000000 2406 http.cpp:1117] HTTP GET for /master/state-summary from 172.17.0.2:39328 with User-Agent='python-requests/2.18.4'
I0923 06:27:19.000000 2408 http.cpp:1117] HTTP GET for /master/state.json from 172.17.0.2:39334 with User-Agent='Mesos-DNS'
I0923 06:27:19.000000 2398 http.cpp:1117] HTTP GET for /master/state-summary from 172.17.0.2:39336 with User-Agent='python-requests/2.18.4'
I0923 06:27:21.000000 2402 http.cpp:1117] HTTP GET for /master/state-summary from 172.17.0.2:39342 with User-Agent='python-requests/2.18.4'
I0923 06:27:21.000000 2393 master.hpp:418] Sending heartbeat to subscriber f7d1785c-628b-4508-ae3b-4c0b47e55f2c
I0923 06:27:23.000000 2393 http.cpp:1117] HTTP GET for /master/state-summary from 172.17.0.2:39354 with User-Agent='python-requests/2.18.4'
I0923 06:27:25.000000 2396 http.cpp:1117] HTTP GET for /master/state-summary from 172.17.0.2:39360 with User-Agent='python-requests/2.18.4'
I0923 06:27:27.000000 2397 http.cpp:1117] HTTP GET for /master/state-summary from 172.17.0.2:39372 with User-Agent='python-requests/2.18.4'
I0923 06:27:29.000000 2406 master.cpp:8955] Performing explicit task state reconciliation for 1 tasks of framework 4a223bc8-a527-49ab-8f24-a5941812d416-0000 (marathon) at scheduler-85881496-41c0-403f-8000-d7d5063cc648@172.17.0.2:15101
I0923 06:27:29.000000 2406 master.cpp:9116] Sending explicit reconciliation state TASK_UNKNOWN for task fake-marathon-pacemaker-task-7bfdac33-6b10-4496-b639-4dfb05116145 of framework 4a223bc8-a527-49ab-8f24-a5941812d416-0000 (marathon) at scheduler-85881496-41c0-403f-8000-d7d5063cc648@172.17.0.2:15101
I0923 06:27:29.000000 2401 http.cpp:1117] HTTP GET for /master/state-summary from 172.17.0.2:39378 with User-Agent='python-requests/2.18.4'
I0923 06:27:31.000000 2407 http.cpp:1117] HTTP GET for /master/state-summary from 172.17.0.2:39384 with User-Agent='python-requests/2.18.4'
I0923 06:27:33.000000 2393 http.cpp:1117] HTTP GET for /master/state-summary from 172.17.0.2:39396 with User-Agent='Master Admin Router'
I0923 06:27:33.000000 2396 http.cpp:1117] HTTP GET for /master/state-summary from 172.17.0.2:39402 with User-Agent='python-requests/2.18.4'
I0923 06:27:35.000000 2393 http.cpp:1117] HTTP GET for /master/state-summary from 172.17.0.2:39408 with User-Agent='python-requests/2.18.4'
I0923 06:27:36.000000 2403 master.hpp:418] Sending heartbeat to subscriber f7d1785c-628b-4508-ae3b-4c0b47e55f2c
I0923 06:27:37.000000 2401 http.cpp:1117] HTTP GET for /master/state-summary from 172.17.0.2:39420 with User-Agent='python-requests/2.18.4'
I0923 06:27:39.000000 2399 http.cpp:1117] HTTP GET for /master/state-summary from 172.17.0.2:39426 with User-Agent='python-requests/2.18.4'
I0923 06:27:41.000000 2401 http.cpp:1117] HTTP GET for /master/state-summary from 172.17.0.2:39432 with User-Agent='python-requests/2.18.4'
I0923 06:27:43.000000 2399 http.cpp:1117] HTTP GET for /master/state-summary from 172.17.0.2:39444 with User-Agent='python-requests/2.18.4'
I0923 06:27:44.000000 2398 master.cpp:8955] Performing explicit task state reconciliation for 1 tasks of framework 4a223bc8-a527-49ab-8f24-a5941812d416-0000 (marathon) at scheduler-85881496-41c0-403f-8000-d7d5063cc648@172.17.0.2:15101
I0923 06:27:44.000000 2398 master.cpp:9116] Sending explicit reconciliation state TASK_UNKNOWN for task fake-marathon-pacemaker-task-7bfdac33-6b10-4496-b639-4dfb05116145 of framework 4a223bc8-a527-49ab-8f24-a5941812d416-0000 (marathon) at scheduler-85881496-41c0-403f-8000-d7d5063cc648@172.17.0.2:15101
I0923 06:27:45.000000 2406 http.cpp:1117] HTTP GET for /master/state-summary from 172.17.0.2:39450 with User-Agent='python-requests/2.18.4'
I0923 06:27:48.000000 2395 http.cpp:1117] HTTP GET for /master/state-summary from 172.17.0.2:39462 with User-Agent='python-requests/2.18.4'
I0923 06:27:49.000000 2402 http.cpp:1117] HTTP GET for /master/state.json from 172.17.0.2:39468 with User-Agent='Mesos-DNS'
I0923 06:27:50.000000 2397 http.cpp:1117] HTTP GET for /master/state-summary from 172.17.0.2:39470 with User-Agent='python-requests/2.18.4'
I0923 06:27:51.000000 2397 master.hpp:418] Sending heartbeat to subscriber f7d1785c-628b-4508-ae3b-4c0b47e55f2c
I0923 06:27:52.000000 2407 http.cpp:1117] HTTP GET for /master/state-summary from 172.17.0.2:39476 with User-Agent='python-requests/2.18.4'
I0923 06:27:54.000000 2394 http.cpp:1117] HTTP GET for /master/state-summary from 172.17.0.2:39488 with User-Agent='python-requests/2.18.4'
I0923 06:27:56.000000 2395 http.cpp:1117] HTTP GET for /master/state-summary from 172.17.0.2:39494 with User-Agent='python-requests/2.18.4'
I0923 06:27:58.000000 2401 http.cpp:1117] HTTP GET for /master/state-summary from 172.17.0.2:39510 with User-Agent='python-requests/2.18.4'
I0923 06:27:58.000000 2402 http.cpp:1117] HTTP GET for /master/state-summary from 172.17.0.2:39512 with User-Agent='Master Admin Router'
I0923 06:27:59.000000 2407 master.cpp:8955] Performing explicit task state reconciliation for 1 tasks of framework 4a223bc8-a527-49ab-8f24-a5941812d416-0000 (marathon) at scheduler-85881496-41c0-403f-8000-d7d5063cc648@172.17.0.2:15101
I0923 06:27:59.000000 2407 master.cpp:9116] Sending explicit reconciliation state TASK_UNKNOWN for task fake-marathon-pacemaker-task-7bfdac33-6b10-4496-b639-4dfb05116145 of framework 4a223bc8-a527-49ab-8f24-a5941812d416-0000 (marathon) at scheduler-85881496-41c0-403f-8000-d7d5063cc648@172.17.0.2:15101
I0923 06:28:00.000000 2398 http.cpp:1117] HTTP GET for /master/state-summary from 172.17.0.2:39522 with User-Agent='python-requests/2.18.4'
I0923 06:28:02.000000 2405 http.cpp:1117] HTTP GET for /master/state-summary from 172.17.0.2:39528 with User-Agent='python-requests/2.18.4'
I0923 06:28:04.000000 2404 http.cpp:1117] HTTP GET for /master/state-summary from 172.17.0.2:39560 with User-Agent='python-requests/2.18.4'
I0923 06:28:06.000000 2403 http.cpp:1117] HTTP GET for /master/state-summary from 172.17.0.2:39566 with User-Agent='python-requests/2.18.4'
I0923 06:28:06.000000 2395 master.hpp:418] Sending heartbeat to subscriber f7d1785c-628b-4508-ae3b-4c0b47e55f2c
I0923 06:28:08.000000 2396 http.cpp:1117] HTTP GET for /master/state-summary from 172.17.0.2:39578 with User-Agent='python-requests/2.18.4'
I0923 06:28:10.000000 2395 http.cpp:1117] HTTP GET for /master/state-summary from 172.17.0.2:39584 with User-Agent='python-requests/2.18.4'
I0923 06:28:11.000000 2407 http.cpp:1117] HTTP GET for /master/slaves from 172.17.0.2:47748 with User-Agent='Go-http-client/1.1'
I0923 06:28:12.000000 2408 http.cpp:1117] HTTP GET for /master/state-summary from 172.17.0.2:39592 with User-Agent='python-requests/2.18.4'
I0923 06:28:14.000000 2403 http.cpp:1117] HTTP GET for /master/state-summary from 172.17.0.2:39604 with User-Agent='python-requests/2.18.4'
I0923 06:28:14.000000 2396 master.cpp:8955] Performing explicit task state reconciliation for 1 tasks of framework 4a223bc8-a527-49ab-8f24-a5941812d416-0000 (marathon) at scheduler-85881496-41c0-403f-8000-d7d5063cc648@172.17.0.2:15101
I0923 06:28:14.000000 2396 master.cpp:9116] Sending explicit reconciliation state TASK_UNKNOWN for task fake-marathon-pacemaker-task-7bfdac33-6b10-4496-b639-4dfb05116145 of framework 4a223bc8-a527-49ab-8f24-a5941812d416-0000 (marathon) at scheduler-85881496-41c0-403f-8000-d7d5063cc648@172.17.0.2:15101
I0923 06:28:16.000000 2403 http.cpp:1117] HTTP GET for /master/state-summary from 172.17.0.2:39610 with User-Agent='python-requests/2.18.4'
I0923 06:28:18.000000 2408 http.cpp:1117] HTTP GET for /master/state-summary from 172.17.0.2:39622 with User-Agent='python-requests/2.18.4'
I0923 06:28:19.000000 2401 http.cpp:1117] HTTP GET for /master/state.json from 172.17.0.2:39624 with User-Agent='Mesos-DNS'
I0923 06:28:20.000000 2400 http.cpp:1117] HTTP GET for /master/state-summary from 172.17.0.2:39630 with User-Agent='python-requests/2.18.4'
I0923 06:28:21.000000 2407 master.hpp:418] Sending heartbeat to subscriber f7d1785c-628b-4508-ae3b-4c0b47e55f2c
I0923 06:28:22.000000 2396 http.cpp:1117] HTTP GET for /master/state-summary from 172.17.0.2:39636 with User-Agent='python-requests/2.18.4'
I0923 06:28:23.000000 2400 http.cpp:1117] HTTP GET for /master/state-summary from 172.17.0.2:39644 with User-Agent='Master Admin Router'
I0923 06:28:24.000000 2401 http.cpp:1117] HTTP GET for /master/state-summary from 172.17.0.2:39654 with User-Agent='python-requests/2.18.4'
I0923 06:28:26.000000 2400 http.cpp:1117] HTTP GET for /master/state-summary from 172.17.0.2:39660 with User-Agent='python-requests/2.18.4'
I0923 06:28:28.000000 2400 http.cpp:1117] HTTP GET for /master/state-summary from 172.17.0.2:39672 with User-Agent='python-requests/2.18.4'
I0923 06:28:29.000000 2403 master.cpp:8955] Performing explicit task state reconciliation for 1 tasks of framework 4a223bc8-a527-49ab-8f24-a5941812d416-0000 (marathon) at scheduler-85881496-41c0-403f-8000-d7d5063cc648@172.17.0.2:15101
I0923 06:28:29.000000 2403 master.cpp:9116] Sending explicit reconciliation state TASK_UNKNOWN for task fake-marathon-pacemaker-task-7bfdac33-6b10-4496-b639-4dfb05116145 of framework 4a223bc8-a527-49ab-8f24-a5941812d416-0000 (marathon) at scheduler-85881496-41c0-403f-8000-d7d5063cc648@172.17.0.2:15101
I0923 06:28:30.000000 2399 http.cpp:1117] HTTP GET for /master/state-summary from 172.17.0.2:39678 with User-Agent='python-requests/2.18.4'
I0923 06:28:32.000000 2404 http.cpp:1117] HTTP GET for /master/state-summary from 172.17.0.2:39684 with User-Agent='python-requests/2.18.4'
I0923 06:28:34.000000 2400 http.cpp:1117] HTTP GET for /master/state-summary from 172.17.0.2:39696 with User-Agent='python-requests/2.18.4'
I0923 06:28:36.000000 2397 http.cpp:1117] HTTP GET for /master/state-summary from 172.17.0.2:39702 with User-Agent='python-requests/2.18.4'
I0923 06:28:36.000000 2402 master.hpp:418] Sending heartbeat to subscriber f7d1785c-628b-4508-ae3b-4c0b47e55f2c
I0923 06:28:38.000000 2394 master.cpp:9434] Sending offer 4a223bc8-a527-49ab-8f24-a5941812d416-O37020 containing resources ports(allocated: *):[1025-2180, 2182-3887, 3889-5049, 5052-8079, 8082-8180, 8182-32000]; disk(allocated: *):93296; cpus(allocated: *):3.78; mem(allocated: *):14477 on agent 4a223bc8-a527-49ab-8f24-a5941812d416-S1
at slave(1)@172.17.0.4:5051 (172.17.0.4) to framework 4a223bc8-a527-49ab-8f24-a5941812d416-0001 (metronome) at scheduler-ca9601af-122f-4941-a1c3-58649859f536@172.17.0.2:15201
I0923 06:28:38.000000 2394 master.cpp:9445] Sending offers [ 4a223bc8-a527-49ab-8f24-a5941812d416-O37020 ] to framework 4a223bc8-a527-49ab-8f24-a5941812d416-0001 (metronome) at scheduler-ca9601af-122f-4941-a1c3-58649859f536@172.17.0.2:15201
I0923 06:28:38.000000 2408 master.cpp:5837] Processing DECLINE call for offers: [ 4a223bc8-a527-49ab-8f24-a5941812d416-O37020 ] for framework 4a223bc8-a527-49ab-8f24-a5941812d416-0001 (metronome) at scheduler-ca9601af-122f-4941-a1c3-58649859f536@172.17.0.2:15201
I0923 06:28:38.000000 2408 master.cpp:11439] Removing offer 4a223bc8-a527-49ab-8f24-a5941812d416-O37020
I0923 06:28:38.000000 2397 http.cpp:1117] HTTP GET for /master/state-summary from 172.17.0.2:39714 with User-Agent='python-requests/2.18.4'
I0923 06:28:40.000000 2399 http.cpp:1117] HTTP GET for /master/state-summary from 172.17.0.2:39720 with User-Agent='python-requests/2.18.4'
I0923 06:28:42.000000 2400 http.cpp:1117] HTTP GET for /master/state-summary from 172.17.0.2:39726 with User-Agent='python-requests/2.18.4'
I0923 06:28:44.000000 2400 http.cpp:1117] HTTP GET for /master/state-summary from 172.17.0.2:39738 with User-Agent='python-requests/2.18.4'
I0923 06:28:44.000000 2406 master.cpp:8955] Performing explicit task state reconciliation for 1 tasks of framework 4a223bc8-a527-49ab-8f24-a5941812d416-0000 (marathon) at scheduler-85881496-41c0-403f-8000-d7d5063cc648@172.17.0.2:15101
I0923 06:28:44.000000 2406 master.cpp:9116] Sending explicit reconciliation state TASK_UNKNOWN for task fake-marathon-pacemaker-task-7bfdac33-6b10-4496-b639-4dfb05116145 of framework 4a223bc8-a527-49ab-8f24-a5941812d416-0000 (marathon) at scheduler-85881496-41c0-403f-8000-d7d5063cc648@172.17.0.2:15101
I0923 06:28:46.000000 2401 http.cpp:1117] HTTP GET for /master/state-summary from 172.17.0.2:39744 with User-Agent='python-requests/2.18.4'
I0923 06:28:48.000000 2399 http.cpp:1117] HTTP GET for /master/state-summary from 172.17.0.2:39756 with User-Agent='python-requests/2.18.4'
I0923 06:28:48.000000 2398 http.cpp:1117] HTTP GET for /master/state-summary from 172.17.0.2:39758 with User-Agent='Master Admin Router'
I0923 06:28:49.000000 2396 http.cpp:1117] HTTP GET for /master/state.json from 172.17.0.2:39764 with User-Agent='Mesos-DNS'
I0923 06:28:50.000000 2404 http.cpp:1117] HTTP GET for /master/state-summary from 172.17.0.2:39770 with User-Agent='python-requests/2.18.4'
I0923 06:28:51.000000 2395 master.hpp:418] Sending heartbeat to subscriber f7d1785c-628b-4508-ae3b-4c0b47e55f2c
I0923 06:28:52.000000 2394 http.cpp:1117] HTTP GET for /master/state-summary from 172.17.0.2:39776 with User-Agent='python-requests/2.18.4'
I0923 06:28:54.000000 2398 http.cpp:1117] HTTP GET for /master/state-summary from 172.17.0.2:39788 with User-Agent='python-requests/2.18.4'
I0923 06:28:56.000000 2406 master.cpp:9434] Sending offer 4a223bc8-a527-49ab-8f24-a5941812d416-O37021 containing resources ports(allocated: *):[1025-2180, 2182-2205, 2207-3887, 3889-4229, 4231-5049, 5052-6544, 6546-7828, 7830-8079, 8082-8180, 8182-10347, 10349-18147, 18149-21704, 21706-21883, 21885-23527, 23529-23534, 23536-24355, 24357-24899, 24901-25475, 25477-26217, 26219-26512, 26514-27302, 27304-32000]; disk(allocated: *):92883; cpus(allocated: *):0.05; mem(allocated: *):13197 on agent 4a223bc8-a527-49ab-8f24-a5941812d416-S2
at slave(1)@172.17.0.3:5051 (172.17.0.3) to framework 4a223bc8-a527-49ab-8f24-a5941812d416-0001 (metronome) at scheduler-ca9601af-122f-4941-a1c3-58649859f536@172.17.0.2:15201
I0923 06:28:56.000000 2406 master.cpp:9445] Sending offers [ 4a223bc8-a527-49ab-8f24-a5941812d416-O37021 ] to framework 4a223bc8-a527-49ab-8f24-a5941812d416-0001 (metronome) at scheduler-ca9601af-122f-4941-a1c3-58649859f536@172.17.0.2:15201
I0923 06:28:56.000000 2395 master.cpp:5837] Processing DECLINE call for offers: [ 4a223bc8-a527-49ab-8f24-a5941812d416-O37021 ] for framework 4a223bc8-a527-49ab-8f24-a5941812d416-0001 (metronome) at scheduler-ca9601af-122f-4941-a1c3-58649859f536@172.17.0.2:15201
I0923 06:28:56.000000 2395 master.cpp:11439] Removing offer 4a223bc8-a527-49ab-8f24-a5941812d416-O37021
I0923 06:28:56.000000 2400 http.cpp:1117] HTTP GET for /master/state-summary from 172.17.0.2:39794 with User-Agent='python-requests/2.18.4'
I0923 06:28:58.000000 2396 http.cpp:1117] HTTP GET for /master/state-summary from 172.17.0.2:39806 with User-Agent='python-requests/2.18.4'
I0923 06:28:59.000000 2400 master.cpp:8955] Performing explicit task state reconciliation for 1 tasks of framework 4a223bc8-a527-49ab-8f24-a5941812d416-0000 (marathon) at scheduler-85881496-41c0-403f-8000-d7d5063cc648@172.17.0.2:15101
I0923 06:28:59.000000 2400 master.cpp:9116] Sending explicit reconciliation state TASK_UNKNOWN for task fake-marathon-pacemaker-task-7bfdac33-6b10-4496-b639-4dfb05116145 of framework 4a223bc8-a527-49ab-8f24-a5941812d416-0000 (marathon) at scheduler-85881496-41c0-403f-8000-d7d5063cc648@172.17.0.2:15101
I0923 06:29:00.000000 2397 http.cpp:1117] HTTP GET for /master/state-summary from 172.17.0.2:39812 with User-Agent='python-requests/2.18.4'
I0923 06:29:02.000000 2396 http.cpp:1117] HTTP GET for /master/state-summary from 172.17.0.2:39818 with User-Agent='python-requests/2.18.4'
I0923 06:29:04.000000 2397 http.cpp:1117] HTTP GET for /master/state-summary from 172.17.0.2:39850 with User-Agent='python-requests/2.18.4'
I0923 06:29:06.000000 2394 http.cpp:1117] HTTP GET for /master/state-summary from 172.17.0.2:39856 with User-Agent='python-requests/2.18.4'
I0923 06:29:06.000000 2401 master.hpp:418] Sending heartbeat to subscriber f7d1785c-628b-4508-ae3b-4c0b47e55f2c
I0923 06:29:08.000000 2405 http.cpp:1117] HTTP GET for /master/state-summary from 172.17.0.2:39868 with User-Agent='python-requests/2.18.4'
I0923 06:29:10.000000 2395 http.cpp:1117] HTTP GET for /master/state-summary from 172.17.0.2:39874 with User-Agent='python-requests/2.18.4'
I0923 06:29:11.000000 2400 http.cpp:1117] HTTP GET for /master/slaves from 172.17.0.2:47748 with User-Agent='Go-http-client/1.1'
I0923 06:29:12.000000 2401 http.cpp:1117] HTTP GET for /master/state-summary from 172.17.0.2:39882 with User-Agent='python-requests/2.18.4'
I0923 06:29:13.000000 2400 http.cpp:1117] HTTP GET for /master/state-summary from 172.17.0.2:39890 with User-Agent='Master Admin Router'
I0923 06:29:14.000000 2396 master.cpp:8955] Performing explicit task state reconciliation for 1 tasks of framework 4a223bc8-a527-49ab-8f24-a5941812d416-0000 (marathon) at scheduler-85881496-41c0-403f-8000-d7d5063cc648@172.17.0.2:15101
I0923 06:29:14.000000 2396 master.cpp:9116] Sending explicit reconciliation state TASK_UNKNOWN for task fake-marathon-pacemaker-task-7bfdac33-6b10-4496-b639-4dfb05116145 of framework 4a223bc8-a527-49ab-8f24-a5941812d416-0000 (marathon) at scheduler-85881496-41c0-403f-8000-d7d5063cc648@172.17.0.2:15101
I0923 06:29:14.000000 2408 http.cpp:1117] HTTP GET for /master/state-summary from 172.17.0.2:39900 with User-Agent='python-requests/2.18.4'
I0923 06:29:16.000000 2393 http.cpp:1117] HTTP GET for /master/state-summary from 172.17.0.2:39906 with User-Agent='python-requests/2.18.4'
I0923 06:29:18.000000 2396 http.cpp:1117] HTTP GET for /master/state-summary from 172.17.0.2:39918 with User-Agent='python-requests/2.18.4'
I0923 06:29:19.000000 2399 http.cpp:1117] HTTP GET for /master/state.json from 172.17.0.2:39920 with User-Agent='Mesos-DNS'
I0923 06:29:20.000000 2399 http.cpp:1117] HTTP GET for /master/state-summary from 172.17.0.2:39926 with User-Agent='python-requests/2.18.4'
I0923 06:29:21.000000 2397 master.hpp:418] Sending heartbeat to subscriber f7d1785c-628b-4508-ae3b-4c0b47e55f2c
I0923 06:29:22.000000 2398 http.cpp:1117] HTTP GET for /master/state-summary from 172.17.0.2:39932 with User-Agent='python-requests/2.18.4'
I0923 06:29:24.000000 2396 http.cpp:1117] HTTP GET for /master/state-summary from 172.17.0.2:39944 with User-Agent='python-requests/2.18.4'
I0923 06:29:26.000000 2396 http.cpp:1117] HTTP GET for /master/state-summary from 172.17.0.2:39950 with User-Agent='python-requests/2.18.4'
I0923 06:29:28.000000 2404 http.cpp:1117] HTTP GET for /master/state-summary from 172.17.0.2:39962 with User-Agent='python-requests/2.18.4'
I0923 06:29:29.000000 2405 master.cpp:8955] Performing explicit task state reconciliation for 1 tasks of framework 4a223bc8-a527-49ab-8f24-a5941812d416-0000 (marathon) at scheduler-85881496-41c0-403f-8000-d7d5063cc648@172.17.0.2:15101
