I0923 06:40:26.000000 2401 master.cpp:11439] Removing offer 4a223bc8-a527-49ab-8f24-a5941812d416-O37042
I0923 06:40:27.000000 2397 master.cpp:9434] Sending offer 4a223bc8-a527-49ab-8f24-a5941812d416-O37043 containing resources ports(allocated: *):[1025-2180, 2182-3887, 3889-5049, 5052-8079, 8082-8180, 8182-32000]; disk(allocated: *):93316; cpus(allocated: *):4; mem(allocated: *):14605 on agent 4a223bc8-a527-49ab-8f24-a5941812d416-S1
at slave(1)@172.17.0.4:5051 (172.17.0.4) to framework 4a223bc8-a527-49ab-8f24-a5941812d416-0001 (metronome) at scheduler-ca9601af-122f-4941-a1c3-58649859f536@172.17.0.2:15201
I0923 06:40:27.000000 2397 master.cpp:9445] Sending offers [ 4a223bc8-a527-49ab-8f24-a5941812d416-O37043 ] to framework 4a223bc8-a527-49ab-8f24-a5941812d416-0001 (metronome) at scheduler-ca9601af-122f-4941-a1c3-58649859f536@172.17.0.2:15201
I0923 06:40:27.000000 2403 master.cpp:5837] Processing DECLINE call for offers: [ 4a223bc8-a527-49ab-8f24-a5941812d416-O37043 ] for framework 4a223bc8-a527-49ab-8f24-a5941812d416-0001 (metronome) at scheduler-ca9601af-122f-4941-a1c3-58649859f536@172.17.0.2:15201
I0923 06:40:27.000000 2403 master.cpp:11439] Removing offer 4a223bc8-a527-49ab-8f24-a5941812d416-O37043
I0923 06:40:28.000000 2406 http.cpp:1117] HTTP GET for /master/state-summary from 172.17.0.2:42950 with User-Agent='Master Admin Router'
I0923 06:40:28.000000 2395 http.cpp:1117] HTTP GET for /master/state-summary from 172.17.0.2:42956 with User-Agent='python-requests/2.18.4'
I0923 06:40:29.000000 2396 master.cpp:8955] Performing explicit task state reconciliation for 1 tasks of framework 4a223bc8-a527-49ab-8f24-a5941812d416-0000 (marathon) at scheduler-85881496-41c0-403f-8000-d7d5063cc648@172.17.0.2:15101
I0923 06:40:29.000000 2396 master.cpp:9116] Sending explicit reconciliation state TASK_UNKNOWN for task fake-marathon-pacemaker-task-7bfdac33-6b10-4496-b639-4dfb05116145 of framework 4a223bc8-a527-49ab-8f24-a5941812d416-0000 (marathon) at scheduler-85881496-41c0-403f-8000-d7d5063cc648@172.17.0.2:15101
I0923 06:40:30.000000 2399 http.cpp:1117] HTTP GET for /master/state-summary from 172.17.0.2:42962 with User-Agent='python-requests/2.18.4'
I0923 06:40:32.000000 2405 http.cpp:1117] HTTP GET for /master/state-summary from 172.17.0.2:42968 with User-Agent='python-requests/2.18.4'
I0923 06:40:34.000000 2400 http.cpp:1117] HTTP GET for /master/state-summary from 172.17.0.2:42974 with User-Agent='python-requests/2.18.4'
I0923 06:40:36.000000 2405 http.cpp:1117] HTTP GET for /master/state-summary from 172.17.0.2:42980 with User-Agent='python-requests/2.18.4'
I0923 06:40:36.000000 2400 master.hpp:418] Sending heartbeat to subscriber f7d1785c-628b-4508-ae3b-4c0b47e55f2c
I0923 06:40:38.000000 2407 http.cpp:1117] HTTP GET for /master/state-summary from 172.17.0.2:42986 with User-Agent='python-requests/2.18.4'
I0923 06:40:40.000000 2403 http.cpp:1117] HTTP GET for /master/state-summary from 172.17.0.2:42992 with User-Agent='python-requests/2.18.4'
I0923 06:40:42.000000 2406 http.cpp:1117] HTTP GET for /master/state-summary from 172.17.0.2:42998 with User-Agent='python-requests/2.18.4'
I0923 06:40:44.000000 2403 http.cpp:1117] HTTP GET for /master/state-summary from 172.17.0.2:43004 with User-Agent='python-requests/2.18.4'
I0923 06:40:44.000000 2396 master.cpp:8955] Performing explicit task state reconciliation for 1 tasks of framework 4a223bc8-a527-49ab-8f24-a5941812d416-0000 (marathon) at scheduler-85881496-41c0-403f-8000-d7d5063cc648@172.17.0.2:15101
I0923 06:40:44.000000 2396 master.cpp:9116] Sending explicit reconciliation state TASK_UNKNOWN for task fake-marathon-pacemaker-task-7bfdac33-6b10-4496-b639-4dfb05116145 of framework 4a223bc8-a527-49ab-8f24-a5941812d416-0000 (marathon) at scheduler-85881496-41c0-403f-8000-d7d5063cc648@172.17.0.2:15101
I0923 06:40:46.000000 2403 http.cpp:1117] HTTP GET for /master/state-summary from 172.17.0.2:43010 with User-Agent='python-requests/2.18.4'
I0923 06:40:48.000000 2407 http.cpp:1117] HTTP GET for /master/state-summary from 172.17.0.2:43016 with User-Agent='python-requests/2.18.4'
I0923 06:40:49.000000 2400 http.cpp:1117] HTTP GET for /master/state.json from 172.17.0.2:43022 with User-Agent='Mesos-DNS'
I0923 06:40:50.000000 2400 http.cpp:1117] HTTP GET for /master/state-summary from 172.17.0.2:43024 with User-Agent='python-requests/2.18.4'
I0923 06:40:51.000000 2394 master.hpp:418] Sending heartbeat to subscriber f7d1785c-628b-4508-ae3b-4c0b47e55f2c
I0923 06:40:52.000000 2393 http.cpp:1117] HTTP GET for /master/state-summary from 172.17.0.2:43030 with User-Agent='python-requests/2.18.4'
I0923 06:40:53.000000 2403 http.cpp:1117] HTTP GET for /master/state-summary from 172.17.0.2:43036 with User-Agent='Master Admin Router'
I0923 06:40:54.000000 2405 http.cpp:1117] HTTP GET for /master/state-summary from 172.17.0.2:43042 with User-Agent='python-requests/2.18.4'
I0923 06:40:56.000000 2404 http.cpp:1117] HTTP GET for /master/state-summary from 172.17.0.2:43048 with User-Agent='python-requests/2.18.4'
I0923 06:40:58.000000 2398 http.cpp:1117] HTTP GET for /master/state-summary from 172.17.0.2:43054 with User-Agent='python-requests/2.18.4'
I0923 06:40:59.000000 2408 master.cpp:8955] Performing explicit task state reconciliation for 1 tasks of framework 4a223bc8-a527-49ab-8f24-a5941812d416-0000 (marathon) at scheduler-85881496-41c0-403f-8000-d7d5063cc648@172.17.0.2:15101
I0923 06:40:59.000000 2408 master.cpp:9116] Sending explicit reconciliation state TASK_UNKNOWN for task fake-marathon-pacemaker-task-7bfdac33-6b10-4496-b639-4dfb05116145 of framework 4a223bc8-a527-49ab-8f24-a5941812d416-0000 (marathon) at scheduler-85881496-41c0-403f-8000-d7d5063cc648@172.17.0.2:15101
I0923 06:41:00.000000 2400 http.cpp:1117] HTTP GET for /master/state-summary from 172.17.0.2:43060 with User-Agent='python-requests/2.18.4'
I0923 06:41:02.000000 2401 http.cpp:1117] HTTP GET for /master/state-summary from 172.17.0.2:43066 with User-Agent='python-requests/2.18.4'
I0923 06:41:04.000000 2400 http.cpp:1117] HTTP GET for /master/state-summary from 172.17.0.2:43090 with User-Agent='python-requests/2.18.4'
I0923 06:41:06.000000 2403 http.cpp:1117] HTTP GET for /master/state-summary from 172.17.0.2:43096 with User-Agent='python-requests/2.18.4'
I0923 06:41:06.000000 2408 master.hpp:418] Sending heartbeat to subscriber f7d1785c-628b-4508-ae3b-4c0b47e55f2c
I0923 06:41:08.000000 2393 http.cpp:1117] HTTP GET for /master/state-summary from 172.17.0.2:43102 with User-Agent='python-requests/2.18.4'
I0923 06:41:10.000000 2393 http.cpp:1117] HTTP GET for /master/state-summary from 172.17.0.2:43108 with User-Agent='python-requests/2.18.4'
I0923 06:41:12.000000 2393 http.cpp:1117] HTTP GET for /master/state-summary from 172.17.0.2:43114 with User-Agent='python-requests/2.18.4'
I0923 06:41:13.000000 2402 http.cpp:1117] HTTP GET for /master/slaves from 172.17.0.2:47748 with User-Agent='Go-http-client/1.1'
I0923 06:41:14.000000 2406 http.cpp:1117] HTTP GET for /master/state-summary from 172.17.0.2:43122 with User-Agent='python-requests/2.18.4'
I0923 06:41:14.000000 2398 master.cpp:8955] Performing explicit task state reconciliation for 1 tasks of framework 4a223bc8-a527-49ab-8f24-a5941812d416-0000 (marathon) at scheduler-85881496-41c0-403f-8000-d7d5063cc648@172.17.0.2:15101
I0923 06:41:14.000000 2398 master.cpp:9116] Sending explicit reconciliation state TASK_UNKNOWN for task fake-marathon-pacemaker-task-7bfdac33-6b10-4496-b639-4dfb05116145 of framework 4a223bc8-a527-49ab-8f24-a5941812d416-0000 (marathon) at scheduler-85881496-41c0-403f-8000-d7d5063cc648@172.17.0.2:15101
I0923 06:41:16.000000 2406 http.cpp:1117] HTTP GET for /master/state-summary from 172.17.0.2:43128 with User-Agent='python-requests/2.18.4'
I0923 06:41:18.000000 2401 http.cpp:1117] HTTP GET for /master/state-summary from 172.17.0.2:43134 with User-Agent='Master Admin Router'
I0923 06:41:18.000000 2400 http.cpp:1117] HTTP GET for /master/state-summary from 172.17.0.2:43140 with User-Agent='python-requests/2.18.4'
I0923 06:41:19.000000 2405 http.cpp:1117] HTTP GET for /master/state.json from 172.17.0.2:43146 with User-Agent='Mesos-DNS'
I0923 06:41:20.000000 2402 http.cpp:1117] HTTP GET for /master/state-summary from 172.17.0.2:43148 with User-Agent='python-requests/2.18.4'
I0923 06:41:21.000000 2406 master.hpp:418] Sending heartbeat to subscriber f7d1785c-628b-4508-ae3b-4c0b47e55f2c
I0923 06:41:22.000000 2398 http.cpp:1117] HTTP GET for /master/state-summary from 172.17.0.2:43154 with User-Agent='python-requests/2.18.4'
I0923 06:41:24.000000 2397 http.cpp:1117] HTTP GET for /master/state-summary from 172.17.0.2:43160 with User-Agent='python-requests/2.18.4'
I0923 06:41:26.000000 2393 http.cpp:1117] HTTP GET for /master/state-summary from 172.17.0.2:43166 with User-Agent='python-requests/2.18.4'
I0923 06:41:26.000000 2400 master.cpp:9434] Sending offer 4a223bc8-a527-49ab-8f24-a5941812d416-O37044 containing resources ports(allocated: slave_public):[1025-2180, 2182-3887, 3889-5049, 5052-8079, 8082-8180, 8182-32000]; disk(allocated: slave_public):93316; cpus(allocated: slave_public):4; mem(allocated: slave_public):14605 on agent 4a223bc8-a527-49ab-8f24-a5941812d416-S1
at slave(1)@172.17.0.4:5051 (172.17.0.4) to framework 4a223bc8-a527-49ab-8f24-a5941812d416-0000 (marathon) at scheduler-85881496-41c0-403f-8000-d7d5063cc648@172.17.0.2:15101
I0923 06:41:26.000000 2400 master.cpp:9445] Sending offers [ 4a223bc8-a527-49ab-8f24-a5941812d416-O37044 ] to framework 4a223bc8-a527-49ab-8f24-a5941812d416-0000 (marathon) at scheduler-85881496-41c0-403f-8000-d7d5063cc648@172.17.0.2:15101
I0923 06:41:26.000000 2407 master.cpp:5837] Processing DECLINE call for offers: [ 4a223bc8-a527-49ab-8f24-a5941812d416-O37044 ] for framework 4a223bc8-a527-49ab-8f24-a5941812d416-0000 (marathon) at scheduler-85881496-41c0-403f-8000-d7d5063cc648@172.17.0.2:15101
I0923 06:41:26.000000 2407 master.cpp:11439] Removing offer 4a223bc8-a527-49ab-8f24-a5941812d416-O37044
I0923 06:41:27.000000 2400 master.cpp:9434] Sending offer 4a223bc8-a527-49ab-8f24-a5941812d416-O37045 containing resources ports(allocated: slave_public):[1025-2180, 2182-2205, 2207-3887, 3889-4229, 4231-5049, 5052-6544, 6546-7828, 7830-8079, 8082-8180, 8182-10347, 10349-18147, 18149-21704, 21706-21883, 21885-23527, 23529-23534, 23536-24355, 24357-24899, 24901-25475, 25477-26217, 26219-26512, 26514-27302, 27304-32000]; disk(allocated: slave_public):92933; cpus(allocated: slave_public):0.6; mem(allocated: slave_public):13517 on agent 4a223bc8-a527-49ab-8f24-a5941812d416-S2
at slave(1)@172.17.0.3:5051 (172.17.0.3) to framework 4a223bc8-a527-49ab-8f24-a5941812d416-0000 (marathon) at scheduler-85881496-41c0-403f-8000-d7d5063cc648@172.17.0.2:15101
I0923 06:41:27.000000 2400 master.cpp:9445] Sending offers [ 4a223bc8-a527-49ab-8f24-a5941812d416-O37045 ] to framework 4a223bc8-a527-49ab-8f24-a5941812d416-0000 (marathon) at scheduler-85881496-41c0-403f-8000-d7d5063cc648@172.17.0.2:15101
I0923 06:41:27.000000 2407 master.cpp:5837] Processing DECLINE call for offers: [ 4a223bc8-a527-49ab-8f24-a5941812d416-O37045 ] for framework 4a223bc8-a527-49ab-8f24-a5941812d416-0000 (marathon) at scheduler-85881496-41c0-403f-8000-d7d5063cc648@172.17.0.2:15101
I0923 06:41:27.000000 2407 master.cpp:11439] Removing offer 4a223bc8-a527-49ab-8f24-a5941812d416-O37045
I0923 06:41:28.000000 2407 http.cpp:1117] HTTP GET for /master/state-summary from 172.17.0.2:43172 with User-Agent='python-requests/2.18.4'
I0923 06:41:29.000000 2398 master.cpp:9434] Sending offer 4a223bc8-a527-49ab-8f24-a5941812d416-O37046 containing resources ports(allocated: slave_public)(reservations: [(STATIC,slave_public)]):[1-21, 23-5050, 5052-32000]; disk(allocated: slave_public)(reservations: [(STATIC,slave_public)]):93316; cpus(allocated: slave_public)(reservations: [(STATIC,slave_public)]):4; mem(allocated: slave_public)(reservations: [(STATIC,slave_public)]):14605 on agent 4a223bc8-a527-49ab-8f24-a5941812d416-S0
at slave(1)@172.17.0.5:5051 (172.17.0.5) to framework 4a223bc8-a527-49ab-8f24-a5941812d416-0000 (marathon) at scheduler-85881496-41c0-403f-8000-d7d5063cc648@172.17.0.2:15101
I0923 06:41:29.000000 2398 master.cpp:9445] Sending offers [ 4a223bc8-a527-49ab-8f24-a5941812d416-O37046 ] to framework 4a223bc8-a527-49ab-8f24-a5941812d416-0000 (marathon) at scheduler-85881496-41c0-403f-8000-d7d5063cc648@172.17.0.2:15101
I0923 06:41:29.000000 2397 master.cpp:5837] Processing DECLINE call for offers: [ 4a223bc8-a527-49ab-8f24-a5941812d416-O37046 ] for framework 4a223bc8-a527-49ab-8f24-a5941812d416-0000 (marathon) at scheduler-85881496-41c0-403f-8000-d7d5063cc648@172.17.0.2:15101
I0923 06:41:29.000000 2397 master.cpp:11439] Removing offer 4a223bc8-a527-49ab-8f24-a5941812d416-O37046
I0923 06:41:30.000000 2396 http.cpp:1117] HTTP GET for /master/state-summary from 172.17.0.2:43178 with User-Agent='python-requests/2.18.4'
I0923 06:41:32.000000 2408 http.cpp:1117] HTTP GET for /master/state-summary from 172.17.0.2:43184 with User-Agent='python-requests/2.18.4'
I0923 06:41:34.000000 2408 http.cpp:1117] HTTP GET for /master/state-summary from 172.17.0.2:43190 with User-Agent='python-requests/2.18.4'
I0923 06:41:36.000000 2404 http.cpp:1117] HTTP GET for /master/state-summary from 172.17.0.2:43196 with User-Agent='python-requests/2.18.4'
I0923 06:41:36.000000 2396 master.hpp:418] Sending heartbeat to subscriber f7d1785c-628b-4508-ae3b-4c0b47e55f2c
I0923 06:41:38.000000 2400 http.cpp:1117] HTTP GET for /master/state-summary from 172.17.0.2:43202 with User-Agent='python-requests/2.18.4'
I0923 06:41:40.000000 2401 http.cpp:1117] HTTP GET for /master/state-summary from 172.17.0.2:43208 with User-Agent='python-requests/2.18.4'
I0923 06:41:42.000000 2393 http.cpp:1117] HTTP GET for /master/state-summary from 172.17.0.2:43214 with User-Agent='python-requests/2.18.4'
I0923 06:41:43.000000 2397 http.cpp:1117] HTTP GET for /master/state-summary from 172.17.0.2:43220 with User-Agent='Master Admin Router'
I0923 06:41:44.000000 2398 http.cpp:1117] HTTP GET for /master/state-summary from 172.17.0.2:43226 with User-Agent='python-requests/2.18.4'
I0923 06:41:44.000000 2400 master.cpp:8955] Performing explicit task state reconciliation for 1 tasks of framework 4a223bc8-a527-49ab-8f24-a5941812d416-0000 (marathon) at scheduler-85881496-41c0-403f-8000-d7d5063cc648@172.17.0.2:15101
I0923 06:41:44.000000 2400 master.cpp:9116] Sending explicit reconciliation state TASK_UNKNOWN for task fake-marathon-pacemaker-task-7bfdac33-6b10-4496-b639-4dfb05116145 of framework 4a223bc8-a527-49ab-8f24-a5941812d416-0000 (marathon) at scheduler-85881496-41c0-403f-8000-d7d5063cc648@172.17.0.2:15101
I0923 06:41:46.000000 2403 http.cpp:1117] HTTP GET for /master/state-summary from 172.17.0.2:43232 with User-Agent='python-requests/2.18.4'
I0923 06:41:48.000000 2407 http.cpp:1117] HTTP GET for /master/state-summary from 172.17.0.2:43238 with User-Agent='python-requests/2.18.4'
I0923 06:41:49.000000 2401 http.cpp:1117] HTTP GET for /master/state.json from 172.17.0.2:43244 with User-Agent='Mesos-DNS'
I0923 06:41:50.000000 2406 http.cpp:1117] HTTP GET for /master/state-summary from 172.17.0.2:43246 with User-Agent='python-requests/2.18.4'
I0923 06:41:51.000000 2402 master.hpp:418] Sending heartbeat to subscriber f7d1785c-628b-4508-ae3b-4c0b47e55f2c
I0923 06:41:52.000000 2399 http.cpp:1117] HTTP GET for /master/state-summary from 172.17.0.2:43252 with User-Agent='python-requests/2.18.4'
I0923 06:41:54.000000 2402 http.cpp:1117] HTTP GET for /master/state-summary from 172.17.0.2:43258 with User-Agent='python-requests/2.18.4'
I0923 06:41:56.000000 2398 http.cpp:1117] HTTP GET for /master/state-summary from 172.17.0.2:43264 with User-Agent='python-requests/2.18.4'
I0923 06:41:58.000000 2396 http.cpp:1117] HTTP GET for /master/state-summary from 172.17.0.2:43270 with User-Agent='python-requests/2.18.4'
I0923 06:41:59.000000 2396 master.cpp:8955] Performing explicit task state reconciliation for 1 tasks of framework 4a223bc8-a527-49ab-8f24-a5941812d416-0000 (marathon) at scheduler-85881496-41c0-403f-8000-d7d5063cc648@172.17.0.2:15101
I0923 06:41:59.000000 2396 master.cpp:9116] Sending explicit reconciliation state TASK_UNKNOWN for task fake-marathon-pacemaker-task-7bfdac33-6b10-4496-b639-4dfb05116145 of framework 4a223bc8-a527-49ab-8f24-a5941812d416-0000 (marathon) at scheduler-85881496-41c0-403f-8000-d7d5063cc648@172.17.0.2:15101
I0923 06:42:00.000000 2396 http.cpp:1117] HTTP GET for /master/state-summary from 172.17.0.2:43276 with User-Agent='python-requests/2.18.4'
I0923 06:42:02.000000 2402 http.cpp:1117] HTTP GET for /master/state-summary from 172.17.0.2:43282 with User-Agent='python-requests/2.18.4'
I0923 06:42:04.000000 2395 http.cpp:1117] HTTP GET for /master/state-summary from 172.17.0.2:43310 with User-Agent='python-requests/2.18.4'
I0923 06:42:06.000000 2406 http.cpp:1117] HTTP GET for /master/state-summary from 172.17.0.2:43316 with User-Agent='python-requests/2.18.4'
I0923 06:42:06.000000 2399 master.hpp:418] Sending heartbeat to subscriber f7d1785c-628b-4508-ae3b-4c0b47e55f2c
I0923 06:42:08.000000 2406 http.cpp:1117] HTTP GET for /master/state-summary from 172.17.0.2:43322 with User-Agent='Master Admin Router'
I0923 06:42:08.000000 2394 http.cpp:1117] HTTP GET for /master/state-summary from 172.17.0.2:43328 with User-Agent='python-requests/2.18.4'
I0923 06:42:10.000000 2400 http.cpp:1117] HTTP GET for /master/state-summary from 172.17.0.2:43334 with User-Agent='python-requests/2.18.4'
I0923 06:42:12.000000 2394 http.cpp:1117] HTTP GET for /master/state-summary from 172.17.0.2:43340 with User-Agent='python-requests/2.18.4'
I0923 06:42:13.000000 2396 http.cpp:1117] HTTP GET for /master/slaves from 172.17.0.2:47748 with User-Agent='Go-http-client/1.1'
I0923 06:42:14.000000 2402 http.cpp:1117] HTTP GET for /master/state-summary from 172.17.0.2:43348 with User-Agent='python-requests/2.18.4'
I0923 06:42:14.000000 2402 master.cpp:8955] Performing explicit task state reconciliation for 1 tasks of framework 4a223bc8-a527-49ab-8f24-a5941812d416-0000 (marathon) at scheduler-85881496-41c0-403f-8000-d7d5063cc648@172.17.0.2:15101
I0923 06:42:14.000000 2402 master.cpp:9116] Sending explicit reconciliation state TASK_UNKNOWN for task fake-marathon-pacemaker-task-7bfdac33-6b10-4496-b639-4dfb05116145 of framework 4a223bc8-a527-49ab-8f24-a5941812d416-0000 (marathon) at scheduler-85881496-41c0-403f-8000-d7d5063cc648@172.17.0.2:15101
I0923 06:42:16.000000 2406 http.cpp:1117] HTTP GET for /master/state-summary from 172.17.0.2:43354 with User-Agent='python-requests/2.18.4'
I0923 06:42:18.000000 2402 http.cpp:1117] HTTP GET for /master/state-summary from 172.17.0.2:43360 with User-Agent='python-requests/2.18.4'
I0923 06:42:19.000000 2397 http.cpp:1117] HTTP GET for /master/state.json from 172.17.0.2:43366 with User-Agent='Mesos-DNS'
I0923 06:42:20.000000 2402 http.cpp:1117] HTTP GET for /master/state-summary from 172.17.0.2:43368 with User-Agent='python-requests/2.18.4'
I0923 06:42:21.000000 2407 master.hpp:418] Sending heartbeat to subscriber f7d1785c-628b-4508-ae3b-4c0b47e55f2c
I0923 06:42:22.000000 2406 http.cpp:1117] HTTP GET for /master/state-summary from 172.17.0.2:43374 with User-Agent='python-requests/2.18.4'
I0923 06:42:24.000000 2401 http.cpp:1117] HTTP GET for /master/state-summary from 172.17.0.2:43380 with User-Agent='python-requests/2.18.4'
I0923 06:42:26.000000 2399 master.cpp:9434] Sending offer 4a223bc8-a527-49ab-8f24-a5941812d416-O37047 containing resources ports(allocated: *):[1025-2180, 2182-2205, 2207-3887, 3889-4229, 4231-5049, 5052-6544, 6546-7828, 7830-8079, 8082-8180, 8182-10347, 10349-18147, 18149-21704, 21706-21883, 21885-23527, 23529-23534, 23536-24355, 24357-24899, 24901-25475, 25477-26217, 26219-26512, 26514-27302, 27304-32000]; disk(allocated: *):92933; cpus(allocated: *):0.6; mem(allocated: *):13517 on agent 4a223bc8-a527-49ab-8f24-a5941812d416-S2
at slave(1)@172.17.0.3:5051 (172.17.0.3) to framework 4a223bc8-a527-49ab-8f24-a5941812d416-0001 (metronome) at scheduler-ca9601af-122f-4941-a1c3-58649859f536@172.17.0.2:15201
I0923 06:42:26.000000 2399 master.cpp:9445] Sending offers [ 4a223bc8-a527-49ab-8f24-a5941812d416-O37047 ] to framework 4a223bc8-a527-49ab-8f24-a5941812d416-0001 (metronome) at scheduler-ca9601af-122f-4941-a1c3-58649859f536@172.17.0.2:15201
I0923 06:42:26.000000 2397 master.cpp:5837] Processing DECLINE call for offers: [ 4a223bc8-a527-49ab-8f24-a5941812d416-O37047 ] for framework 4a223bc8-a527-49ab-8f24-a5941812d416-0001 (metronome) at scheduler-ca9601af-122f-4941-a1c3-58649859f536@172.17.0.2:15201
I0923 06:42:26.000000 2397 master.cpp:11439] Removing offer 4a223bc8-a527-49ab-8f24-a5941812d416-O37047
I0923 06:42:26.000000 2394 http.cpp:1117] HTTP GET for /master/state-summary from 172.17.0.2:43386 with User-Agent='python-requests/2.18.4'
I0923 06:42:27.000000 2394 master.cpp:9434] Sending offer 4a223bc8-a527-49ab-8f24-a5941812d416-O37048 containing resources ports(allocated: *):[1025-2180, 2182-3887, 3889-5049, 5052-8079, 8082-8180, 8182-32000]; disk(allocated: *):93316; cpus(allocated: *):4; mem(allocated: *):14605 on agent 4a223bc8-a527-49ab-8f24-a5941812d416-S1
at slave(1)@172.17.0.4:5051 (172.17.0.4) to framework 4a223bc8-a527-49ab-8f24-a5941812d416-0001 (metronome) at scheduler-ca9601af-122f-4941-a1c3-58649859f536@172.17.0.2:15201
I0923 06:42:27.000000 2394 master.cpp:9445] Sending offers [ 4a223bc8-a527-49ab-8f24-a5941812d416-O37048 ] to framework 4a223bc8-a527-49ab-8f24-a5941812d416-0001 (metronome) at scheduler-ca9601af-122f-4941-a1c3-58649859f536@172.17.0.2:15201
I0923 06:42:27.000000 2408 master.cpp:5837] Processing DECLINE call for offers: [ 4a223bc8-a527-49ab-8f24-a5941812d416-O37048 ] for framework 4a223bc8-a527-49ab-8f24-a5941812d416-0001 (metronome) at scheduler-ca9601af-122f-4941-a1c3-58649859f536@172.17.0.2:15201
I0923 06:42:27.000000 2408 master.cpp:11439] Removing offer 4a223bc8-a527-49ab-8f24-a5941812d416-O37048
I0923 06:42:28.000000 2403 http.cpp:1117] HTTP GET for /master/state-summary from 172.17.0.2:43392 with User-Agent='python-requests/2.18.4'
I0923 06:42:29.000000 2399 master.cpp:8955] Performing explicit task state reconciliation for 1 tasks of framework 4a223bc8-a527-49ab-8f24-a5941812d416-0000 (marathon) at scheduler-85881496-41c0-403f-8000-d7d5063cc648@172.17.0.2:15101
I0923 06:42:29.000000 2399 master.cpp:9116] Sending explicit reconciliation state TASK_UNKNOWN for task fake-marathon-pacemaker-task-7bfdac33-6b10-4496-b639-4dfb05116145 of framework 4a223bc8-a527-49ab-8f24-a5941812d416-0000 (marathon) at scheduler-85881496-41c0-403f-8000-d7d5063cc648@172.17.0.2:15101
I0923 06:42:30.000000 2399 http.cpp:1117] HTTP GET for /master/state-summary from 172.17.0.2:43398 with User-Agent='python-requests/2.18.4'
I0923 06:42:32.000000 2397 http.cpp:1117] HTTP GET for /master/state-summary from 172.17.0.2:43404 with User-Agent='python-requests/2.18.4'
I0923 06:42:33.000000 2408 http.cpp:1117] HTTP GET for /master/state-summary from 172.17.0.2:43410 with User-Agent='Master Admin Router'
I0923 06:42:34.000000 2402 http.cpp:1117] HTTP GET for /master/state-summary from 172.17.0.2:43416 with User-Agent='python-requests/2.18.4'
I0923 06:42:36.000000 2396 http.cpp:1117] HTTP GET for /master/state-summary from 172.17.0.2:43422 with User-Agent='python-requests/2.18.4'
I0923 06:42:36.000000 2404 master.hpp:418] Sending heartbeat to subscriber f7d1785c-628b-4508-ae3b-4c0b47e55f2c
I0923 06:42:38.000000 2405 http.cpp:1117] HTTP GET for /master/state-summary from 172.17.0.2:43432 with User-Agent='python-requests/2.18.4'
I0923 06:42:41.000000 2397 http.cpp:1117] HTTP GET for /master/state-summary from 172.17.0.2:43438 with User-Agent='python-requests/2.18.4'
I0923 06:42:43.000000 2401 http.cpp:1117] HTTP GET for /master/state-summary from 172.17.0.2:43444 with User-Agent='python-requests/2.18.4'
I0923 06:42:44.000000 2408 master.cpp:8955] Performing explicit task state reconciliation for 1 tasks of framework 4a223bc8-a527-49ab-8f24-a5941812d416-0000 (marathon) at scheduler-85881496-41c0-403f-8000-d7d5063cc648@172.17.0.2:15101
I0923 06:42:44.000000 2408 master.cpp:9116] Sending explicit reconciliation state TASK_UNKNOWN for task fake-marathon-pacemaker-task-7bfdac33-6b10-4496-b639-4dfb05116145 of framework 4a223bc8-a527-49ab-8f24-a5941812d416-0000 (marathon) at scheduler-85881496-41c0-403f-8000-d7d5063cc648@172.17.0.2:15101
I0923 06:42:45.000000 2401 http.cpp:1117] HTTP GET for /master/state-summary from 172.17.0.2:43450 with User-Agent='python-requests/2.18.4'
I0923 06:42:47.000000 2395 http.cpp:1117] HTTP GET for /master/state-summary from 172.17.0.2:43456 with User-Agent='python-requests/2.18.4'
I0923 06:42:49.000000 2401 http.cpp:1117] HTTP GET for /master/state-summary from 172.17.0.2:43462 with User-Agent='python-requests/2.18.4'
I0923 06:42:49.000000 2401 http.cpp:1117] HTTP GET for /master/state.json from 172.17.0.2:43464 with User-Agent='Mesos-DNS'
I0923 06:42:51.000000 2406 http.cpp:1117] HTTP GET for /master/state-summary from 172.17.0.2:43470 with User-Agent='python-requests/2.18.4'
I0923 06:42:51.000000 2401 master.cpp:8889] Performing implicit task state reconciliation for framework 4a223bc8-a527-49ab-8f24-a5941812d416-0000 (marathon) at scheduler-85881496-41c0-403f-8000-d7d5063cc648@172.17.0.2:15101
I0923 06:42:51.000000 2401 master.hpp:418] Sending heartbeat to subscriber f7d1785c-628b-4508-ae3b-4c0b47e55f2c
I0923 06:42:53.000000 2399 http.cpp:1117] HTTP GET for /master/state-summary from 172.17.0.2:43476 with User-Agent='python-requests/2.18.4'
I0923 06:42:55.000000 2405 http.cpp:1117] HTTP GET for /master/state-summary from 172.17.0.2:43482 with User-Agent='python-requests/2.18.4'
I0923 06:42:57.000000 2400 http.cpp:1117] HTTP GET for /master/state-summary from 172.17.0.2:43488 with User-Agent='python-requests/2.18.4'
I0923 06:42:58.000000 2408 http.cpp:1117] HTTP GET for /master/state-summary from 172.17.0.2:43490 with User-Agent='Master Admin Router'
I0923 06:42:59.000000 2404 http.cpp:1117] HTTP GET for /master/state-summary from 172.17.0.2:43500 with User-Agent='python-requests/2.18.4'
I0923 06:42:59.000000 2402 master.cpp:8955] Performing explicit task state reconciliation for 1 tasks of framework 4a223bc8-a527-49ab-8f24-a5941812d416-0000 (marathon) at scheduler-85881496-41c0-403f-8000-d7d5063cc648@172.17.0.2:15101
I0923 06:42:59.000000 2402 master.cpp:9116] Sending explicit reconciliation state TASK_UNKNOWN for task fake-marathon-pacemaker-task-7bfdac33-6b10-4496-b639-4dfb05116145 of framework 4a223bc8-a527-49ab-8f24-a5941812d416-0000 (marathon) at scheduler-85881496-41c0-403f-8000-d7d5063cc648@172.17.0.2:15101
I0923 06:43:01.000000 2404 http.cpp:1117] HTTP GET for /master/state-summary from 172.17.0.2:43506 with User-Agent='python-requests/2.18.4'
I0923 06:43:03.000000 2398 http.cpp:1117] HTTP GET for /master/state-summary from 172.17.0.2:43512 with User-Agent='python-requests/2.18.4'
I0923 06:43:05.000000 2408 http.cpp:1117] HTTP GET for /master/state-summary from 172.17.0.2:43534 with User-Agent='python-requests/2.18.4'
I0923 06:43:06.000000 2408 master.hpp:418] Sending heartbeat to subscriber f7d1785c-628b-4508-ae3b-4c0b47e55f2c
I0923 06:43:07.000000 2396 http.cpp:1117] HTTP GET for /master/state-summary from 172.17.0.2:43540 with User-Agent='python-requests/2.18.4'
I0923 06:43:09.000000 2397 http.cpp:1117] HTTP GET for /master/state-summary from 172.17.0.2:43546 with User-Agent='python-requests/2.18.4'
I0923 06:43:11.000000 2400 http.cpp:1117] HTTP GET for /master/state-summary from 172.17.0.2:43552 with User-Agent='python-requests/2.18.4'
I0923 06:43:13.000000 2402 http.cpp:1117] HTTP GET for /master/state-summary from 172.17.0.2:43558 with User-Agent='python-requests/2.18.4'
I0923 06:43:14.000000 2393 http.cpp:1117] HTTP GET for /master/slaves from 172.17.0.2:47748 with User-Agent='Go-http-client/1.1'
I0923 06:43:14.000000 2400 master.cpp:8955] Performing explicit task state reconciliation for 1 tasks of framework 4a223bc8-a527-49ab-8f24-a5941812d416-0000 (marathon) at scheduler-85881496-41c0-403f-8000-d7d5063cc648@172.17.0.2:15101
I0923 06:43:14.000000 2400 master.cpp:9116] Sending explicit reconciliation state TASK_UNKNOWN for task fake-marathon-pacemaker-task-7bfdac33-6b10-4496-b639-4dfb05116145 of framework 4a223bc8-a527-49ab-8f24-a5941812d416-0000 (marathon) at scheduler-85881496-41c0-403f-8000-d7d5063cc648@172.17.0.2:15101
I0923 06:43:15.000000 2408 http.cpp:1117] HTTP GET for /master/state-summary from 172.17.0.2:43566 with User-Agent='python-requests/2.18.4'
I0923 06:43:17.000000 2408 http.cpp:1117] HTTP GET for /master/state-summary from 172.17.0.2:43572 with User-Agent='python-requests/2.18.4'
I0923 06:43:19.000000 2406 http.cpp:1117] HTTP GET for /master/state-summary from 172.17.0.2:43578 with User-Agent='python-requests/2.18.4'
I0923 06:43:19.000000 2403 http.cpp:1117] HTTP GET for /master/state.json from 172.17.0.2:43580 with User-Agent='Mesos-DNS'
I0923 06:43:21.000000 2408 http.cpp:1117] HTTP GET for /master/state-summary from 172.17.0.2:43586 with User-Agent='python-requests/2.18.4'
I0923 06:43:21.000000 2400 master.hpp:418] Sending heartbeat to subscriber f7d1785c-628b-4508-ae3b-4c0b47e55f2c
I0923 06:43:23.000000 2394 http.cpp:1117] HTTP GET for /master/state-summary from 172.17.0.2:43592 with User-Agent='python-requests/2.18.4'
I0923 06:43:23.000000 2405 http.cpp:1117] HTTP GET for /master/state-summary from 172.17.0.2:43594 with User-Agent='Master Admin Router'
I0923 06:43:25.000000 2396 http.cpp:1117] HTTP GET for /master/state-summary from 172.17.0.2:43604 with User-Agent='python-requests/2.18.4'
I0923 06:43:27.000000 2393 http.cpp:1117] HTTP GET for /master/state-summary from 172.17.0.2:43610 with User-Agent='python-requests/2.18.4'
I0923 06:43:29.000000 2396 http.cpp:1117] HTTP GET for /master/state-summary from 172.17.0.2:43616 with User-Agent='python-requests/2.18.4'
I0923 06:43:30.000000 2393 master.cpp:8955] Performing explicit task state reconciliation for 1 tasks of framework 4a223bc8-a527-49ab-8f24-a5941812d416-0000 (marathon) at scheduler-85881496-41c0-403f-8000-d7d5063cc648@172.17.0.2:15101
I0923 06:43:30.000000 2393 master.cpp:9116] Sending explicit reconciliation state TASK_UNKNOWN for task fake-marathon-pacemaker-task-7bfdac33-6b10-4496-b639-4dfb05116145 of framework 4a223bc8-a527-49ab-8f24-a5941812d416-0000 (marathon) at scheduler-85881496-41c0-403f-8000-d7d5063cc648@172.17.0.2:15101
I0923 06:43:31.000000 2405 http.cpp:1117] HTTP GET for /master/state-summary from 172.17.0.2:43622 with User-Agent='python-requests/2.18.4'
I0923 06:43:33.000000 2397 http.cpp:1117] HTTP GET for /master/state-summary from 172.17.0.2:43628 with User-Agent='python-requests/2.18.4'
I0923 06:43:35.000000 2398 http.cpp:1117] HTTP GET for /master/state-summary from 172.17.0.2:43634 with User-Agent='python-requests/2.18.4'
I0923 06:43:36.000000 2397 master.hpp:418] Sending heartbeat to subscriber f7d1785c-628b-4508-ae3b-4c0b47e55f2c
I0923 06:43:37.000000 2403 http.cpp:1117] HTTP GET for /master/state-summary from 172.17.0.2:43640 with User-Agent='python-requests/2.18.4'
I0923 06:43:39.000000 2400 http.cpp:1117] HTTP GET for /master/state-summary from 172.17.0.2:43646 with User-Agent='python-requests/2.18.4'
I0923 06:43:41.000000 2404 http.cpp:1117] HTTP GET for /master/state-summary from 172.17.0.2:43652 with User-Agent='python-requests/2.18.4'
I0923 06:43:43.000000 2400 http.cpp:1117] HTTP GET for /master/state-summary from 172.17.0.2:43658 with User-Agent='python-requests/2.18.4'
I0923 06:43:45.000000 2393 master.cpp:8955] Performing explicit task state reconciliation for 1 tasks of framework 4a223bc8-a527-49ab-8f24-a5941812d416-0000 (marathon) at scheduler-85881496-41c0-403f-8000-d7d5063cc648@172.17.0.2:15101
I0923 06:43:45.000000 2393 master.cpp:9116] Sending explicit reconciliation state TASK_UNKNOWN for task fake-marathon-pacemaker-task-7bfdac33-6b10-4496-b639-4dfb05116145 of framework 4a223bc8-a527-49ab-8f24-a5941812d416-0000 (marathon) at scheduler-85881496-41c0-403f-8000-d7d5063cc648@172.17.0.2:15101
I0923 06:43:45.000000 2400 http.cpp:1117] HTTP GET for /master/state-summary from 172.17.0.2:43664 with User-Agent='python-requests/2.18.4'
I0923 06:43:47.000000 2400 http.cpp:1117] HTTP GET for /master/state-summary from 172.17.0.2:43670 with User-Agent='python-requests/2.18.4'
I0923 06:43:48.000000 2405 http.cpp:1117] HTTP GET for /master/state-summary from 172.17.0.2:43672 with User-Agent='Master Admin Router'
I0923 06:43:49.000000 2408 http.cpp:1117] HTTP GET for /master/state-summary from 172.17.0.2:43682 with User-Agent='python-requests/2.18.4'
I0923 06:43:49.000000 2403 http.cpp:1117] HTTP GET for /master/state.json from 172.17.0.2:43684 with User-Agent='Mesos-DNS'
I0923 06:43:51.000000 2394 http.cpp:1117] HTTP GET for /master/state-summary from 172.17.0.2:43690 with User-Agent='python-requests/2.18.4'
I0923 06:43:51.000000 2400 master.hpp:418] Sending heartbeat to subscriber f7d1785c-628b-4508-ae3b-4c0b47e55f2c
I0923 06:43:53.000000 2403 http.cpp:1117] HTTP GET for /master/state-summary from 172.17.0.2:43696 with User-Agent='python-requests/2.18.4'
I0923 06:43:55.000000 2396 http.cpp:1117] HTTP GET for /master/state-summary from 172.17.0.2:43702 with User-Agent='python-requests/2.18.4'
I0923 06:43:57.000000 2404 http.cpp:1117] HTTP GET for /master/state-summary from 172.17.0.2:43708 with User-Agent='python-requests/2.18.4'
I0923 06:43:59.000000 2404 http.cpp:1117] HTTP GET for /master/state-summary from 172.17.0.2:43714 with User-Agent='python-requests/2.18.4'
I0923 06:44:00.000000 2395 master.cpp:8955] Performing explicit task state reconciliation for 1 tasks of framework 4a223bc8-a527-49ab-8f24-a5941812d416-0000 (marathon) at scheduler-85881496-41c0-403f-8000-d7d5063cc648@172.17.0.2:15101
I0923 06:44:00.000000 2395 master.cpp:9116] Sending explicit reconciliation state TASK_UNKNOWN for task fake-marathon-pacemaker-task-7bfdac33-6b10-4496-b639-4dfb05116145 of framework 4a223bc8-a527-49ab-8f24-a5941812d416-0000 (marathon) at scheduler-85881496-41c0-403f-8000-d7d5063cc648@172.17.0.2:15101
I0923 06:44:01.000000 2396 http.cpp:1117] HTTP GET for /master/state-summary from 172.17.0.2:43720 with User-Agent='python-requests/2.18.4'
I0923 06:44:03.000000 2401 http.cpp:1117] HTTP GET for /master/state-summary from 172.17.0.2:43726 with User-Agent='python-requests/2.18.4'
I0923 06:44:05.000000 2393 http.cpp:1117] HTTP GET for /master/state-summary from 172.17.0.2:43750 with User-Agent='python-requests/2.18.4'
I0923 06:44:06.000000 2404 master.hpp:418] Sending heartbeat to subscriber f7d1785c-628b-4508-ae3b-4c0b47e55f2c
I0923 06:44:07.000000 2396 http.cpp:1117] HTTP GET for /master/state-summary from 172.17.0.2:43756 with User-Agent='python-requests/2.18.4'
I0923 06:44:09.000000 2399 http.cpp:1117] HTTP GET for /master/state-summary from 172.17.0.2:43762 with User-Agent='python-requests/2.18.4'
I0923 06:44:11.000000 2401 http.cpp:1117] HTTP GET for /master/state-summary from 172.17.0.2:43768 with User-Agent='python-requests/2.18.4'
I0923 06:44:13.000000 2396 http.cpp:1117] HTTP GET for /master/state-summary from 172.17.0.2:43774 with User-Agent='python-requests/2.18.4'
I0923 06:44:13.000000 2398 http.cpp:1117] HTTP GET for /master/state-summary from 172.17.0.2:43776 with User-Agent='Master Admin Router'
I0923 06:44:14.000000 2394 http.cpp:1117] HTTP GET for /master/slaves from 172.17.0.2:47748 with User-Agent='Go-http-client/1.1'
I0923 06:44:15.000000 2395 master.cpp:8955] Performing explicit task state reconciliation for 1 tasks of framework 4a223bc8-a527-49ab-8f24-a5941812d416-0000 (marathon) at scheduler-85881496-41c0-403f-8000-d7d5063cc648@172.17.0.2:15101
I0923 06:44:15.000000 2395 master.cpp:9116] Sending explicit reconciliation state TASK_UNKNOWN for task fake-marathon-pacemaker-task-7bfdac33-6b10-4496-b639-4dfb05116145 of framework 4a223bc8-a527-49ab-8f24-a5941812d416-0000 (marathon) at scheduler-85881496-41c0-403f-8000-d7d5063cc648@172.17.0.2:15101
I0923 06:44:15.000000 2394 http.cpp:1117] HTTP GET for /master/state-summary from 172.17.0.2:43788 with User-Agent='python-requests/2.18.4'
I0923 06:44:17.000000 2398 http.cpp:1117] HTTP GET for /master/state-summary from 172.17.0.2:43794 with User-Agent='python-requests/2.18.4'
I0923 06:44:19.000000 2399 http.cpp:1117] HTTP GET for /master/state-summary from 172.17.0.2:43800 with User-Agent='python-requests/2.18.4'
I0923 06:44:19.000000 2408 http.cpp:1117] HTTP GET for /master/state.json from 172.17.0.2:43802 with User-Agent='Mesos-DNS'
I0923 06:44:21.000000 2400 http.cpp:1117] HTTP GET for /master/state-summary from 172.17.0.2:43808 with User-Agent='python-requests/2.18.4'
I0923 06:44:21.000000 2398 master.hpp:418] Sending heartbeat to subscriber f7d1785c-628b-4508-ae3b-4c0b47e55f2c
I0923 06:44:23.000000 2401 http.cpp:1117] HTTP GET for /master/state-summary from 172.17.0.2:43814 with User-Agent='python-requests/2.18.4'
I0923 06:44:25.000000 2408 http.cpp:1117] HTTP GET for /master/state-summary from 172.17.0.2:43820 with User-Agent='python-requests/2.18.4'
I0923 06:44:27.000000 2405 master.cpp:9434] Sending offer 4a223bc8-a527-49ab-8f24-a5941812d416-O37049 containing resources ports(allocated: *):[1025-2180, 2182-2205, 2207-3887, 3889-4229, 4231-5049, 5052-6544, 6546-7828, 7830-8079, 8082-8180, 8182-10347, 10349-18147, 18149-21704, 21706-21883, 21885-23527, 23529-23534, 23536-24355, 24357-24899, 24901-25475, 25477-26217, 26219-26512, 26514-27302, 27304-32000]; disk(allocated: *):92933; cpus(allocated: *):0.6; mem(allocated: *):13517 on agent 4a223bc8-a527-49ab-8f24-a5941812d416-S2
at slave(1)@172.17.0.3:5051 (172.17.0.3) to framework 4a223bc8-a527-49ab-8f24-a5941812d416-0001 (metronome) at scheduler-ca9601af-122f-4941-a1c3-58649859f536@172.17.0.2:15201
I0923 06:44:27.000000 2405 master.cpp:9445] Sending offers [ 4a223bc8-a527-49ab-8f24-a5941812d416-O37049 ] to framework 4a223bc8-a527-49ab-8f24-a5941812d416-0001 (metronome) at scheduler-ca9601af-122f-4941-a1c3-58649859f536@172.17.0.2:15201
I0923 06:44:27.000000 2395 master.cpp:5837] Processing DECLINE call for offers: [ 4a223bc8-a527-49ab-8f24-a5941812d416-O37049 ] for framework 4a223bc8-a527-49ab-8f24-a5941812d416-0001 (metronome) at scheduler-ca9601af-122f-4941-a1c3-58649859f536@172.17.0.2:15201
I0923 06:44:27.000000 2395 master.cpp:11439] Removing offer 4a223bc8-a527-49ab-8f24-a5941812d416-O37049
I0923 06:44:27.000000 2396 http.cpp:1117] HTTP GET for /master/state-summary from 172.17.0.2:43826 with User-Agent='python-requests/2.18.4'
I0923 06:44:28.000000 2394 master.cpp:9434] Sending offer 4a223bc8-a527-49ab-8f24-a5941812d416-O37050 containing resources ports(allocated: *):[1025-2180, 2182-3887, 3889-5049, 5052-8079, 8082-8180, 8182-32000]; disk(allocated: *):93316; cpus(allocated: *):4; mem(allocated: *):14605 on agent 4a223bc8-a527-49ab-8f24-a5941812d416-S1
at slave(1)@172.17.0.4:5051 (172.17.0.4) to framework 4a223bc8-a527-49ab-8f24-a5941812d416-0001 (metronome) at scheduler-ca9601af-122f-4941-a1c3-58649859f536@172.17.0.2:15201
I0923 06:44:28.000000 2394 master.cpp:9445] Sending offers [ 4a223bc8-a527-49ab-8f24-a5941812d416-O37050 ] to framework 4a223bc8-a527-49ab-8f24-a5941812d416-0001 (metronome) at scheduler-ca9601af-122f-4941-a1c3-58649859f536@172.17.0.2:15201
I0923 06:44:28.000000 2400 master.cpp:5837] Processing DECLINE call for offers: [ 4a223bc8-a527-49ab-8f24-a5941812d416-O37050 ] for framework 4a223bc8-a527-49ab-8f24-a5941812d416-0001 (metronome) at scheduler-ca9601af-122f-4941-a1c3-58649859f536@172.17.0.2:15201
I0923 06:44:28.000000 2400 master.cpp:11439] Removing offer 4a223bc8-a527-49ab-8f24-a5941812d416-O37050
I0923 06:44:29.000000 2406 http.cpp:1117] HTTP GET for /master/state-summary from 172.17.0.2:43832 with User-Agent='python-requests/2.18.4'
I0923 06:44:30.000000 2398 master.cpp:8955] Performing explicit task state reconciliation for 1 tasks of framework 4a223bc8-a527-49ab-8f24-a5941812d416-0000 (marathon) at scheduler-85881496-41c0-403f-8000-d7d5063cc648@172.17.0.2:15101
I0923 06:44:30.000000 2398 master.cpp:9116] Sending explicit reconciliation state TASK_UNKNOWN for task fake-marathon-pacemaker-task-7bfdac33-6b10-4496-b639-4dfb05116145 of framework 4a223bc8-a527-49ab-8f24-a5941812d416-0000 (marathon) at scheduler-85881496-41c0-403f-8000-d7d5063cc648@172.17.0.2:15101
I0923 06:44:31.000000 2404 http.cpp:1117] HTTP GET for /master/state-summary from 172.17.0.2:43838 with User-Agent='python-requests/2.18.4'
I0923 06:44:33.000000 2406 http.cpp:1117] HTTP GET for /master/state-summary from 172.17.0.2:43844 with User-Agent='python-requests/2.18.4'
I0923 06:44:35.000000 2404 http.cpp:1117] HTTP GET for /master/state-summary from 172.17.0.2:43850 with User-Agent='python-requests/2.18.4'
I0923 06:44:37.000000 2396 master.hpp:418] Sending heartbeat to subscriber f7d1785c-628b-4508-ae3b-4c0b47e55f2c
I0923 06:44:37.000000 2408 http.cpp:1117] HTTP GET for /master/state-summary from 172.17.0.2:43856 with User-Agent='python-requests/2.18.4'
I0923 06:44:38.000000 2393 http.cpp:1117] HTTP GET for /master/state-summary from 172.17.0.2:43858 with User-Agent='Master Admin Router'
I0923 06:44:39.000000 2395 http.cpp:1117] HTTP GET for /master/state-summary from 172.17.0.2:43868 with User-Agent='python-requests/2.18.4'
I0923 06:44:41.000000 2403 http.cpp:1117] HTTP GET for /master/state-summary from 172.17.0.2:43874 with User-Agent='python-requests/2.18.4'
I0923 06:44:43.000000 2404 http.cpp:1117] HTTP GET for /master/state-summary from 172.17.0.2:43880 with User-Agent='python-requests/2.18.4'
I0923 06:44:45.000000 2397 master.cpp:8955] Performing explicit task state reconciliation for 1 tasks of framework 4a223bc8-a527-49ab-8f24-a5941812d416-0000 (marathon) at scheduler-85881496-41c0-403f-8000-d7d5063cc648@172.17.0.2:15101
I0923 06:44:45.000000 2397 master.cpp:9116] Sending explicit reconciliation state TASK_UNKNOWN for task fake-marathon-pacemaker-task-7bfdac33-6b10-4496-b639-4dfb05116145 of framework 4a223bc8-a527-49ab-8f24-a5941812d416-0000 (marathon) at scheduler-85881496-41c0-403f-8000-d7d5063cc648@172.17.0.2:15101
I0923 06:44:45.000000 2395 http.cpp:1117] HTTP GET for /master/state-summary from 172.17.0.2:43886 with User-Agent='python-requests/2.18.4'
I0923 06:44:47.000000 2401 http.cpp:1117] HTTP GET for /master/state-summary from 172.17.0.2:43892 with User-Agent='python-requests/2.18.4'
I0923 06:44:49.000000 2404 http.cpp:1117] HTTP GET for /master/state-summary from 172.17.0.2:43898 with User-Agent='python-requests/2.18.4'
I0923 06:44:49.000000 2395 http.cpp:1117] HTTP GET for /master/state.json from 172.17.0.2:43900 with User-Agent='Mesos-DNS'
I0923 06:44:51.000000 2403 http.cpp:1117] HTTP GET for /master/state-summary from 172.17.0.2:43906 with User-Agent='python-requests/2.18.4'
I0923 06:44:52.000000 2403 master.hpp:418] Sending heartbeat to subscriber f7d1785c-628b-4508-ae3b-4c0b47e55f2c
I0923 06:44:53.000000 2405 http.cpp:1117] HTTP GET for /master/state-summary from 172.17.0.2:43912 with User-Agent='python-requests/2.18.4'
I0923 06:44:55.000000 2397 http.cpp:1117] HTTP GET for /master/state-summary from 172.17.0.2:43918 with User-Agent='python-requests/2.18.4'
I0923 06:44:57.000000 2405 http.cpp:1117] HTTP GET for /master/state-summary from 172.17.0.2:43924 with User-Agent='python-requests/2.18.4'
I0923 06:44:59.000000 2405 http.cpp:1117] HTTP GET for /master/state-summary from 172.17.0.2:43930 with User-Agent='python-requests/2.18.4'
I0923 06:45:00.000000 2396 master.cpp:8955] Performing explicit task state reconciliation for 1 tasks of framework 4a223bc8-a527-49ab-8f24-a5941812d416-0000 (marathon) at scheduler-85881496-41c0-403f-8000-d7d5063cc648@172.17.0.2:15101
I0923 06:45:00.000000 2396 master.cpp:9116] Sending explicit reconciliation state TASK_UNKNOWN for task fake-marathon-pacemaker-task-7bfdac33-6b10-4496-b639-4dfb05116145 of framework 4a223bc8-a527-49ab-8f24-a5941812d416-0000 (marathon) at scheduler-85881496-41c0-403f-8000-d7d5063cc648@172.17.0.2:15101
I0923 06:45:01.000000 2397 http.cpp:1117] HTTP GET for /master/state-summary from 172.17.0.2:43936 with User-Agent='python-requests/2.18.4'
I0923 06:45:03.000000 2404 http.cpp:1117] HTTP GET for /master/state-summary from 172.17.0.2:43942 with User-Agent='python-requests/2.18.4'
I0923 06:45:03.000000 2406 http.cpp:1117] HTTP GET for /master/state-summary from 172.17.0.2:43944 with User-Agent='Master Admin Router'
I0923 06:45:05.000000 2403 http.cpp:1117] HTTP GET for /master/state-summary from 172.17.0.2:43974 with User-Agent='python-requests/2.18.4'
I0923 06:45:07.000000 2400 master.hpp:418] Sending heartbeat to subscriber f7d1785c-628b-4508-ae3b-4c0b47e55f2c
I0923 06:45:07.000000 2397 http.cpp:1117] HTTP GET for /master/state-summary from 172.17.0.2:43980 with User-Agent='python-requests/2.18.4'
I0923 06:45:09.000000 2407 http.cpp:1117] HTTP GET for /master/state-summary from 172.17.0.2:43986 with User-Agent='python-requests/2.18.4'
I0923 06:45:11.000000 2396 http.cpp:1117] HTTP GET for /master/state-summary from 172.17.0.2:43992 with User-Agent='python-requests/2.18.4'
I0923 06:45:13.000000 2397 http.cpp:1117] HTTP GET for /master/state-summary from 172.17.0.2:43998 with User-Agent='python-requests/2.18.4'
I0923 06:45:14.000000 2397 http.cpp:1117] HTTP GET for /master/slaves from 172.17.0.2:47748 with User-Agent='Go-http-client/1.1'
I0923 06:45:15.000000 2407 master.cpp:8955] Performing explicit task state reconciliation for 1 tasks of framework 4a223bc8-a527-49ab-8f24-a5941812d416-0000 (marathon) at scheduler-85881496-41c0-403f-8000-d7d5063cc648@172.17.0.2:15101
I0923 06:45:15.000000 2407 master.cpp:9116] Sending explicit reconciliation state TASK_UNKNOWN for task fake-marathon-pacemaker-task-7bfdac33-6b10-4496-b639-4dfb05116145 of framework 4a223bc8-a527-49ab-8f24-a5941812d416-0000 (marathon) at scheduler-85881496-41c0-403f-8000-d7d5063cc648@172.17.0.2:15101
I0923 06:45:15.000000 2393 http.cpp:1117] HTTP GET for /master/state-summary from 172.17.0.2:44006 with User-Agent='python-requests/2.18.4'
I0923 06:45:17.000000 2397 http.cpp:1117] HTTP GET for /master/state-summary from 172.17.0.2:44012 with User-Agent='python-requests/2.18.4'
I0923 06:45:19.000000 2393 http.cpp:1117] HTTP GET for /master/state-summary from 172.17.0.2:44018 with User-Agent='python-requests/2.18.4'
I0923 06:45:19.000000 2398 http.cpp:1117] HTTP GET for /master/state.json from 172.17.0.2:44020 with User-Agent='Mesos-DNS'
I0923 06:45:21.000000 2397 http.cpp:1117] HTTP GET for /master/state-summary from 172.17.0.2:44026 with User-Agent='python-requests/2.18.4'
I0923 06:45:22.000000 2395 master.hpp:418] Sending heartbeat to subscriber f7d1785c-628b-4508-ae3b-4c0b47e55f2c
I0923 06:45:23.000000 2400 http.cpp:1117] HTTP GET for /master/state-summary from 172.17.0.2:44032 with User-Agent='python-requests/2.18.4'
I0923 06:45:25.000000 2406 http.cpp:1117] HTTP GET for /master/state-summary from 172.17.0.2:44038 with User-Agent='python-requests/2.18.4'
I0923 06:45:27.000000 2404 http.cpp:1117] HTTP GET for /master/state-summary from 172.17.0.2:44044 with User-Agent='python-requests/2.18.4'
I0923 06:45:28.000000 2408 http.cpp:1117] HTTP GET for /master/state-summary from 172.17.0.2:44046 with User-Agent='Master Admin Router'
I0923 06:45:29.000000 2408 http.cpp:1117] HTTP GET for /master/state-summary from 172.17.0.2:44056 with User-Agent='python-requests/2.18.4'
I0923 06:45:30.000000 2397 master.cpp:8955] Performing explicit task state reconciliation for 1 tasks of framework 4a223bc8-a527-49ab-8f24-a5941812d416-0000 (marathon) at scheduler-85881496-41c0-403f-8000-d7d5063cc648@172.17.0.2:15101
I0923 06:45:30.000000 2397 master.cpp:9116] Sending explicit reconciliation state TASK_UNKNOWN for task fake-marathon-pacemaker-task-7bfdac33-6b10-4496-b639-4dfb05116145 of framework 4a223bc8-a527-49ab-8f24-a5941812d416-0000 (marathon) at scheduler-85881496-41c0-403f-8000-d7d5063cc648@172.17.0.2:15101
I0923 06:45:31.000000 2396 http.cpp:1117] HTTP GET for /master/state-summary from 172.17.0.2:44062 with User-Agent='python-requests/2.18.4'
I0923 06:45:33.000000 2401 http.cpp:1117] HTTP GET for /master/state-summary from 172.17.0.2:44068 with User-Agent='python-requests/2.18.4'
I0923 06:45:35.000000 2404 http.cpp:1117] HTTP GET for /master/state-summary from 172.17.0.2:44074 with User-Agent='python-requests/2.18.4'
I0923 06:45:37.000000 2407 master.hpp:418] Sending heartbeat to subscriber f7d1785c-628b-4508-ae3b-4c0b47e55f2c
I0923 06:45:37.000000 2399 http.cpp:1117] HTTP GET for /master/state-summary from 172.17.0.2:44080 with User-Agent='python-requests/2.18.4'
I0923 06:45:39.000000 2407 http.cpp:1117] HTTP GET for /master/state-summary from 172.17.0.2:44086 with User-Agent='python-requests/2.18.4'
I0923 06:45:41.000000 2402 http.cpp:1117] HTTP GET for /master/state-summary from 172.17.0.2:44092 with User-Agent='python-requests/2.18.4'
I0923 06:45:43.000000 2406 http.cpp:1117] HTTP GET for /master/state-summary from 172.17.0.2:44098 with User-Agent='python-requests/2.18.4'
I0923 06:45:45.000000 2394 master.cpp:8955] Performing explicit task state reconciliation for 1 tasks of framework 4a223bc8-a527-49ab-8f24-a5941812d416-0000 (marathon) at scheduler-85881496-41c0-403f-8000-d7d5063cc648@172.17.0.2:15101
I0923 06:45:45.000000 2394 master.cpp:9116] Sending explicit reconciliation state TASK_UNKNOWN for task fake-marathon-pacemaker-task-7bfdac33-6b10-4496-b639-4dfb05116145 of framework 4a223bc8-a527-49ab-8f24-a5941812d416-0000 (marathon) at scheduler-85881496-41c0-403f-8000-d7d5063cc648@172.17.0.2:15101
I0923 06:45:45.000000 2408 http.cpp:1117] HTTP GET for /master/state-summary from 172.17.0.2:44104 with User-Agent='python-requests/2.18.4'
I0923 06:45:47.000000 2396 http.cpp:1117] HTTP GET for /master/state-summary from 172.17.0.2:44110 with User-Agent='python-requests/2.18.4'
I0923 06:45:49.000000 2400 http.cpp:1117] HTTP GET for /master/state-summary from 172.17.0.2:44116 with User-Agent='python-requests/2.18.4'
