I0923 06:29:29.000000 2405 master.cpp:9116] Sending explicit reconciliation state TASK_UNKNOWN for task fake-marathon-pacemaker-task-7bfdac33-6b10-4496-b639-4dfb05116145 of framework 4a223bc8-a527-49ab-8f24-a5941812d416-0000 (marathon) at scheduler-85881496-41c0-403f-8000-d7d5063cc648@172.17.0.2:15101
I0923 06:29:30.000000 2403 http.cpp:1117] HTTP GET for /master/state-summary from 172.17.0.2:39968 with User-Agent='python-requests/2.18.4'
I0923 06:29:32.000000 2402 http.cpp:1117] HTTP GET for /master/state-summary from 172.17.0.2:39974 with User-Agent='python-requests/2.18.4'
I0923 06:29:34.000000 2402 http.cpp:1117] HTTP GET for /master/state-summary from 172.17.0.2:39986 with User-Agent='python-requests/2.18.4'
I0923 06:29:36.000000 2401 http.cpp:1117] HTTP GET for /master/state-summary from 172.17.0.2:39992 with User-Agent='python-requests/2.18.4'
I0923 06:29:36.000000 2405 master.hpp:418] Sending heartbeat to subscriber f7d1785c-628b-4508-ae3b-4c0b47e55f2c
I0923 06:29:38.000000 2408 http.cpp:1117] HTTP GET for /master/state-summary from 172.17.0.2:40004 with User-Agent='Master Admin Router'
I0923 06:29:38.000000 2398 http.cpp:1117] HTTP GET for /master/state-summary from 172.17.0.2:40010 with User-Agent='python-requests/2.18.4'
I0923 06:29:40.000000 2406 http.cpp:1117] HTTP GET for /master/state-summary from 172.17.0.2:40016 with User-Agent='python-requests/2.18.4'
I0923 06:29:42.000000 2396 http.cpp:1117] HTTP GET for /master/state-summary from 172.17.0.2:40022 with User-Agent='python-requests/2.18.4'
I0923 06:29:44.000000 2395 master.cpp:8955] Performing explicit task state reconciliation for 1 tasks of framework 4a223bc8-a527-49ab-8f24-a5941812d416-0000 (marathon) at scheduler-85881496-41c0-403f-8000-d7d5063cc648@172.17.0.2:15101
I0923 06:29:44.000000 2395 master.cpp:9116] Sending explicit reconciliation state TASK_UNKNOWN for task fake-marathon-pacemaker-task-7bfdac33-6b10-4496-b639-4dfb05116145 of framework 4a223bc8-a527-49ab-8f24-a5941812d416-0000 (marathon) at scheduler-85881496-41c0-403f-8000-d7d5063cc648@172.17.0.2:15101
I0923 06:29:44.000000 2396 http.cpp:1117] HTTP GET for /master/state-summary from 172.17.0.2:40034 with User-Agent='python-requests/2.18.4'
I0923 06:29:46.000000 2403 http.cpp:1117] HTTP GET for /master/state-summary from 172.17.0.2:40040 with User-Agent='python-requests/2.18.4'
I0923 06:29:48.000000 2404 http.cpp:1117] HTTP GET for /master/state-summary from 172.17.0.2:40052 with User-Agent='python-requests/2.18.4'
I0923 06:29:49.000000 2399 http.cpp:1117] HTTP GET for /master/state.json from 172.17.0.2:40054 with User-Agent='Mesos-DNS'
I0923 06:29:50.000000 2396 http.cpp:1117] HTTP GET for /master/state-summary from 172.17.0.2:40060 with User-Agent='python-requests/2.18.4'
I0923 06:29:51.000000 2404 master.hpp:418] Sending heartbeat to subscriber f7d1785c-628b-4508-ae3b-4c0b47e55f2c
I0923 06:29:52.000000 2402 http.cpp:1117] HTTP GET for /master/state-summary from 172.17.0.2:40066 with User-Agent='python-requests/2.18.4'
I0923 06:29:54.000000 2406 http.cpp:1117] HTTP GET for /master/state-summary from 172.17.0.2:40078 with User-Agent='python-requests/2.18.4'
I0923 06:29:56.000000 2397 http.cpp:1117] HTTP GET for /master/state-summary from 172.17.0.2:40084 with User-Agent='python-requests/2.18.4'
I0923 06:29:58.000000 2404 http.cpp:1117] HTTP GET for /master/state-summary from 172.17.0.2:40096 with User-Agent='python-requests/2.18.4'
I0923 06:29:59.000000 2397 master.cpp:8955] Performing explicit task state reconciliation for 1 tasks of framework 4a223bc8-a527-49ab-8f24-a5941812d416-0000 (marathon) at scheduler-85881496-41c0-403f-8000-d7d5063cc648@172.17.0.2:15101
I0923 06:29:59.000000 2397 master.cpp:9116] Sending explicit reconciliation state TASK_UNKNOWN for task fake-marathon-pacemaker-task-7bfdac33-6b10-4496-b639-4dfb05116145 of framework 4a223bc8-a527-49ab-8f24-a5941812d416-0000 (marathon) at scheduler-85881496-41c0-403f-8000-d7d5063cc648@172.17.0.2:15101
I0923 06:30:00.000000 2405 http.cpp:1117] HTTP GET for /master/state-summary from 172.17.0.2:40102 with User-Agent='python-requests/2.18.4'
I0923 06:30:02.000000 2403 http.cpp:1117] HTTP GET for /master/state-summary from 172.17.0.2:40108 with User-Agent='python-requests/2.18.4'
I0923 06:30:03.000000 2406 http.cpp:1117] HTTP GET for /master/state-summary from 172.17.0.2:40116 with User-Agent='Master Admin Router'
I0923 06:30:04.000000 2396 http.cpp:1117] HTTP GET for /master/state-summary from 172.17.0.2:40144 with User-Agent='python-requests/2.18.4'
I0923 06:30:06.000000 2396 http.cpp:1117] HTTP GET for /master/state-summary from 172.17.0.2:40150 with User-Agent='python-requests/2.18.4'
I0923 06:30:06.000000 2396 master.hpp:418] Sending heartbeat to subscriber f7d1785c-628b-4508-ae3b-4c0b47e55f2c
I0923 06:30:08.000000 2397 http.cpp:1117] HTTP GET for /master/state-summary from 172.17.0.2:40162 with User-Agent='python-requests/2.18.4'
I0923 06:30:10.000000 2405 http.cpp:1117] HTTP GET for /master/state-summary from 172.17.0.2:40168 with User-Agent='python-requests/2.18.4'
I0923 06:30:11.000000 2399 http.cpp:1117] HTTP GET for /master/slaves from 172.17.0.2:47748 with User-Agent='Go-http-client/1.1'
I0923 06:30:12.000000 2408 http.cpp:1117] HTTP GET for /master/state-summary from 172.17.0.2:40176 with User-Agent='python-requests/2.18.4'
I0923 06:30:14.000000 2400 master.cpp:8955] Performing explicit task state reconciliation for 1 tasks of framework 4a223bc8-a527-49ab-8f24-a5941812d416-0000 (marathon) at scheduler-85881496-41c0-403f-8000-d7d5063cc648@172.17.0.2:15101
I0923 06:30:14.000000 2400 master.cpp:9116] Sending explicit reconciliation state TASK_UNKNOWN for task fake-marathon-pacemaker-task-7bfdac33-6b10-4496-b639-4dfb05116145 of framework 4a223bc8-a527-49ab-8f24-a5941812d416-0000 (marathon) at scheduler-85881496-41c0-403f-8000-d7d5063cc648@172.17.0.2:15101
I0923 06:30:14.000000 2407 http.cpp:1117] HTTP GET for /master/state-summary from 172.17.0.2:40188 with User-Agent='python-requests/2.18.4'
I0923 06:30:16.000000 2399 http.cpp:1117] HTTP GET for /master/state-summary from 172.17.0.2:40194 with User-Agent='python-requests/2.18.4'
I0923 06:30:18.000000 2398 http.cpp:1117] HTTP GET for /master/state-summary from 172.17.0.2:40206 with User-Agent='python-requests/2.18.4'
I0923 06:30:19.000000 2397 http.cpp:1117] HTTP GET for /master/state.json from 172.17.0.2:40208 with User-Agent='Mesos-DNS'
I0923 06:30:20.000000 2399 http.cpp:1117] HTTP GET for /master/state-summary from 172.17.0.2:40214 with User-Agent='python-requests/2.18.4'
I0923 06:30:21.000000 2406 master.hpp:418] Sending heartbeat to subscriber f7d1785c-628b-4508-ae3b-4c0b47e55f2c
I0923 06:30:22.000000 2395 http.cpp:1117] HTTP GET for /master/state-summary from 172.17.0.2:40220 with User-Agent='python-requests/2.18.4'
I0923 06:30:24.000000 2397 http.cpp:1117] HTTP GET for /master/state-summary from 172.17.0.2:40232 with User-Agent='python-requests/2.18.4'
I0923 06:30:26.000000 2406 http.cpp:1117] HTTP GET for /master/state-summary from 172.17.0.2:40238 with User-Agent='python-requests/2.18.4'
I0923 06:30:28.000000 2407 http.cpp:1117] HTTP GET for /master/state-summary from 172.17.0.2:40250 with User-Agent='Master Admin Router'
I0923 06:30:28.000000 2403 http.cpp:1117] HTTP GET for /master/state-summary from 172.17.0.2:40256 with User-Agent='python-requests/2.18.4'
I0923 06:30:29.000000 2398 master.cpp:8955] Performing explicit task state reconciliation for 1 tasks of framework 4a223bc8-a527-49ab-8f24-a5941812d416-0000 (marathon) at scheduler-85881496-41c0-403f-8000-d7d5063cc648@172.17.0.2:15101
I0923 06:30:29.000000 2398 master.cpp:9116] Sending explicit reconciliation state TASK_UNKNOWN for task fake-marathon-pacemaker-task-7bfdac33-6b10-4496-b639-4dfb05116145 of framework 4a223bc8-a527-49ab-8f24-a5941812d416-0000 (marathon) at scheduler-85881496-41c0-403f-8000-d7d5063cc648@172.17.0.2:15101
I0923 06:30:30.000000 2403 http.cpp:1117] HTTP GET for /master/state-summary from 172.17.0.2:40262 with User-Agent='python-requests/2.18.4'
I0923 06:30:32.000000 2400 http.cpp:1117] HTTP GET for /master/state-summary from 172.17.0.2:40268 with User-Agent='python-requests/2.18.4'
I0923 06:30:34.000000 2396 http.cpp:1117] HTTP GET for /master/state-summary from 172.17.0.2:40280 with User-Agent='python-requests/2.18.4'
I0923 06:30:36.000000 2400 http.cpp:1117] HTTP GET for /master/state-summary from 172.17.0.2:40286 with User-Agent='python-requests/2.18.4'
I0923 06:30:36.000000 2398 master.hpp:418] Sending heartbeat to subscriber f7d1785c-628b-4508-ae3b-4c0b47e55f2c
I0923 06:30:38.000000 2408 master.cpp:9434] Sending offer 4a223bc8-a527-49ab-8f24-a5941812d416-O37022 containing resources ports(allocated: *):[1025-2180, 2182-3887, 3889-5049, 5052-8079, 8082-8180, 8182-32000]; disk(allocated: *):93296; cpus(allocated: *):3.78; mem(allocated: *):14477 on agent 4a223bc8-a527-49ab-8f24-a5941812d416-S1
at slave(1)@172.17.0.4:5051 (172.17.0.4) to framework 4a223bc8-a527-49ab-8f24-a5941812d416-0001 (metronome) at scheduler-ca9601af-122f-4941-a1c3-58649859f536@172.17.0.2:15201
I0923 06:30:38.000000 2408 master.cpp:9445] Sending offers [ 4a223bc8-a527-49ab-8f24-a5941812d416-O37022 ] to framework 4a223bc8-a527-49ab-8f24-a5941812d416-0001 (metronome) at scheduler-ca9601af-122f-4941-a1c3-58649859f536@172.17.0.2:15201
I0923 06:30:38.000000 2397 master.cpp:5837] Processing DECLINE call for offers: [ 4a223bc8-a527-49ab-8f24-a5941812d416-O37022 ] for framework 4a223bc8-a527-49ab-8f24-a5941812d416-0001 (metronome) at scheduler-ca9601af-122f-4941-a1c3-58649859f536@172.17.0.2:15201
I0923 06:30:38.000000 2397 master.cpp:11439] Removing offer 4a223bc8-a527-49ab-8f24-a5941812d416-O37022
I0923 06:30:38.000000 2403 http.cpp:1117] HTTP GET for /master/state-summary from 172.17.0.2:40298 with User-Agent='python-requests/2.18.4'
I0923 06:30:40.000000 2404 http.cpp:1117] HTTP GET for /master/state-summary from 172.17.0.2:40304 with User-Agent='python-requests/2.18.4'
I0923 06:30:41.000000 2396 master.cpp:8889] Performing implicit task state reconciliation for framework 4a223bc8-a527-49ab-8f24-a5941812d416-0001 (metronome) at scheduler-ca9601af-122f-4941-a1c3-58649859f536@172.17.0.2:15201
I0923 06:30:42.000000 2408 http.cpp:1117] HTTP GET for /master/state-summary from 172.17.0.2:40310 with User-Agent='python-requests/2.18.4'
I0923 06:30:44.000000 2396 master.cpp:8955] Performing explicit task state reconciliation for 1 tasks of framework 4a223bc8-a527-49ab-8f24-a5941812d416-0000 (marathon) at scheduler-85881496-41c0-403f-8000-d7d5063cc648@172.17.0.2:15101
I0923 06:30:44.000000 2396 master.cpp:9116] Sending explicit reconciliation state TASK_UNKNOWN for task fake-marathon-pacemaker-task-7bfdac33-6b10-4496-b639-4dfb05116145 of framework 4a223bc8-a527-49ab-8f24-a5941812d416-0000 (marathon) at scheduler-85881496-41c0-403f-8000-d7d5063cc648@172.17.0.2:15101
I0923 06:30:44.000000 2393 http.cpp:1117] HTTP GET for /master/state-summary from 172.17.0.2:40322 with User-Agent='python-requests/2.18.4'
I0923 06:30:46.000000 2393 http.cpp:1117] HTTP GET for /master/state-summary from 172.17.0.2:40328 with User-Agent='python-requests/2.18.4'
I0923 06:30:48.000000 2406 http.cpp:1117] HTTP GET for /master/state-summary from 172.17.0.2:40340 with User-Agent='python-requests/2.18.4'
I0923 06:30:49.000000 2400 http.cpp:1117] HTTP GET for /master/state.json from 172.17.0.2:40342 with User-Agent='Mesos-DNS'
I0923 06:30:50.000000 2402 http.cpp:1117] HTTP GET for /master/state-summary from 172.17.0.2:40348 with User-Agent='python-requests/2.18.4'
I0923 06:30:51.000000 2407 master.hpp:418] Sending heartbeat to subscriber f7d1785c-628b-4508-ae3b-4c0b47e55f2c
I0923 06:30:52.000000 2401 http.cpp:1117] HTTP GET for /master/state-summary from 172.17.0.2:40354 with User-Agent='python-requests/2.18.4'
I0923 06:30:53.000000 2401 http.cpp:1117] HTTP GET for /master/state-summary from 172.17.0.2:40362 with User-Agent='Master Admin Router'
I0923 06:30:54.000000 2405 http.cpp:1117] HTTP GET for /master/state-summary from 172.17.0.2:40372 with User-Agent='python-requests/2.18.4'
I0923 06:30:56.000000 2401 master.cpp:9434] Sending offer 4a223bc8-a527-49ab-8f24-a5941812d416-O37023 containing resources ports(allocated: *):[1025-2180, 2182-2205, 2207-3887, 3889-4229, 4231-5049, 5052-6544, 6546-7828, 7830-8079, 8082-8180, 8182-10347, 10349-18147, 18149-21704, 21706-21883, 21885-23527, 23529-23534, 23536-24355, 24357-24899, 24901-25475, 25477-26217, 26219-26512, 26514-27302, 27304-32000]; disk(allocated: *):92883; cpus(allocated: *):0.05; mem(allocated: *):13197 on agent 4a223bc8-a527-49ab-8f24-a5941812d416-S2
at slave(1)@172.17.0.3:5051 (172.17.0.3) to framework 4a223bc8-a527-49ab-8f24-a5941812d416-0001 (metronome) at scheduler-ca9601af-122f-4941-a1c3-58649859f536@172.17.0.2:15201
I0923 06:30:56.000000 2401 master.cpp:9445] Sending offers [ 4a223bc8-a527-49ab-8f24-a5941812d416-O37023 ] to framework 4a223bc8-a527-49ab-8f24-a5941812d416-0001 (metronome) at scheduler-ca9601af-122f-4941-a1c3-58649859f536@172.17.0.2:15201
I0923 06:30:56.000000 2394 master.cpp:5837] Processing DECLINE call for offers: [ 4a223bc8-a527-49ab-8f24-a5941812d416-O37023 ] for framework 4a223bc8-a527-49ab-8f24-a5941812d416-0001 (metronome) at scheduler-ca9601af-122f-4941-a1c3-58649859f536@172.17.0.2:15201
I0923 06:30:56.000000 2394 master.cpp:11439] Removing offer 4a223bc8-a527-49ab-8f24-a5941812d416-O37023
I0923 06:30:56.000000 2397 http.cpp:1117] HTTP GET for /master/state-summary from 172.17.0.2:40378 with User-Agent='python-requests/2.18.4'
I0923 06:30:58.000000 2408 http.cpp:1117] HTTP GET for /master/state-summary from 172.17.0.2:40390 with User-Agent='python-requests/2.18.4'
I0923 06:30:59.000000 2405 master.cpp:8955] Performing explicit task state reconciliation for 1 tasks of framework 4a223bc8-a527-49ab-8f24-a5941812d416-0000 (marathon) at scheduler-85881496-41c0-403f-8000-d7d5063cc648@172.17.0.2:15101
I0923 06:30:59.000000 2405 master.cpp:9116] Sending explicit reconciliation state TASK_UNKNOWN for task fake-marathon-pacemaker-task-7bfdac33-6b10-4496-b639-4dfb05116145 of framework 4a223bc8-a527-49ab-8f24-a5941812d416-0000 (marathon) at scheduler-85881496-41c0-403f-8000-d7d5063cc648@172.17.0.2:15101
I0923 06:31:00.000000 2397 http.cpp:1117] HTTP GET for /master/state-summary from 172.17.0.2:40396 with User-Agent='python-requests/2.18.4'
I0923 06:31:02.000000 2407 http.cpp:1117] HTTP GET for /master/state-summary from 172.17.0.2:40402 with User-Agent='python-requests/2.18.4'
I0923 06:31:04.000000 2405 http.cpp:1117] HTTP GET for /master/state-summary from 172.17.0.2:40440 with User-Agent='python-requests/2.18.4'
I0923 06:31:06.000000 2400 http.cpp:1117] HTTP GET for /master/state-summary from 172.17.0.2:40446 with User-Agent='python-requests/2.18.4'
I0923 06:31:06.000000 2402 master.hpp:418] Sending heartbeat to subscriber f7d1785c-628b-4508-ae3b-4c0b47e55f2c
I0923 06:31:08.000000 2395 http.cpp:1117] HTTP GET for /master/state-summary from 172.17.0.2:40458 with User-Agent='python-requests/2.18.4'
I0923 06:31:10.000000 2395 http.cpp:1117] HTTP GET for /master/state-summary from 172.17.0.2:40464 with User-Agent='python-requests/2.18.4'
I0923 06:31:12.000000 2408 http.cpp:1117] HTTP GET for /master/slaves from 172.17.0.2:47748 with User-Agent='Go-http-client/1.1'
I0923 06:31:12.000000 2407 http.cpp:1117] HTTP GET for /master/state-summary from 172.17.0.2:40472 with User-Agent='python-requests/2.18.4'
I0923 06:31:14.000000 2397 master.cpp:8955] Performing explicit task state reconciliation for 1 tasks of framework 4a223bc8-a527-49ab-8f24-a5941812d416-0000 (marathon) at scheduler-85881496-41c0-403f-8000-d7d5063cc648@172.17.0.2:15101
I0923 06:31:14.000000 2397 master.cpp:9116] Sending explicit reconciliation state TASK_UNKNOWN for task fake-marathon-pacemaker-task-7bfdac33-6b10-4496-b639-4dfb05116145 of framework 4a223bc8-a527-49ab-8f24-a5941812d416-0000 (marathon) at scheduler-85881496-41c0-403f-8000-d7d5063cc648@172.17.0.2:15101
I0923 06:31:14.000000 2407 http.cpp:1117] HTTP GET for /master/state-summary from 172.17.0.2:40484 with User-Agent='python-requests/2.18.4'
I0923 06:31:16.000000 2394 http.cpp:1117] HTTP GET for /master/state-summary from 172.17.0.2:40490 with User-Agent='python-requests/2.18.4'
I0923 06:31:18.000000 2397 http.cpp:1117] HTTP GET for /master/state-summary from 172.17.0.2:40492 with User-Agent='Master Admin Router'
I0923 06:31:18.000000 2406 http.cpp:1117] HTTP GET for /master/state-summary from 172.17.0.2:40508 with User-Agent='python-requests/2.18.4'
I0923 06:31:19.000000 2408 http.cpp:1117] HTTP GET for /master/state.json from 172.17.0.2:40510 with User-Agent='Mesos-DNS'
I0923 06:31:20.000000 2403 http.cpp:1117] HTTP GET for /master/state-summary from 172.17.0.2:40516 with User-Agent='python-requests/2.18.4'
I0923 06:31:21.000000 2393 master.hpp:418] Sending heartbeat to subscriber f7d1785c-628b-4508-ae3b-4c0b47e55f2c
I0923 06:31:22.000000 2395 http.cpp:1117] HTTP GET for /master/state-summary from 172.17.0.2:40522 with User-Agent='python-requests/2.18.4'
I0923 06:31:24.000000 2400 http.cpp:1117] HTTP GET for /master/state-summary from 172.17.0.2:40534 with User-Agent='python-requests/2.18.4'
I0923 06:31:26.000000 2401 http.cpp:1117] HTTP GET for /master/state-summary from 172.17.0.2:40540 with User-Agent='python-requests/2.18.4'
I0923 06:31:28.000000 2400 http.cpp:1117] HTTP GET for /master/state-summary from 172.17.0.2:40552 with User-Agent='python-requests/2.18.4'
I0923 06:31:29.000000 2408 master.cpp:9434] Sending offer 4a223bc8-a527-49ab-8f24-a5941812d416-O37024 containing resources ports(allocated: slave_public):[1025-2180, 2182-3887, 3889-5049, 5052-8079, 8082-8180, 8182-32000]; disk(allocated: slave_public):93296; cpus(allocated: slave_public):3.78; mem(allocated: slave_public):14477 on agent 4a223bc8-a527-49ab-8f24-a5941812d416-S1
at slave(1)@172.17.0.4:5051 (172.17.0.4) to framework 4a223bc8-a527-49ab-8f24-a5941812d416-0000 (marathon) at scheduler-85881496-41c0-403f-8000-d7d5063cc648@172.17.0.2:15101
I0923 06:31:29.000000 2408 master.cpp:9434] Sending offer 4a223bc8-a527-49ab-8f24-a5941812d416-O37025 containing resources ports(allocated: slave_public)(reservations: [(STATIC,slave_public)]):[1-21, 23-5050, 5052-32000]; disk(allocated: slave_public)(reservations: [(STATIC,slave_public)]):93316; cpus(allocated: slave_public)(reservations: [(STATIC,slave_public)]):4; mem(allocated: slave_public)(reservations: [(STATIC,slave_public)]):14605 on agent 4a223bc8-a527-49ab-8f24-a5941812d416-S0
at slave(1)@172.17.0.5:5051 (172.17.0.5) to framework 4a223bc8-a527-49ab-8f24-a5941812d416-0000 (marathon) at scheduler-85881496-41c0-403f-8000-d7d5063cc648@172.17.0.2:15101
I0923 06:31:29.000000 2408 master.cpp:9434] Sending offer 4a223bc8-a527-49ab-8f24-a5941812d416-O37026 containing resources ports(allocated: slave_public):[1025-2180, 2182-2205, 2207-3887, 3889-4229, 4231-5049, 5052-6544, 6546-7828, 7830-8079, 8082-8180, 8182-10347, 10349-18147, 18149-21704, 21706-21883, 21885-23527, 23529-23534, 23536-24355, 24357-24899, 24901-25475, 25477-26217, 26219-26512, 26514-27302, 27304-32000]; disk(allocated: slave_public):92883; cpus(allocated: slave_public):0.05; mem(allocated: slave_public):13197 on agent 4a223bc8-a527-49ab-8f24-a5941812d416-S2
at slave(1)@172.17.0.3:5051 (172.17.0.3) to framework 4a223bc8-a527-49ab-8f24-a5941812d416-0000 (marathon) at scheduler-85881496-41c0-403f-8000-d7d5063cc648@172.17.0.2:15101
I0923 06:31:29.000000 2408 master.cpp:9445] Sending offers [ 4a223bc8-a527-49ab-8f24-a5941812d416-O37024, 4a223bc8-a527-49ab-8f24-a5941812d416-O37025, 4a223bc8-a527-49ab-8f24-a5941812d416-O37026 ] to framework 4a223bc8-a527-49ab-8f24-a5941812d416-0000 (marathon) at scheduler-85881496-41c0-403f-8000-d7d5063cc648@172.17.0.2:15101
I0923 06:31:29.000000 2406 master.cpp:5837] Processing DECLINE call for offers: [ 4a223bc8-a527-49ab-8f24-a5941812d416-O37026 ] for framework 4a223bc8-a527-49ab-8f24-a5941812d416-0000 (marathon) at scheduler-85881496-41c0-403f-8000-d7d5063cc648@172.17.0.2:15101
I0923 06:31:29.000000 2406 master.cpp:11439] Removing offer 4a223bc8-a527-49ab-8f24-a5941812d416-O37026
I0923 06:31:29.000000 2405 master.cpp:5837] Processing DECLINE call for offers: [ 4a223bc8-a527-49ab-8f24-a5941812d416-O37024 ] for framework 4a223bc8-a527-49ab-8f24-a5941812d416-0000 (marathon) at scheduler-85881496-41c0-403f-8000-d7d5063cc648@172.17.0.2:15101
I0923 06:31:29.000000 2405 master.cpp:11439] Removing offer 4a223bc8-a527-49ab-8f24-a5941812d416-O37024
I0923 06:31:29.000000 2405 master.cpp:5837] Processing DECLINE call for offers: [ 4a223bc8-a527-49ab-8f24-a5941812d416-O37025 ] for framework 4a223bc8-a527-49ab-8f24-a5941812d416-0000 (marathon) at scheduler-85881496-41c0-403f-8000-d7d5063cc648@172.17.0.2:15101
I0923 06:31:29.000000 2405 master.cpp:11439] Removing offer 4a223bc8-a527-49ab-8f24-a5941812d416-O37025
I0923 06:31:30.000000 2397 http.cpp:1117] HTTP GET for /master/state-summary from 172.17.0.2:40558 with User-Agent='python-requests/2.18.4'
I0923 06:31:32.000000 2397 http.cpp:1117] HTTP GET for /master/state-summary from 172.17.0.2:40564 with User-Agent='python-requests/2.18.4'
I0923 06:31:34.000000 2400 http.cpp:1117] HTTP GET for /master/state-summary from 172.17.0.2:40576 with User-Agent='python-requests/2.18.4'
I0923 06:31:36.000000 2394 http.cpp:1117] HTTP GET for /master/state-summary from 172.17.0.2:40582 with User-Agent='python-requests/2.18.4'
I0923 06:31:36.000000 2401 master.hpp:418] Sending heartbeat to subscriber f7d1785c-628b-4508-ae3b-4c0b47e55f2c
I0923 06:31:38.000000 2394 http.cpp:1117] HTTP GET for /master/state-summary from 172.17.0.2:40594 with User-Agent='python-requests/2.18.4'
I0923 06:31:40.000000 2408 http.cpp:1117] HTTP GET for /master/state-summary from 172.17.0.2:40600 with User-Agent='python-requests/2.18.4'
I0923 06:31:42.000000 2395 http.cpp:1117] HTTP GET for /master/state-summary from 172.17.0.2:40606 with User-Agent='python-requests/2.18.4'
I0923 06:31:43.000000 2404 http.cpp:1117] HTTP GET for /master/state-summary from 172.17.0.2:40608 with User-Agent='Master Admin Router'
I0923 06:31:44.000000 2394 master.cpp:8955] Performing explicit task state reconciliation for 1 tasks of framework 4a223bc8-a527-49ab-8f24-a5941812d416-0000 (marathon) at scheduler-85881496-41c0-403f-8000-d7d5063cc648@172.17.0.2:15101
I0923 06:31:44.000000 2394 master.cpp:9116] Sending explicit reconciliation state TASK_UNKNOWN for task fake-marathon-pacemaker-task-7bfdac33-6b10-4496-b639-4dfb05116145 of framework 4a223bc8-a527-49ab-8f24-a5941812d416-0000 (marathon) at scheduler-85881496-41c0-403f-8000-d7d5063cc648@172.17.0.2:15101
I0923 06:31:44.000000 2406 http.cpp:1117] HTTP GET for /master/state-summary from 172.17.0.2:40624 with User-Agent='python-requests/2.18.4'
I0923 06:31:46.000000 2403 http.cpp:1117] HTTP GET for /master/state-summary from 172.17.0.2:40630 with User-Agent='python-requests/2.18.4'
I0923 06:31:48.000000 2398 http.cpp:1117] HTTP GET for /master/state-summary from 172.17.0.2:40642 with User-Agent='python-requests/2.18.4'
I0923 06:31:49.000000 2394 http.cpp:1117] HTTP GET for /master/state.json from 172.17.0.2:40644 with User-Agent='Mesos-DNS'
I0923 06:31:50.000000 2397 http.cpp:1117] HTTP GET for /master/state-summary from 172.17.0.2:40650 with User-Agent='python-requests/2.18.4'
I0923 06:31:51.000000 2393 master.hpp:418] Sending heartbeat to subscriber f7d1785c-628b-4508-ae3b-4c0b47e55f2c
I0923 06:31:52.000000 2402 http.cpp:1117] HTTP GET for /master/state-summary from 172.17.0.2:40656 with User-Agent='python-requests/2.18.4'
I0923 06:31:54.000000 2393 http.cpp:1117] HTTP GET for /master/state-summary from 172.17.0.2:40668 with User-Agent='python-requests/2.18.4'
I0923 06:31:56.000000 2402 http.cpp:1117] HTTP GET for /master/state-summary from 172.17.0.2:40674 with User-Agent='python-requests/2.18.4'
I0923 06:31:58.000000 2405 http.cpp:1117] HTTP GET for /master/state-summary from 172.17.0.2:40686 with User-Agent='python-requests/2.18.4'
I0923 06:31:59.000000 2404 master.cpp:8955] Performing explicit task state reconciliation for 1 tasks of framework 4a223bc8-a527-49ab-8f24-a5941812d416-0000 (marathon) at scheduler-85881496-41c0-403f-8000-d7d5063cc648@172.17.0.2:15101
I0923 06:31:59.000000 2404 master.cpp:9116] Sending explicit reconciliation state TASK_UNKNOWN for task fake-marathon-pacemaker-task-7bfdac33-6b10-4496-b639-4dfb05116145 of framework 4a223bc8-a527-49ab-8f24-a5941812d416-0000 (marathon) at scheduler-85881496-41c0-403f-8000-d7d5063cc648@172.17.0.2:15101
I0923 06:32:00.000000 2405 http.cpp:1117] HTTP GET for /master/state-summary from 172.17.0.2:40692 with User-Agent='python-requests/2.18.4'
I0923 06:32:02.000000 2402 http.cpp:1117] HTTP GET for /master/state-summary from 172.17.0.2:40698 with User-Agent='python-requests/2.18.4'
I0923 06:32:04.000000 2405 http.cpp:1117] HTTP GET for /master/state-summary from 172.17.0.2:40728 with User-Agent='python-requests/2.18.4'
I0923 06:32:06.000000 2403 http.cpp:1117] HTTP GET for /master/state-summary from 172.17.0.2:40734 with User-Agent='python-requests/2.18.4'
I0923 06:32:06.000000 2396 master.hpp:418] Sending heartbeat to subscriber f7d1785c-628b-4508-ae3b-4c0b47e55f2c
I0923 06:32:08.000000 2401 http.cpp:1117] HTTP GET for /master/state-summary from 172.17.0.2:40736 with User-Agent='Master Admin Router'
I0923 06:32:08.000000 2405 http.cpp:1117] HTTP GET for /master/state-summary from 172.17.0.2:40752 with User-Agent='python-requests/2.18.4'
I0923 06:32:10.000000 2405 http.cpp:1117] HTTP GET for /master/state-summary from 172.17.0.2:40758 with User-Agent='python-requests/2.18.4'
I0923 06:32:12.000000 2396 http.cpp:1117] HTTP GET for /master/slaves from 172.17.0.2:47748 with User-Agent='Go-http-client/1.1'
I0923 06:32:12.000000 2404 http.cpp:1117] HTTP GET for /master/state-summary from 172.17.0.2:40766 with User-Agent='python-requests/2.18.4'
I0923 06:32:14.000000 2399 master.cpp:8955] Performing explicit task state reconciliation for 1 tasks of framework 4a223bc8-a527-49ab-8f24-a5941812d416-0000 (marathon) at scheduler-85881496-41c0-403f-8000-d7d5063cc648@172.17.0.2:15101
I0923 06:32:14.000000 2399 master.cpp:9116] Sending explicit reconciliation state TASK_UNKNOWN for task fake-marathon-pacemaker-task-7bfdac33-6b10-4496-b639-4dfb05116145 of framework 4a223bc8-a527-49ab-8f24-a5941812d416-0000 (marathon) at scheduler-85881496-41c0-403f-8000-d7d5063cc648@172.17.0.2:15101
I0923 06:32:14.000000 2397 http.cpp:1117] HTTP GET for /master/state-summary from 172.17.0.2:40778 with User-Agent='python-requests/2.18.4'
I0923 06:32:16.000000 2396 http.cpp:1117] HTTP GET for /master/state-summary from 172.17.0.2:40784 with User-Agent='python-requests/2.18.4'
I0923 06:32:17.000000 2404 master.cpp:1857] Skipping periodic registry garbage collection: no agents qualify for removal
I0923 06:32:18.000000 2402 http.cpp:1117] HTTP GET for /master/state-summary from 172.17.0.2:40796 with User-Agent='python-requests/2.18.4'
I0923 06:32:19.000000 2396 http.cpp:1117] HTTP GET for /master/state.json from 172.17.0.2:40798 with User-Agent='Mesos-DNS'
I0923 06:32:20.000000 2399 http.cpp:1117] HTTP GET for /master/state-summary from 172.17.0.2:40804 with User-Agent='python-requests/2.18.4'
I0923 06:32:21.000000 2405 master.hpp:418] Sending heartbeat to subscriber f7d1785c-628b-4508-ae3b-4c0b47e55f2c
I0923 06:32:22.000000 2404 http.cpp:1117] HTTP GET for /master/state-summary from 172.17.0.2:40810 with User-Agent='python-requests/2.18.4'
I0923 06:32:24.000000 2397 http.cpp:1117] HTTP GET for /master/state-summary from 172.17.0.2:40822 with User-Agent='python-requests/2.18.4'
I0923 06:32:26.000000 2403 http.cpp:1117] HTTP GET for /master/state-summary from 172.17.0.2:40828 with User-Agent='python-requests/2.18.4'
I0923 06:32:28.000000 2404 http.cpp:1117] HTTP GET for /master/state-summary from 172.17.0.2:40840 with User-Agent='python-requests/2.18.4'
I0923 06:32:29.000000 2395 master.cpp:8955] Performing explicit task state reconciliation for 1 tasks of framework 4a223bc8-a527-49ab-8f24-a5941812d416-0000 (marathon) at scheduler-85881496-41c0-403f-8000-d7d5063cc648@172.17.0.2:15101
I0923 06:32:29.000000 2395 master.cpp:9116] Sending explicit reconciliation state TASK_UNKNOWN for task fake-marathon-pacemaker-task-7bfdac33-6b10-4496-b639-4dfb05116145 of framework 4a223bc8-a527-49ab-8f24-a5941812d416-0000 (marathon) at scheduler-85881496-41c0-403f-8000-d7d5063cc648@172.17.0.2:15101
I0923 06:32:30.000000 2404 http.cpp:1117] HTTP GET for /master/state-summary from 172.17.0.2:40846 with User-Agent='python-requests/2.18.4'
I0923 06:32:32.000000 2397 http.cpp:1117] HTTP GET for /master/state-summary from 172.17.0.2:40852 with User-Agent='python-requests/2.18.4'
I0923 06:32:33.000000 2398 http.cpp:1117] HTTP GET for /master/state-summary from 172.17.0.2:40854 with User-Agent='Master Admin Router'
I0923 06:32:34.000000 2394 http.cpp:1117] HTTP GET for /master/state-summary from 172.17.0.2:40870 with User-Agent='python-requests/2.18.4'
I0923 06:32:36.000000 2395 master.hpp:418] Sending heartbeat to subscriber f7d1785c-628b-4508-ae3b-4c0b47e55f2c
I0923 06:32:36.000000 2399 http.cpp:1117] HTTP GET for /master/state-summary from 172.17.0.2:40876 with User-Agent='python-requests/2.18.4'
I0923 06:32:38.000000 2394 master.cpp:9434] Sending offer 4a223bc8-a527-49ab-8f24-a5941812d416-O37027 containing resources ports(allocated: *):[1025-2180, 2182-3887, 3889-5049, 5052-8079, 8082-8180, 8182-32000]; disk(allocated: *):93296; cpus(allocated: *):3.78; mem(allocated: *):14477 on agent 4a223bc8-a527-49ab-8f24-a5941812d416-S1
at slave(1)@172.17.0.4:5051 (172.17.0.4) to framework 4a223bc8-a527-49ab-8f24-a5941812d416-0001 (metronome) at scheduler-ca9601af-122f-4941-a1c3-58649859f536@172.17.0.2:15201
I0923 06:32:38.000000 2394 master.cpp:9445] Sending offers [ 4a223bc8-a527-49ab-8f24-a5941812d416-O37027 ] to framework 4a223bc8-a527-49ab-8f24-a5941812d416-0001 (metronome) at scheduler-ca9601af-122f-4941-a1c3-58649859f536@172.17.0.2:15201
I0923 06:32:38.000000 2395 master.cpp:5837] Processing DECLINE call for offers: [ 4a223bc8-a527-49ab-8f24-a5941812d416-O37027 ] for framework 4a223bc8-a527-49ab-8f24-a5941812d416-0001 (metronome) at scheduler-ca9601af-122f-4941-a1c3-58649859f536@172.17.0.2:15201
I0923 06:32:38.000000 2395 master.cpp:11439] Removing offer 4a223bc8-a527-49ab-8f24-a5941812d416-O37027
I0923 06:32:38.000000 2407 http.cpp:1117] HTTP GET for /master/state-summary from 172.17.0.2:40888 with User-Agent='python-requests/2.18.4'
I0923 06:32:41.000000 2408 http.cpp:1117] HTTP GET for /master/state-summary from 172.17.0.2:40895 with User-Agent='python-requests/2.18.4'
I0923 06:32:43.000000 2399 http.cpp:1117] HTTP GET for /master/state-summary from 172.17.0.2:40900 with User-Agent='python-requests/2.18.4'
I0923 06:32:44.000000 2400 master.cpp:8955] Performing explicit task state reconciliation for 1 tasks of framework 4a223bc8-a527-49ab-8f24-a5941812d416-0000 (marathon) at scheduler-85881496-41c0-403f-8000-d7d5063cc648@172.17.0.2:15101
I0923 06:32:44.000000 2400 master.cpp:9116] Sending explicit reconciliation state TASK_UNKNOWN for task fake-marathon-pacemaker-task-7bfdac33-6b10-4496-b639-4dfb05116145 of framework 4a223bc8-a527-49ab-8f24-a5941812d416-0000 (marathon) at scheduler-85881496-41c0-403f-8000-d7d5063cc648@172.17.0.2:15101
I0923 06:32:45.000000 2403 http.cpp:1117] HTTP GET for /master/state-summary from 172.17.0.2:40912 with User-Agent='python-requests/2.18.4'
I0923 06:32:47.000000 2393 http.cpp:1117] HTTP GET for /master/state-summary from 172.17.0.2:40918 with User-Agent='python-requests/2.18.4'
I0923 06:32:49.000000 2407 http.cpp:1117] HTTP GET for /master/state-summary from 172.17.0.2:40930 with User-Agent='python-requests/2.18.4'
I0923 06:32:49.000000 2399 http.cpp:1117] HTTP GET for /master/state.json from 172.17.0.2:40932 with User-Agent='Mesos-DNS'
I0923 06:32:51.000000 2407 http.cpp:1117] HTTP GET for /master/state-summary from 172.17.0.2:40938 with User-Agent='python-requests/2.18.4'
I0923 06:32:51.000000 2401 master.cpp:8955] Performing explicit task state reconciliation for 7 tasks of framework 4a223bc8-a527-49ab-8f24-a5941812d416-0000 (marathon) at scheduler-85881496-41c0-403f-8000-d7d5063cc648@172.17.0.2:15101
I0923 06:32:51.000000 2401 master.cpp:9116] Sending explicit reconciliation state TASK_RUNNING for task integration-test-7405f7b95d5e48a8ae2029f9961e4479.instance-2bb4dbea-bef8-11e8-ae4b-70b3d5800004.app-7405f7b95d5e48a8ae2029f9961e4479 of framework 4a223bc8-a527-49ab-8f24-a5941812d416-0000 (marathon) at scheduler-85881496-41c0-403f-8000-d7d5063cc648@172.17.0.2:15101
I0923 06:32:51.000000 2401 master.cpp:9116] Sending explicit reconciliation state TASK_RUNNING for task integration-test-7c9dea335c2443e5859e1822ea8301cf.instance-2bb48dc5-bef8-11e8-ae4b-70b3d5800004.app-7c9dea335c2443e5859e1822ea8301cf of framework 4a223bc8-a527-49ab-8f24-a5941812d416-0000 (marathon) at scheduler-85881496-41c0-403f-8000-d7d5063cc648@172.17.0.2:15101
I0923 06:32:51.000000 2401 master.cpp:9116] Sending explicit reconciliation state TASK_RUNNING for task integration-test-c26535de533b4b94a1c9664602c87ebf.instance-2bb4b4d7-bef8-11e8-ae4b-70b3d5800004.app-c26535de533b4b94a1c9664602c87ebf of framework 4a223bc8-a527-49ab-8f24-a5941812d416-0000 (marathon) at scheduler-85881496-41c0-403f-8000-d7d5063cc648@172.17.0.2:15101
I0923 06:32:51.000000 2401 master.cpp:9116] Sending explicit reconciliation state TASK_RUNNING for task integration-test-36e8a684f2af49c6be8f2f64ac9dd843.instance-2bb48dc4-bef8-11e8-ae4b-70b3d5800004.app-36e8a684f2af49c6be8f2f64ac9dd843 of framework 4a223bc8-a527-49ab-8f24-a5941812d416-0000 (marathon) at scheduler-85881496-41c0-403f-8000-d7d5063cc648@172.17.0.2:15101
I0923 06:32:51.000000 2401 master.cpp:9116] Sending explicit reconciliation state TASK_RUNNING for task integration-test-394e7f6c413e451591461736d7be4eed.instance-2bb4b4d8-bef8-11e8-ae4b-70b3d5800004.app-394e7f6c413e451591461736d7be4eed of framework 4a223bc8-a527-49ab-8f24-a5941812d416-0000 (marathon) at scheduler-85881496-41c0-403f-8000-d7d5063cc648@172.17.0.2:15101
I0923 06:32:51.000000 2401 master.cpp:9116] Sending explicit reconciliation state TASK_RUNNING for task integration-test-1b9a55c07ae14767a3e291aea3a9add6.instance-2bb4dbe9-bef8-11e8-ae4b-70b3d5800004.app-1b9a55c07ae14767a3e291aea3a9add6 of framework 4a223bc8-a527-49ab-8f24-a5941812d416-0000 (marathon) at scheduler-85881496-41c0-403f-8000-d7d5063cc648@172.17.0.2:15101
I0923 06:32:51.000000 2401 master.cpp:9116] Sending explicit reconciliation state TASK_RUNNING for task integration-test-5ed6bfd02b434814a8a2f7dc6081a36c.instance-2bb4b4d6-bef8-11e8-ae4b-70b3d5800004.app-5ed6bfd02b434814a8a2f7dc6081a36c of framework 4a223bc8-a527-49ab-8f24-a5941812d416-0000 (marathon) at scheduler-85881496-41c0-403f-8000-d7d5063cc648@172.17.0.2:15101
I0923 06:32:51.000000 2401 master.cpp:8889] Performing implicit task state reconciliation for framework 4a223bc8-a527-49ab-8f24-a5941812d416-0000 (marathon) at scheduler-85881496-41c0-403f-8000-d7d5063cc648@172.17.0.2:15101
I0923 06:32:51.000000 2401 master.cpp:8939] Sending implicit reconciliation state TASK_RUNNING for task integration-test-36e8a684f2af49c6be8f2f64ac9dd843.instance-2bb48dc4-bef8-11e8-ae4b-70b3d5800004.app-36e8a684f2af49c6be8f2f64ac9dd843 of framework 4a223bc8-a527-49ab-8f24-a5941812d416-0000 (marathon) at scheduler-85881496-41c0-403f-8000-d7d5063cc648@172.17.0.2:15101
I0923 06:32:51.000000 2401 master.cpp:8939] Sending implicit reconciliation state TASK_RUNNING for task integration-test-5ed6bfd02b434814a8a2f7dc6081a36c.instance-2bb4b4d6-bef8-11e8-ae4b-70b3d5800004.app-5ed6bfd02b434814a8a2f7dc6081a36c of framework 4a223bc8-a527-49ab-8f24-a5941812d416-0000 (marathon) at scheduler-85881496-41c0-403f-8000-d7d5063cc648@172.17.0.2:15101
I0923 06:32:51.000000 2401 master.cpp:8939] Sending implicit reconciliation state TASK_RUNNING for task integration-test-1b9a55c07ae14767a3e291aea3a9add6.instance-2bb4dbe9-bef8-11e8-ae4b-70b3d5800004.app-1b9a55c07ae14767a3e291aea3a9add6 of framework 4a223bc8-a527-49ab-8f24-a5941812d416-0000 (marathon) at scheduler-85881496-41c0-403f-8000-d7d5063cc648@172.17.0.2:15101
I0923 06:32:51.000000 2401 master.cpp:8939] Sending implicit reconciliation state TASK_RUNNING for task integration-test-394e7f6c413e451591461736d7be4eed.instance-2bb4b4d8-bef8-11e8-ae4b-70b3d5800004.app-394e7f6c413e451591461736d7be4eed of framework 4a223bc8-a527-49ab-8f24-a5941812d416-0000 (marathon) at scheduler-85881496-41c0-403f-8000-d7d5063cc648@172.17.0.2:15101
I0923 06:32:51.000000 2401 master.cpp:8939] Sending implicit reconciliation state TASK_RUNNING for task integration-test-7405f7b95d5e48a8ae2029f9961e4479.instance-2bb4dbea-bef8-11e8-ae4b-70b3d5800004.app-7405f7b95d5e48a8ae2029f9961e4479 of framework 4a223bc8-a527-49ab-8f24-a5941812d416-0000 (marathon) at scheduler-85881496-41c0-403f-8000-d7d5063cc648@172.17.0.2:15101
I0923 06:32:51.000000 2401 master.cpp:8939] Sending implicit reconciliation state TASK_RUNNING for task integration-test-7c9dea335c2443e5859e1822ea8301cf.instance-2bb48dc5-bef8-11e8-ae4b-70b3d5800004.app-7c9dea335c2443e5859e1822ea8301cf of framework 4a223bc8-a527-49ab-8f24-a5941812d416-0000 (marathon) at scheduler-85881496-41c0-403f-8000-d7d5063cc648@172.17.0.2:15101
I0923 06:32:51.000000 2401 master.cpp:8939] Sending implicit reconciliation state TASK_RUNNING for task integration-test-c26535de533b4b94a1c9664602c87ebf.instance-2bb4b4d7-bef8-11e8-ae4b-70b3d5800004.app-c26535de533b4b94a1c9664602c87ebf of framework 4a223bc8-a527-49ab-8f24-a5941812d416-0000 (marathon) at scheduler-85881496-41c0-403f-8000-d7d5063cc648@172.17.0.2:15101
I0923 06:32:51.000000 2406 master.hpp:418] Sending heartbeat to subscriber f7d1785c-628b-4508-ae3b-4c0b47e55f2c
I0923 06:32:53.000000 2395 http.cpp:1117] HTTP GET for /master/state-summary from 172.17.0.2:40944 with User-Agent='python-requests/2.18.4'
I0923 06:32:55.000000 2406 http.cpp:1117] HTTP GET for /master/state-summary from 172.17.0.2:40956 with User-Agent='python-requests/2.18.4'
I0923 06:32:56.000000 2397 master.cpp:9434] Sending offer 4a223bc8-a527-49ab-8f24-a5941812d416-O37028 containing resources ports(allocated: *):[1025-2180, 2182-2205, 2207-3887, 3889-4229, 4231-5049, 5052-6544, 6546-7828, 7830-8079, 8082-8180, 8182-10347, 10349-18147, 18149-21704, 21706-21883, 21885-23527, 23529-23534, 23536-24355, 24357-24899, 24901-25475, 25477-26217, 26219-26512, 26514-27302, 27304-32000]; disk(allocated: *):92883; cpus(allocated: *):0.05; mem(allocated: *):13197 on agent 4a223bc8-a527-49ab-8f24-a5941812d416-S2
at slave(1)@172.17.0.3:5051 (172.17.0.3) to framework 4a223bc8-a527-49ab-8f24-a5941812d416-0001 (metronome) at scheduler-ca9601af-122f-4941-a1c3-58649859f536@172.17.0.2:15201
I0923 06:32:56.000000 2397 master.cpp:9445] Sending offers [ 4a223bc8-a527-49ab-8f24-a5941812d416-O37028 ] to framework 4a223bc8-a527-49ab-8f24-a5941812d416-0001 (metronome) at scheduler-ca9601af-122f-4941-a1c3-58649859f536@172.17.0.2:15201
I0923 06:32:56.000000 2398 master.cpp:5837] Processing DECLINE call for offers: [ 4a223bc8-a527-49ab-8f24-a5941812d416-O37028 ] for framework 4a223bc8-a527-49ab-8f24-a5941812d416-0001 (metronome) at scheduler-ca9601af-122f-4941-a1c3-58649859f536@172.17.0.2:15201
I0923 06:32:56.000000 2398 master.cpp:11439] Removing offer 4a223bc8-a527-49ab-8f24-a5941812d416-O37028
I0923 06:32:57.000000 2400 http.cpp:1117] HTTP GET for /master/state-summary from 172.17.0.2:40962 with User-Agent='python-requests/2.18.4'
I0923 06:32:58.000000 2403 http.cpp:1117] HTTP GET for /master/state-summary from 172.17.0.2:40964 with User-Agent='Master Admin Router'
I0923 06:32:59.000000 2401 http.cpp:1117] HTTP GET for /master/state-summary from 172.17.0.2:40980 with User-Agent='python-requests/2.18.4'
I0923 06:33:01.000000 2403 http.cpp:1117] HTTP GET for /master/state-summary from 172.17.0.2:40986 with User-Agent='python-requests/2.18.4'
I0923 06:33:03.000000 2404 http.cpp:1117] HTTP GET for /master/state-summary from 172.17.0.2:40992 with User-Agent='python-requests/2.18.4'
I0923 06:33:05.000000 2398 http.cpp:1117] HTTP GET for /master/state-summary from 172.17.0.2:41022 with User-Agent='python-requests/2.18.4'
I0923 06:33:06.000000 2396 master.cpp:8955] Performing explicit task state reconciliation for 1 tasks of framework 4a223bc8-a527-49ab-8f24-a5941812d416-0000 (marathon) at scheduler-85881496-41c0-403f-8000-d7d5063cc648@172.17.0.2:15101
I0923 06:33:06.000000 2396 master.cpp:9116] Sending explicit reconciliation state TASK_UNKNOWN for task fake-marathon-pacemaker-task-7bfdac33-6b10-4496-b639-4dfb05116145 of framework 4a223bc8-a527-49ab-8f24-a5941812d416-0000 (marathon) at scheduler-85881496-41c0-403f-8000-d7d5063cc648@172.17.0.2:15101
I0923 06:33:06.000000 2394 master.hpp:418] Sending heartbeat to subscriber f7d1785c-628b-4508-ae3b-4c0b47e55f2c
I0923 06:33:07.000000 2400 http.cpp:1117] HTTP GET for /master/state-summary from 172.17.0.2:41028 with User-Agent='python-requests/2.18.4'
I0923 06:33:09.000000 2407 http.cpp:1117] HTTP GET for /master/state-summary from 172.17.0.2:41040 with User-Agent='python-requests/2.18.4'
I0923 06:33:11.000000 2405 http.cpp:1117] HTTP GET for /master/state-summary from 172.17.0.2:41046 with User-Agent='python-requests/2.18.4'
I0923 06:33:12.000000 2399 http.cpp:1117] HTTP GET for /master/slaves from 172.17.0.2:47748 with User-Agent='Go-http-client/1.1'
I0923 06:33:13.000000 2402 http.cpp:1117] HTTP GET for /master/state-summary from 172.17.0.2:41054 with User-Agent='python-requests/2.18.4'
I0923 06:33:15.000000 2394 http.cpp:1117] HTTP GET for /master/state-summary from 172.17.0.2:41066 with User-Agent='python-requests/2.18.4'
I0923 06:33:17.000000 2402 http.cpp:1117] HTTP GET for /master/state-summary from 172.17.0.2:41072 with User-Agent='python-requests/2.18.4'
I0923 06:33:19.000000 2406 http.cpp:1117] HTTP GET for /master/state-summary from 172.17.0.2:41084 with User-Agent='python-requests/2.18.4'
I0923 06:33:19.000000 2406 http.cpp:1117] HTTP GET for /master/state.json from 172.17.0.2:41086 with User-Agent='Mesos-DNS'
I0923 06:33:21.000000 2408 http.cpp:1117] HTTP GET for /master/state-summary from 172.17.0.2:41092 with User-Agent='python-requests/2.18.4'
I0923 06:33:21.000000 2406 master.cpp:8955] Performing explicit task state reconciliation for 1 tasks of framework 4a223bc8-a527-49ab-8f24-a5941812d416-0000 (marathon) at scheduler-85881496-41c0-403f-8000-d7d5063cc648@172.17.0.2:15101
I0923 06:33:21.000000 2406 master.cpp:9116] Sending explicit reconciliation state TASK_UNKNOWN for task fake-marathon-pacemaker-task-7bfdac33-6b10-4496-b639-4dfb05116145 of framework 4a223bc8-a527-49ab-8f24-a5941812d416-0000 (marathon) at scheduler-85881496-41c0-403f-8000-d7d5063cc648@172.17.0.2:15101
I0923 06:33:21.000000 2403 master.hpp:418] Sending heartbeat to subscriber f7d1785c-628b-4508-ae3b-4c0b47e55f2c
I0923 06:33:23.000000 2403 http.cpp:1117] HTTP GET for /master/state-summary from 172.17.0.2:41098 with User-Agent='python-requests/2.18.4'
I0923 06:33:23.000000 2405 http.cpp:1117] HTTP GET for /master/state-summary from 172.17.0.2:41100 with User-Agent='Master Admin Router'
I0923 06:33:25.000000 2393 http.cpp:1117] HTTP GET for /master/state-summary from 172.17.0.2:41116 with User-Agent='python-requests/2.18.4'
I0923 06:33:27.000000 2400 http.cpp:1117] HTTP GET for /master/state-summary from 172.17.0.2:41122 with User-Agent='python-requests/2.18.4'
I0923 06:33:29.000000 2401 http.cpp:1117] HTTP GET for /master/state-summary from 172.17.0.2:41134 with User-Agent='python-requests/2.18.4'
I0923 06:33:31.000000 2396 http.cpp:1117] HTTP GET for /master/state-summary from 172.17.0.2:41140 with User-Agent='python-requests/2.18.4'
I0923 06:33:33.000000 2407 http.cpp:1117] HTTP GET for /master/state-summary from 172.17.0.2:41146 with User-Agent='python-requests/2.18.4'
I0923 06:33:35.000000 2394 http.cpp:1117] HTTP GET for /master/state-summary from 172.17.0.2:41158 with User-Agent='python-requests/2.18.4'
I0923 06:33:36.000000 2404 master.cpp:8955] Performing explicit task state reconciliation for 1 tasks of framework 4a223bc8-a527-49ab-8f24-a5941812d416-0000 (marathon) at scheduler-85881496-41c0-403f-8000-d7d5063cc648@172.17.0.2:15101
I0923 06:33:36.000000 2404 master.cpp:9116] Sending explicit reconciliation state TASK_UNKNOWN for task fake-marathon-pacemaker-task-7bfdac33-6b10-4496-b639-4dfb05116145 of framework 4a223bc8-a527-49ab-8f24-a5941812d416-0000 (marathon) at scheduler-85881496-41c0-403f-8000-d7d5063cc648@172.17.0.2:15101
I0923 06:33:36.000000 2395 master.hpp:418] Sending heartbeat to subscriber f7d1785c-628b-4508-ae3b-4c0b47e55f2c
I0923 06:33:37.000000 2405 http.cpp:1117] HTTP GET for /master/state-summary from 172.17.0.2:41164 with User-Agent='python-requests/2.18.4'
I0923 06:33:39.000000 2405 http.cpp:1117] HTTP GET for /master/state-summary from 172.17.0.2:41176 with User-Agent='python-requests/2.18.4'
I0923 06:33:41.000000 2406 http.cpp:1117] HTTP GET for /master/state-summary from 172.17.0.2:41182 with User-Agent='python-requests/2.18.4'
I0923 06:33:43.000000 2407 http.cpp:1117] HTTP GET for /master/state-summary from 172.17.0.2:41188 with User-Agent='python-requests/2.18.4'
I0923 06:33:45.000000 2403 http.cpp:1117] HTTP GET for /master/state-summary from 172.17.0.2:41200 with User-Agent='python-requests/2.18.4'
I0923 06:33:47.000000 2403 http.cpp:1117] HTTP GET for /master/state-summary from 172.17.0.2:41206 with User-Agent='python-requests/2.18.4'
I0923 06:33:48.000000 2399 http.cpp:1117] HTTP GET for /master/state-summary from 172.17.0.2:41208 with User-Agent='Master Admin Router'
I0923 06:33:49.000000 2400 http.cpp:1117] HTTP GET for /master/state-summary from 172.17.0.2:41224 with User-Agent='python-requests/2.18.4'
I0923 06:33:49.000000 2405 http.cpp:1117] HTTP GET for /master/state.json from 172.17.0.2:41226 with User-Agent='Mesos-DNS'
I0923 06:33:51.000000 2393 http.cpp:1117] HTTP GET for /master/state-summary from 172.17.0.2:41232 with User-Agent='python-requests/2.18.4'
I0923 06:33:51.000000 2399 master.cpp:8955] Performing explicit task state reconciliation for 1 tasks of framework 4a223bc8-a527-49ab-8f24-a5941812d416-0000 (marathon) at scheduler-85881496-41c0-403f-8000-d7d5063cc648@172.17.0.2:15101
I0923 06:33:51.000000 2399 master.cpp:9116] Sending explicit reconciliation state TASK_UNKNOWN for task fake-marathon-pacemaker-task-7bfdac33-6b10-4496-b639-4dfb05116145 of framework 4a223bc8-a527-49ab-8f24-a5941812d416-0000 (marathon) at scheduler-85881496-41c0-403f-8000-d7d5063cc648@172.17.0.2:15101
I0923 06:33:51.000000 2403 master.hpp:418] Sending heartbeat to subscriber f7d1785c-628b-4508-ae3b-4c0b47e55f2c
I0923 06:33:53.000000 2396 http.cpp:1117] HTTP GET for /master/state-summary from 172.17.0.2:41238 with User-Agent='python-requests/2.18.4'
I0923 06:33:55.000000 2398 http.cpp:1117] HTTP GET for /master/state-summary from 172.17.0.2:41250 with User-Agent='python-requests/2.18.4'
I0923 06:33:57.000000 2396 http.cpp:1117] HTTP GET for /master/state-summary from 172.17.0.2:41256 with User-Agent='python-requests/2.18.4'
I0923 06:33:59.000000 2401 http.cpp:1117] HTTP GET for /master/state-summary from 172.17.0.2:41268 with User-Agent='python-requests/2.18.4'
I0923 06:34:01.000000 2402 http.cpp:1117] HTTP GET for /master/state-summary from 172.17.0.2:41274 with User-Agent='python-requests/2.18.4'
I0923 06:34:03.000000 2396 http.cpp:1117] HTTP GET for /master/state-summary from 172.17.0.2:41280 with User-Agent='python-requests/2.18.4'
I0923 06:34:05.000000 2400 http.cpp:1117] HTTP GET for /master/state-summary from 172.17.0.2:41310 with User-Agent='python-requests/2.18.4'
I0923 06:34:06.000000 2399 master.cpp:8955] Performing explicit task state reconciliation for 1 tasks of framework 4a223bc8-a527-49ab-8f24-a5941812d416-0000 (marathon) at scheduler-85881496-41c0-403f-8000-d7d5063cc648@172.17.0.2:15101
I0923 06:34:06.000000 2399 master.cpp:9116] Sending explicit reconciliation state TASK_UNKNOWN for task fake-marathon-pacemaker-task-7bfdac33-6b10-4496-b639-4dfb05116145 of framework 4a223bc8-a527-49ab-8f24-a5941812d416-0000 (marathon) at scheduler-85881496-41c0-403f-8000-d7d5063cc648@172.17.0.2:15101
I0923 06:34:06.000000 2400 master.hpp:418] Sending heartbeat to subscriber f7d1785c-628b-4508-ae3b-4c0b47e55f2c
I0923 06:34:07.000000 2405 http.cpp:1117] HTTP GET for /master/state-summary from 172.17.0.2:41316 with User-Agent='python-requests/2.18.4'
I0923 06:34:09.000000 2405 http.cpp:1117] HTTP GET for /master/state-summary from 172.17.0.2:41328 with User-Agent='python-requests/2.18.4'
I0923 06:34:11.000000 2398 http.cpp:1117] HTTP GET for /master/state-summary from 172.17.0.2:41334 with User-Agent='python-requests/2.18.4'
I0923 06:34:12.000000 2401 http.cpp:1117] HTTP GET for /master/slaves from 172.17.0.2:47748 with User-Agent='Go-http-client/1.1'
I0923 06:34:13.000000 2400 http.cpp:1117] HTTP GET for /master/state-summary from 172.17.0.2:41342 with User-Agent='python-requests/2.18.4'
I0923 06:34:13.000000 2394 http.cpp:1117] HTTP GET for /master/state-summary from 172.17.0.2:41344 with User-Agent='Master Admin Router'
I0923 06:34:15.000000 2395 http.cpp:1117] HTTP GET for /master/state-summary from 172.17.0.2:41360 with User-Agent='python-requests/2.18.4'
I0923 06:34:17.000000 2397 http.cpp:1117] HTTP GET for /master/state-summary from 172.17.0.2:41366 with User-Agent='python-requests/2.18.4'
I0923 06:34:19.000000 2394 http.cpp:1117] HTTP GET for /master/state-summary from 172.17.0.2:41378 with User-Agent='python-requests/2.18.4'
I0923 06:34:19.000000 2396 http.cpp:1117] HTTP GET for /master/state.json from 172.17.0.2:41380 with User-Agent='Mesos-DNS'
I0923 06:34:21.000000 2407 http.cpp:1117] HTTP GET for /master/state-summary from 172.17.0.2:41386 with User-Agent='python-requests/2.18.4'
