I0923 06:19:22.000000 2396 http.cpp:1117] HTTP GET for /master/state-summary from 172.17.0.2:37020 with User-Agent='python-requests/2.18.4'
I0923 06:19:24.000000 2400 http.cpp:1117] HTTP GET for /master/state-summary from 172.17.0.2:37026 with User-Agent='python-requests/2.18.4'
I0923 06:19:26.000000 2393 http.cpp:1117] HTTP GET for /master/state-summary from 172.17.0.2:37032 with User-Agent='python-requests/2.18.4'
I0923 06:19:28.000000 2407 master.cpp:8955] Performing explicit task state reconciliation for 1 tasks of framework 4a223bc8-a527-49ab-8f24-a5941812d416-0000 (marathon) at scheduler-85881496-41c0-403f-8000-d7d5063cc648@172.17.0.2:15101
I0923 06:19:28.000000 2407 master.cpp:9116] Sending explicit reconciliation state TASK_UNKNOWN for task fake-marathon-pacemaker-task-7bfdac33-6b10-4496-b639-4dfb05116145 of framework 4a223bc8-a527-49ab-8f24-a5941812d416-0000 (marathon) at scheduler-85881496-41c0-403f-8000-d7d5063cc648@172.17.0.2:15101
I0923 06:19:28.000000 2396 http.cpp:1117] HTTP GET for /master/state-summary from 172.17.0.2:37044 with User-Agent='python-requests/2.18.4'
I0923 06:19:30.000000 2408 http.cpp:1117] HTTP GET for /master/state-summary from 172.17.0.2:37050 with User-Agent='python-requests/2.18.4'
I0923 06:19:32.000000 2401 http.cpp:1117] HTTP GET for /master/state-summary from 172.17.0.2:37062 with User-Agent='python-requests/2.18.4'
I0923 06:19:34.000000 2406 http.cpp:1117] HTTP GET for /master/state-summary from 172.17.0.2:37068 with User-Agent='python-requests/2.18.4'
I0923 06:19:36.000000 2401 http.cpp:1117] HTTP GET for /master/state-summary from 172.17.0.2:37074 with User-Agent='python-requests/2.18.4'
I0923 06:19:36.000000 2405 master.hpp:418] Sending heartbeat to subscriber f7d1785c-628b-4508-ae3b-4c0b47e55f2c
I0923 06:19:38.000000 2408 http.cpp:1117] HTTP GET for /master/state-summary from 172.17.0.2:37086 with User-Agent='Master Admin Router'
I0923 06:19:38.000000 2406 http.cpp:1117] HTTP GET for /master/state-summary from 172.17.0.2:37092 with User-Agent='python-requests/2.18.4'
I0923 06:19:40.000000 2403 http.cpp:1117] HTTP GET for /master/state-summary from 172.17.0.2:37098 with User-Agent='python-requests/2.18.4'
I0923 06:19:42.000000 2400 http.cpp:1117] HTTP GET for /master/state-summary from 172.17.0.2:37110 with User-Agent='python-requests/2.18.4'
I0923 06:19:43.000000 2404 master.cpp:8955] Performing explicit task state reconciliation for 1 tasks of framework 4a223bc8-a527-49ab-8f24-a5941812d416-0000 (marathon) at scheduler-85881496-41c0-403f-8000-d7d5063cc648@172.17.0.2:15101
I0923 06:19:43.000000 2404 master.cpp:9116] Sending explicit reconciliation state TASK_UNKNOWN for task fake-marathon-pacemaker-task-7bfdac33-6b10-4496-b639-4dfb05116145 of framework 4a223bc8-a527-49ab-8f24-a5941812d416-0000 (marathon) at scheduler-85881496-41c0-403f-8000-d7d5063cc648@172.17.0.2:15101
I0923 06:19:44.000000 2400 http.cpp:1117] HTTP GET for /master/state-summary from 172.17.0.2:37116 with User-Agent='python-requests/2.18.4'
I0923 06:19:46.000000 2404 http.cpp:1117] HTTP GET for /master/state-summary from 172.17.0.2:37122 with User-Agent='python-requests/2.18.4'
I0923 06:19:48.000000 2404 http.cpp:1117] HTTP GET for /master/state-summary from 172.17.0.2:37134 with User-Agent='python-requests/2.18.4'
I0923 06:19:49.000000 2397 http.cpp:1117] HTTP GET for /master/state.json from 172.17.0.2:37140 with User-Agent='Mesos-DNS'
I0923 06:19:50.000000 2398 http.cpp:1117] HTTP GET for /master/state-summary from 172.17.0.2:37142 with User-Agent='python-requests/2.18.4'
I0923 06:19:51.000000 2395 master.hpp:418] Sending heartbeat to subscriber f7d1785c-628b-4508-ae3b-4c0b47e55f2c
I0923 06:19:52.000000 2400 http.cpp:1117] HTTP GET for /master/state-summary from 172.17.0.2:37154 with User-Agent='python-requests/2.18.4'
I0923 06:19:54.000000 2408 http.cpp:1117] HTTP GET for /master/state-summary from 172.17.0.2:37160 with User-Agent='python-requests/2.18.4'
I0923 06:19:56.000000 2408 http.cpp:1117] HTTP GET for /master/state-summary from 172.17.0.2:37166 with User-Agent='python-requests/2.18.4'
I0923 06:19:58.000000 2398 master.cpp:8955] Performing explicit task state reconciliation for 1 tasks of framework 4a223bc8-a527-49ab-8f24-a5941812d416-0000 (marathon) at scheduler-85881496-41c0-403f-8000-d7d5063cc648@172.17.0.2:15101
I0923 06:19:58.000000 2398 master.cpp:9116] Sending explicit reconciliation state TASK_UNKNOWN for task fake-marathon-pacemaker-task-7bfdac33-6b10-4496-b639-4dfb05116145 of framework 4a223bc8-a527-49ab-8f24-a5941812d416-0000 (marathon) at scheduler-85881496-41c0-403f-8000-d7d5063cc648@172.17.0.2:15101
I0923 06:19:58.000000 2407 http.cpp:1117] HTTP GET for /master/state-summary from 172.17.0.2:37178 with User-Agent='python-requests/2.18.4'
I0923 06:20:00.000000 2403 http.cpp:1117] HTTP GET for /master/state-summary from 172.17.0.2:37184 with User-Agent='python-requests/2.18.4'
I0923 06:20:02.000000 2407 http.cpp:1117] HTTP GET for /master/state-summary from 172.17.0.2:37196 with User-Agent='python-requests/2.18.4'
I0923 06:20:03.000000 2397 http.cpp:1117] HTTP GET for /master/state-summary from 172.17.0.2:37198 with User-Agent='Master Admin Router'
I0923 06:20:04.000000 2403 http.cpp:1117] HTTP GET for /master/state-summary from 172.17.0.2:37232 with User-Agent='python-requests/2.18.4'
I0923 06:20:06.000000 2404 http.cpp:1117] HTTP GET for /master/state-summary from 172.17.0.2:37238 with User-Agent='python-requests/2.18.4'
I0923 06:20:06.000000 2404 master.hpp:418] Sending heartbeat to subscriber f7d1785c-628b-4508-ae3b-4c0b47e55f2c
I0923 06:20:08.000000 2399 http.cpp:1117] HTTP GET for /master/state-summary from 172.17.0.2:37250 with User-Agent='python-requests/2.18.4'
I0923 06:20:10.000000 2400 http.cpp:1117] HTTP GET for /master/state-summary from 172.17.0.2:37256 with User-Agent='python-requests/2.18.4'
I0923 06:20:11.000000 2400 http.cpp:1117] HTTP GET for /master/slaves from 172.17.0.2:47748 with User-Agent='Go-http-client/1.1'
I0923 06:20:12.000000 2401 http.cpp:1117] HTTP GET for /master/state-summary from 172.17.0.2:37270 with User-Agent='python-requests/2.18.4'
I0923 06:20:13.000000 2396 master.cpp:8955] Performing explicit task state reconciliation for 1 tasks of framework 4a223bc8-a527-49ab-8f24-a5941812d416-0000 (marathon) at scheduler-85881496-41c0-403f-8000-d7d5063cc648@172.17.0.2:15101
I0923 06:20:13.000000 2396 master.cpp:9116] Sending explicit reconciliation state TASK_UNKNOWN for task fake-marathon-pacemaker-task-7bfdac33-6b10-4496-b639-4dfb05116145 of framework 4a223bc8-a527-49ab-8f24-a5941812d416-0000 (marathon) at scheduler-85881496-41c0-403f-8000-d7d5063cc648@172.17.0.2:15101
I0923 06:20:14.000000 2402 http.cpp:1117] HTTP GET for /master/state-summary from 172.17.0.2:37276 with User-Agent='python-requests/2.18.4'
I0923 06:20:16.000000 2405 http.cpp:1117] HTTP GET for /master/state-summary from 172.17.0.2:37282 with User-Agent='python-requests/2.18.4'
I0923 06:20:18.000000 2405 http.cpp:1117] HTTP GET for /master/state-summary from 172.17.0.2:37294 with User-Agent='python-requests/2.18.4'
I0923 06:20:19.000000 2407 http.cpp:1117] HTTP GET for /master/state.json from 172.17.0.2:37300 with User-Agent='Mesos-DNS'
I0923 06:20:20.000000 2397 http.cpp:1117] HTTP GET for /master/state-summary from 172.17.0.2:37302 with User-Agent='python-requests/2.18.4'
I0923 06:20:21.000000 2403 master.hpp:418] Sending heartbeat to subscriber f7d1785c-628b-4508-ae3b-4c0b47e55f2c
I0923 06:20:22.000000 2406 http.cpp:1117] HTTP GET for /master/state-summary from 172.17.0.2:37314 with User-Agent='python-requests/2.18.4'
I0923 06:20:24.000000 2406 http.cpp:1117] HTTP GET for /master/state-summary from 172.17.0.2:37320 with User-Agent='python-requests/2.18.4'
I0923 06:20:26.000000 2403 http.cpp:1117] HTTP GET for /master/state-summary from 172.17.0.2:37326 with User-Agent='python-requests/2.18.4'
I0923 06:20:28.000000 2393 http.cpp:1117] HTTP GET for /master/state-summary from 172.17.0.2:37338 with User-Agent='Master Admin Router'
I0923 06:20:28.000000 2395 master.cpp:8955] Performing explicit task state reconciliation for 1 tasks of framework 4a223bc8-a527-49ab-8f24-a5941812d416-0000 (marathon) at scheduler-85881496-41c0-403f-8000-d7d5063cc648@172.17.0.2:15101
I0923 06:20:28.000000 2395 master.cpp:9116] Sending explicit reconciliation state TASK_UNKNOWN for task fake-marathon-pacemaker-task-7bfdac33-6b10-4496-b639-4dfb05116145 of framework 4a223bc8-a527-49ab-8f24-a5941812d416-0000 (marathon) at scheduler-85881496-41c0-403f-8000-d7d5063cc648@172.17.0.2:15101
I0923 06:20:28.000000 2401 http.cpp:1117] HTTP GET for /master/state-summary from 172.17.0.2:37344 with User-Agent='python-requests/2.18.4'
I0923 06:20:30.000000 2402 http.cpp:1117] HTTP GET for /master/state-summary from 172.17.0.2:37350 with User-Agent='python-requests/2.18.4'
I0923 06:20:32.000000 2394 http.cpp:1117] HTTP GET for /master/state-summary from 172.17.0.2:37362 with User-Agent='python-requests/2.18.4'
I0923 06:20:34.000000 2399 http.cpp:1117] HTTP GET for /master/state-summary from 172.17.0.2:37368 with User-Agent='python-requests/2.18.4'
I0923 06:20:36.000000 2401 http.cpp:1117] HTTP GET for /master/state-summary from 172.17.0.2:37374 with User-Agent='python-requests/2.18.4'
I0923 06:20:36.000000 2403 master.hpp:418] Sending heartbeat to subscriber f7d1785c-628b-4508-ae3b-4c0b47e55f2c
I0923 06:20:37.000000 2402 master.cpp:9434] Sending offer 4a223bc8-a527-49ab-8f24-a5941812d416-O37006 containing resources ports(allocated: *):[1025-2180, 2182-3887, 3889-5049, 5052-8079, 8082-8180, 8182-32000]; disk(allocated: *):93296; cpus(allocated: *):3.78; mem(allocated: *):14477 on agent 4a223bc8-a527-49ab-8f24-a5941812d416-S1
at slave(1)@172.17.0.4:5051 (172.17.0.4) to framework 4a223bc8-a527-49ab-8f24-a5941812d416-0001 (metronome) at scheduler-ca9601af-122f-4941-a1c3-58649859f536@172.17.0.2:15201
I0923 06:20:37.000000 2402 master.cpp:9445] Sending offers [ 4a223bc8-a527-49ab-8f24-a5941812d416-O37006 ] to framework 4a223bc8-a527-49ab-8f24-a5941812d416-0001 (metronome) at scheduler-ca9601af-122f-4941-a1c3-58649859f536@172.17.0.2:15201
I0923 06:20:37.000000 2401 master.cpp:5837] Processing DECLINE call for offers: [ 4a223bc8-a527-49ab-8f24-a5941812d416-O37006 ] for framework 4a223bc8-a527-49ab-8f24-a5941812d416-0001 (metronome) at scheduler-ca9601af-122f-4941-a1c3-58649859f536@172.17.0.2:15201
I0923 06:20:37.000000 2401 master.cpp:11439] Removing offer 4a223bc8-a527-49ab-8f24-a5941812d416-O37006
I0923 06:20:38.000000 2399 http.cpp:1117] HTTP GET for /master/state-summary from 172.17.0.2:37386 with User-Agent='python-requests/2.18.4'
I0923 06:20:40.000000 2399 http.cpp:1117] HTTP GET for /master/state-summary from 172.17.0.2:37392 with User-Agent='python-requests/2.18.4'
I0923 06:20:42.000000 2405 http.cpp:1117] HTTP GET for /master/state-summary from 172.17.0.2:37404 with User-Agent='python-requests/2.18.4'
I0923 06:20:43.000000 2404 master.cpp:8955] Performing explicit task state reconciliation for 1 tasks of framework 4a223bc8-a527-49ab-8f24-a5941812d416-0000 (marathon) at scheduler-85881496-41c0-403f-8000-d7d5063cc648@172.17.0.2:15101
I0923 06:20:43.000000 2404 master.cpp:9116] Sending explicit reconciliation state TASK_UNKNOWN for task fake-marathon-pacemaker-task-7bfdac33-6b10-4496-b639-4dfb05116145 of framework 4a223bc8-a527-49ab-8f24-a5941812d416-0000 (marathon) at scheduler-85881496-41c0-403f-8000-d7d5063cc648@172.17.0.2:15101
I0923 06:20:44.000000 2396 http.cpp:1117] HTTP GET for /master/state-summary from 172.17.0.2:37410 with User-Agent='python-requests/2.18.4'
I0923 06:20:46.000000 2399 http.cpp:1117] HTTP GET for /master/state-summary from 172.17.0.2:37416 with User-Agent='python-requests/2.18.4'
I0923 06:20:48.000000 2399 http.cpp:1117] HTTP GET for /master/state-summary from 172.17.0.2:37428 with User-Agent='python-requests/2.18.4'
I0923 06:20:49.000000 2395 http.cpp:1117] HTTP GET for /master/state.json from 172.17.0.2:37434 with User-Agent='Mesos-DNS'
I0923 06:20:50.000000 2408 http.cpp:1117] HTTP GET for /master/state-summary from 172.17.0.2:37436 with User-Agent='python-requests/2.18.4'
I0923 06:20:51.000000 2395 master.hpp:418] Sending heartbeat to subscriber f7d1785c-628b-4508-ae3b-4c0b47e55f2c
I0923 06:20:52.000000 2395 http.cpp:1117] HTTP GET for /master/state-summary from 172.17.0.2:37448 with User-Agent='python-requests/2.18.4'
I0923 06:20:53.000000 2397 http.cpp:1117] HTTP GET for /master/state-summary from 172.17.0.2:37450 with User-Agent='Master Admin Router'
I0923 06:20:54.000000 2406 http.cpp:1117] HTTP GET for /master/state-summary from 172.17.0.2:37460 with User-Agent='python-requests/2.18.4'
I0923 06:20:55.000000 2403 master.cpp:9434] Sending offer 4a223bc8-a527-49ab-8f24-a5941812d416-O37007 containing resources ports(allocated: *):[1025-2180, 2182-2205, 2207-3887, 3889-4229, 4231-5049, 5052-6544, 6546-7828, 7830-8079, 8082-8180, 8182-10347, 10349-18147, 18149-21704, 21706-21883, 21885-23527, 23529-23534, 23536-24355, 24357-24899, 24901-25475, 25477-26217, 26219-26512, 26514-27302, 27304-32000]; disk(allocated: *):92883; cpus(allocated: *):0.05; mem(allocated: *):13197 on agent 4a223bc8-a527-49ab-8f24-a5941812d416-S2
at slave(1)@172.17.0.3:5051 (172.17.0.3) to framework 4a223bc8-a527-49ab-8f24-a5941812d416-0001 (metronome) at scheduler-ca9601af-122f-4941-a1c3-58649859f536@172.17.0.2:15201
I0923 06:20:55.000000 2403 master.cpp:9445] Sending offers [ 4a223bc8-a527-49ab-8f24-a5941812d416-O37007 ] to framework 4a223bc8-a527-49ab-8f24-a5941812d416-0001 (metronome) at scheduler-ca9601af-122f-4941-a1c3-58649859f536@172.17.0.2:15201
I0923 06:20:55.000000 2394 master.cpp:5837] Processing DECLINE call for offers: [ 4a223bc8-a527-49ab-8f24-a5941812d416-O37007 ] for framework 4a223bc8-a527-49ab-8f24-a5941812d416-0001 (metronome) at scheduler-ca9601af-122f-4941-a1c3-58649859f536@172.17.0.2:15201
I0923 06:20:55.000000 2394 master.cpp:11439] Removing offer 4a223bc8-a527-49ab-8f24-a5941812d416-O37007
I0923 06:20:56.000000 2403 http.cpp:1117] HTTP GET for /master/state-summary from 172.17.0.2:37466 with User-Agent='python-requests/2.18.4'
I0923 06:20:58.000000 2401 master.cpp:8955] Performing explicit task state reconciliation for 1 tasks of framework 4a223bc8-a527-49ab-8f24-a5941812d416-0000 (marathon) at scheduler-85881496-41c0-403f-8000-d7d5063cc648@172.17.0.2:15101
I0923 06:20:58.000000 2401 master.cpp:9116] Sending explicit reconciliation state TASK_UNKNOWN for task fake-marathon-pacemaker-task-7bfdac33-6b10-4496-b639-4dfb05116145 of framework 4a223bc8-a527-49ab-8f24-a5941812d416-0000 (marathon) at scheduler-85881496-41c0-403f-8000-d7d5063cc648@172.17.0.2:15101
I0923 06:20:58.000000 2399 http.cpp:1117] HTTP GET for /master/state-summary from 172.17.0.2:37478 with User-Agent='python-requests/2.18.4'
I0923 06:21:00.000000 2407 http.cpp:1117] HTTP GET for /master/state-summary from 172.17.0.2:37484 with User-Agent='python-requests/2.18.4'
I0923 06:21:02.000000 2407 http.cpp:1117] HTTP GET for /master/state-summary from 172.17.0.2:37496 with User-Agent='python-requests/2.18.4'
I0923 06:21:04.000000 2394 http.cpp:1117] HTTP GET for /master/state-summary from 172.17.0.2:37520 with User-Agent='python-requests/2.18.4'
I0923 06:21:06.000000 2404 http.cpp:1117] HTTP GET for /master/state-summary from 172.17.0.2:37526 with User-Agent='python-requests/2.18.4'
I0923 06:21:06.000000 2394 master.hpp:418] Sending heartbeat to subscriber f7d1785c-628b-4508-ae3b-4c0b47e55f2c
I0923 06:21:08.000000 2401 http.cpp:1117] HTTP GET for /master/state-summary from 172.17.0.2:37538 with User-Agent='python-requests/2.18.4'
I0923 06:21:10.000000 2400 http.cpp:1117] HTTP GET for /master/state-summary from 172.17.0.2:37544 with User-Agent='python-requests/2.18.4'
I0923 06:21:11.000000 2401 http.cpp:1117] HTTP GET for /master/slaves from 172.17.0.2:47748 with User-Agent='Go-http-client/1.1'
I0923 06:21:12.000000 2403 http.cpp:1117] HTTP GET for /master/state-summary from 172.17.0.2:37558 with User-Agent='python-requests/2.18.4'
I0923 06:21:13.000000 2406 master.cpp:8955] Performing explicit task state reconciliation for 1 tasks of framework 4a223bc8-a527-49ab-8f24-a5941812d416-0000 (marathon) at scheduler-85881496-41c0-403f-8000-d7d5063cc648@172.17.0.2:15101
I0923 06:21:13.000000 2406 master.cpp:9116] Sending explicit reconciliation state TASK_UNKNOWN for task fake-marathon-pacemaker-task-7bfdac33-6b10-4496-b639-4dfb05116145 of framework 4a223bc8-a527-49ab-8f24-a5941812d416-0000 (marathon) at scheduler-85881496-41c0-403f-8000-d7d5063cc648@172.17.0.2:15101
I0923 06:21:14.000000 2396 http.cpp:1117] HTTP GET for /master/state-summary from 172.17.0.2:37564 with User-Agent='python-requests/2.18.4'
I0923 06:21:16.000000 2398 http.cpp:1117] HTTP GET for /master/state-summary from 172.17.0.2:37570 with User-Agent='python-requests/2.18.4'
I0923 06:21:18.000000 2403 http.cpp:1117] HTTP GET for /master/state-summary from 172.17.0.2:37582 with User-Agent='Master Admin Router'
I0923 06:21:18.000000 2406 http.cpp:1117] HTTP GET for /master/state-summary from 172.17.0.2:37588 with User-Agent='python-requests/2.18.4'
I0923 06:21:19.000000 2402 http.cpp:1117] HTTP GET for /master/state.json from 172.17.0.2:37594 with User-Agent='Mesos-DNS'
I0923 06:21:20.000000 2401 http.cpp:1117] HTTP GET for /master/state-summary from 172.17.0.2:37596 with User-Agent='python-requests/2.18.4'
I0923 06:21:21.000000 2407 master.hpp:418] Sending heartbeat to subscriber f7d1785c-628b-4508-ae3b-4c0b47e55f2c
I0923 06:21:22.000000 2399 http.cpp:1117] HTTP GET for /master/state-summary from 172.17.0.2:37608 with User-Agent='python-requests/2.18.4'
I0923 06:21:24.000000 2405 http.cpp:1117] HTTP GET for /master/state-summary from 172.17.0.2:37614 with User-Agent='python-requests/2.18.4'
I0923 06:21:26.000000 2402 http.cpp:1117] HTTP GET for /master/state-summary from 172.17.0.2:37620 with User-Agent='python-requests/2.18.4'
I0923 06:21:28.000000 2400 master.cpp:8955] Performing explicit task state reconciliation for 1 tasks of framework 4a223bc8-a527-49ab-8f24-a5941812d416-0000 (marathon) at scheduler-85881496-41c0-403f-8000-d7d5063cc648@172.17.0.2:15101
I0923 06:21:28.000000 2400 master.cpp:9116] Sending explicit reconciliation state TASK_UNKNOWN for task fake-marathon-pacemaker-task-7bfdac33-6b10-4496-b639-4dfb05116145 of framework 4a223bc8-a527-49ab-8f24-a5941812d416-0000 (marathon) at scheduler-85881496-41c0-403f-8000-d7d5063cc648@172.17.0.2:15101
I0923 06:21:28.000000 2397 http.cpp:1117] HTTP GET for /master/state-summary from 172.17.0.2:37632 with User-Agent='python-requests/2.18.4'
I0923 06:21:28.000000 2400 master.cpp:9434] Sending offer 4a223bc8-a527-49ab-8f24-a5941812d416-O37008 containing resources ports(allocated: slave_public):[1025-2180, 2182-3887, 3889-5049, 5052-8079, 8082-8180, 8182-32000]; disk(allocated: slave_public):93296; cpus(allocated: slave_public):3.78; mem(allocated: slave_public):14477 on agent 4a223bc8-a527-49ab-8f24-a5941812d416-S1
at slave(1)@172.17.0.4:5051 (172.17.0.4) to framework 4a223bc8-a527-49ab-8f24-a5941812d416-0000 (marathon) at scheduler-85881496-41c0-403f-8000-d7d5063cc648@172.17.0.2:15101
I0923 06:21:28.000000 2400 master.cpp:9434] Sending offer 4a223bc8-a527-49ab-8f24-a5941812d416-O37009 containing resources ports(allocated: slave_public):[1025-2180, 2182-2205, 2207-3887, 3889-4229, 4231-5049, 5052-6544, 6546-7828, 7830-8079, 8082-8180, 8182-10347, 10349-18147, 18149-21704, 21706-21883, 21885-23527, 23529-23534, 23536-24355, 24357-24899, 24901-25475, 25477-26217, 26219-26512, 26514-27302, 27304-32000]; disk(allocated: slave_public):92883; cpus(allocated: slave_public):0.05; mem(allocated: slave_public):13197 on agent 4a223bc8-a527-49ab-8f24-a5941812d416-S2
at slave(1)@172.17.0.3:5051 (172.17.0.3) to framework 4a223bc8-a527-49ab-8f24-a5941812d416-0000 (marathon) at scheduler-85881496-41c0-403f-8000-d7d5063cc648@172.17.0.2:15101
I0923 06:21:28.000000 2400 master.cpp:9434] Sending offer 4a223bc8-a527-49ab-8f24-a5941812d416-O37010 containing resources ports(allocated: slave_public)(reservations: [(STATIC,slave_public)]):[1-21, 23-5050, 5052-32000]; disk(allocated: slave_public)(reservations: [(STATIC,slave_public)]):93316; cpus(allocated: slave_public)(reservations: [(STATIC,slave_public)]):4; mem(allocated: slave_public)(reservations: [(STATIC,slave_public)]):14605 on agent 4a223bc8-a527-49ab-8f24-a5941812d416-S0
at slave(1)@172.17.0.5:5051 (172.17.0.5) to framework 4a223bc8-a527-49ab-8f24-a5941812d416-0000 (marathon) at scheduler-85881496-41c0-403f-8000-d7d5063cc648@172.17.0.2:15101
I0923 06:21:28.000000 2400 master.cpp:9445] Sending offers [ 4a223bc8-a527-49ab-8f24-a5941812d416-O37008, 4a223bc8-a527-49ab-8f24-a5941812d416-O37009, 4a223bc8-a527-49ab-8f24-a5941812d416-O37010 ] to framework 4a223bc8-a527-49ab-8f24-a5941812d416-0000 (marathon) at scheduler-85881496-41c0-403f-8000-d7d5063cc648@172.17.0.2:15101
I0923 06:21:28.000000 2398 master.cpp:5837] Processing DECLINE call for offers: [ 4a223bc8-a527-49ab-8f24-a5941812d416-O37010 ] for framework 4a223bc8-a527-49ab-8f24-a5941812d416-0000 (marathon) at scheduler-85881496-41c0-403f-8000-d7d5063cc648@172.17.0.2:15101
I0923 06:21:28.000000 2398 master.cpp:11439] Removing offer 4a223bc8-a527-49ab-8f24-a5941812d416-O37010
I0923 06:21:28.000000 2406 master.cpp:5837] Processing DECLINE call for offers: [ 4a223bc8-a527-49ab-8f24-a5941812d416-O37008 ] for framework 4a223bc8-a527-49ab-8f24-a5941812d416-0000 (marathon) at scheduler-85881496-41c0-403f-8000-d7d5063cc648@172.17.0.2:15101
I0923 06:21:28.000000 2406 master.cpp:11439] Removing offer 4a223bc8-a527-49ab-8f24-a5941812d416-O37008
I0923 06:21:28.000000 2406 master.cpp:5837] Processing DECLINE call for offers: [ 4a223bc8-a527-49ab-8f24-a5941812d416-O37009 ] for framework 4a223bc8-a527-49ab-8f24-a5941812d416-0000 (marathon) at scheduler-85881496-41c0-403f-8000-d7d5063cc648@172.17.0.2:15101
I0923 06:21:28.000000 2406 master.cpp:11439] Removing offer 4a223bc8-a527-49ab-8f24-a5941812d416-O37009
I0923 06:21:30.000000 2401 http.cpp:1117] HTTP GET for /master/state-summary from 172.17.0.2:37638 with User-Agent='python-requests/2.18.4'
I0923 06:21:32.000000 2406 http.cpp:1117] HTTP GET for /master/state-summary from 172.17.0.2:37650 with User-Agent='python-requests/2.18.4'
I0923 06:21:34.000000 2407 http.cpp:1117] HTTP GET for /master/state-summary from 172.17.0.2:37656 with User-Agent='python-requests/2.18.4'
I0923 06:21:36.000000 2397 http.cpp:1117] HTTP GET for /master/state-summary from 172.17.0.2:37662 with User-Agent='python-requests/2.18.4'
I0923 06:21:36.000000 2406 master.hpp:418] Sending heartbeat to subscriber f7d1785c-628b-4508-ae3b-4c0b47e55f2c
I0923 06:21:38.000000 2393 http.cpp:1117] HTTP GET for /master/state-summary from 172.17.0.2:37674 with User-Agent='python-requests/2.18.4'
I0923 06:21:40.000000 2397 http.cpp:1117] HTTP GET for /master/state-summary from 172.17.0.2:37680 with User-Agent='python-requests/2.18.4'
I0923 06:21:42.000000 2398 http.cpp:1117] HTTP GET for /master/state-summary from 172.17.0.2:37692 with User-Agent='python-requests/2.18.4'
I0923 06:21:43.000000 2393 http.cpp:1117] HTTP GET for /master/state-summary from 172.17.0.2:37694 with User-Agent='Master Admin Router'
I0923 06:21:43.000000 2399 master.cpp:8955] Performing explicit task state reconciliation for 1 tasks of framework 4a223bc8-a527-49ab-8f24-a5941812d416-0000 (marathon) at scheduler-85881496-41c0-403f-8000-d7d5063cc648@172.17.0.2:15101
I0923 06:21:43.000000 2399 master.cpp:9116] Sending explicit reconciliation state TASK_UNKNOWN for task fake-marathon-pacemaker-task-7bfdac33-6b10-4496-b639-4dfb05116145 of framework 4a223bc8-a527-49ab-8f24-a5941812d416-0000 (marathon) at scheduler-85881496-41c0-403f-8000-d7d5063cc648@172.17.0.2:15101
I0923 06:21:44.000000 2404 http.cpp:1117] HTTP GET for /master/state-summary from 172.17.0.2:37704 with User-Agent='python-requests/2.18.4'
I0923 06:21:46.000000 2394 http.cpp:1117] HTTP GET for /master/state-summary from 172.17.0.2:37710 with User-Agent='python-requests/2.18.4'
I0923 06:21:48.000000 2396 http.cpp:1117] HTTP GET for /master/state-summary from 172.17.0.2:37722 with User-Agent='python-requests/2.18.4'
I0923 06:21:49.000000 2393 http.cpp:1117] HTTP GET for /master/state.json from 172.17.0.2:37728 with User-Agent='Mesos-DNS'
I0923 06:21:50.000000 2404 http.cpp:1117] HTTP GET for /master/state-summary from 172.17.0.2:37730 with User-Agent='python-requests/2.18.4'
I0923 06:21:51.000000 2403 master.hpp:418] Sending heartbeat to subscriber f7d1785c-628b-4508-ae3b-4c0b47e55f2c
I0923 06:21:52.000000 2400 http.cpp:1117] HTTP GET for /master/state-summary from 172.17.0.2:37742 with User-Agent='python-requests/2.18.4'
I0923 06:21:54.000000 2399 http.cpp:1117] HTTP GET for /master/state-summary from 172.17.0.2:37748 with User-Agent='python-requests/2.18.4'
I0923 06:21:56.000000 2399 http.cpp:1117] HTTP GET for /master/state-summary from 172.17.0.2:37754 with User-Agent='python-requests/2.18.4'
I0923 06:21:58.000000 2406 http.cpp:1117] HTTP GET for /master/state-summary from 172.17.0.2:37766 with User-Agent='python-requests/2.18.4'
I0923 06:21:58.000000 2406 master.cpp:8955] Performing explicit task state reconciliation for 1 tasks of framework 4a223bc8-a527-49ab-8f24-a5941812d416-0000 (marathon) at scheduler-85881496-41c0-403f-8000-d7d5063cc648@172.17.0.2:15101
I0923 06:21:58.000000 2406 master.cpp:9116] Sending explicit reconciliation state TASK_UNKNOWN for task fake-marathon-pacemaker-task-7bfdac33-6b10-4496-b639-4dfb05116145 of framework 4a223bc8-a527-49ab-8f24-a5941812d416-0000 (marathon) at scheduler-85881496-41c0-403f-8000-d7d5063cc648@172.17.0.2:15101
I0923 06:22:00.000000 2407 http.cpp:1117] HTTP GET for /master/state-summary from 172.17.0.2:37772 with User-Agent='python-requests/2.18.4'
I0923 06:22:02.000000 2394 http.cpp:1117] HTTP GET for /master/state-summary from 172.17.0.2:37784 with User-Agent='python-requests/2.18.4'
I0923 06:22:04.000000 2395 http.cpp:1117] HTTP GET for /master/state-summary from 172.17.0.2:37806 with User-Agent='python-requests/2.18.4'
I0923 06:22:06.000000 2402 http.cpp:1117] HTTP GET for /master/state-summary from 172.17.0.2:37812 with User-Agent='python-requests/2.18.4'
I0923 06:22:06.000000 2408 master.hpp:418] Sending heartbeat to subscriber f7d1785c-628b-4508-ae3b-4c0b47e55f2c
I0923 06:22:08.000000 2399 http.cpp:1117] HTTP GET for /master/state-summary from 172.17.0.2:37824 with User-Agent='Master Admin Router'
I0923 06:22:08.000000 2401 http.cpp:1117] HTTP GET for /master/state-summary from 172.17.0.2:37830 with User-Agent='python-requests/2.18.4'
I0923 06:22:10.000000 2400 http.cpp:1117] HTTP GET for /master/state-summary from 172.17.0.2:37836 with User-Agent='python-requests/2.18.4'
I0923 06:22:11.000000 2408 http.cpp:1117] HTTP GET for /master/slaves from 172.17.0.2:47748 with User-Agent='Go-http-client/1.1'
I0923 06:22:12.000000 2398 http.cpp:1117] HTTP GET for /master/state-summary from 172.17.0.2:37850 with User-Agent='python-requests/2.18.4'
I0923 06:22:13.000000 2398 master.cpp:8955] Performing explicit task state reconciliation for 1 tasks of framework 4a223bc8-a527-49ab-8f24-a5941812d416-0000 (marathon) at scheduler-85881496-41c0-403f-8000-d7d5063cc648@172.17.0.2:15101
I0923 06:22:13.000000 2398 master.cpp:9116] Sending explicit reconciliation state TASK_UNKNOWN for task fake-marathon-pacemaker-task-7bfdac33-6b10-4496-b639-4dfb05116145 of framework 4a223bc8-a527-49ab-8f24-a5941812d416-0000 (marathon) at scheduler-85881496-41c0-403f-8000-d7d5063cc648@172.17.0.2:15101
I0923 06:22:14.000000 2396 http.cpp:1117] HTTP GET for /master/state-summary from 172.17.0.2:37856 with User-Agent='python-requests/2.18.4'
I0923 06:22:16.000000 2408 http.cpp:1117] HTTP GET for /master/state-summary from 172.17.0.2:37862 with User-Agent='python-requests/2.18.4'
I0923 06:22:18.000000 2406 http.cpp:1117] HTTP GET for /master/state-summary from 172.17.0.2:37874 with User-Agent='python-requests/2.18.4'
I0923 06:22:19.000000 2393 http.cpp:1117] HTTP GET for /master/state.json from 172.17.0.2:37880 with User-Agent='Mesos-DNS'
I0923 06:22:20.000000 2398 http.cpp:1117] HTTP GET for /master/state-summary from 172.17.0.2:37882 with User-Agent='python-requests/2.18.4'
I0923 06:22:21.000000 2399 master.hpp:418] Sending heartbeat to subscriber f7d1785c-628b-4508-ae3b-4c0b47e55f2c
I0923 06:22:22.000000 2393 http.cpp:1117] HTTP GET for /master/state-summary from 172.17.0.2:37894 with User-Agent='python-requests/2.18.4'
I0923 06:22:24.000000 2396 http.cpp:1117] HTTP GET for /master/state-summary from 172.17.0.2:37900 with User-Agent='python-requests/2.18.4'
I0923 06:22:26.000000 2393 http.cpp:1117] HTTP GET for /master/state-summary from 172.17.0.2:37906 with User-Agent='python-requests/2.18.4'
I0923 06:22:28.000000 2397 master.cpp:8955] Performing explicit task state reconciliation for 1 tasks of framework 4a223bc8-a527-49ab-8f24-a5941812d416-0000 (marathon) at scheduler-85881496-41c0-403f-8000-d7d5063cc648@172.17.0.2:15101
I0923 06:22:28.000000 2397 master.cpp:9116] Sending explicit reconciliation state TASK_UNKNOWN for task fake-marathon-pacemaker-task-7bfdac33-6b10-4496-b639-4dfb05116145 of framework 4a223bc8-a527-49ab-8f24-a5941812d416-0000 (marathon) at scheduler-85881496-41c0-403f-8000-d7d5063cc648@172.17.0.2:15101
I0923 06:22:28.000000 2399 http.cpp:1117] HTTP GET for /master/state-summary from 172.17.0.2:37918 with User-Agent='python-requests/2.18.4'
I0923 06:22:30.000000 2400 http.cpp:1117] HTTP GET for /master/state-summary from 172.17.0.2:37924 with User-Agent='python-requests/2.18.4'
I0923 06:22:32.000000 2402 http.cpp:1117] HTTP GET for /master/state-summary from 172.17.0.2:37936 with User-Agent='python-requests/2.18.4'
I0923 06:22:33.000000 2407 http.cpp:1117] HTTP GET for /master/state-summary from 172.17.0.2:37938 with User-Agent='Master Admin Router'
I0923 06:22:34.000000 2408 http.cpp:1117] HTTP GET for /master/state-summary from 172.17.0.2:37948 with User-Agent='python-requests/2.18.4'
I0923 06:22:36.000000 2400 http.cpp:1117] HTTP GET for /master/state-summary from 172.17.0.2:37954 with User-Agent='python-requests/2.18.4'
I0923 06:22:36.000000 2403 master.hpp:418] Sending heartbeat to subscriber f7d1785c-628b-4508-ae3b-4c0b47e55f2c
I0923 06:22:37.000000 2406 master.cpp:9434] Sending offer 4a223bc8-a527-49ab-8f24-a5941812d416-O37011 containing resources ports(allocated: *):[1025-2180, 2182-3887, 3889-5049, 5052-8079, 8082-8180, 8182-32000]; disk(allocated: *):93296; cpus(allocated: *):3.78; mem(allocated: *):14477 on agent 4a223bc8-a527-49ab-8f24-a5941812d416-S1
at slave(1)@172.17.0.4:5051 (172.17.0.4) to framework 4a223bc8-a527-49ab-8f24-a5941812d416-0001 (metronome) at scheduler-ca9601af-122f-4941-a1c3-58649859f536@172.17.0.2:15201
I0923 06:22:37.000000 2406 master.cpp:9445] Sending offers [ 4a223bc8-a527-49ab-8f24-a5941812d416-O37011 ] to framework 4a223bc8-a527-49ab-8f24-a5941812d416-0001 (metronome) at scheduler-ca9601af-122f-4941-a1c3-58649859f536@172.17.0.2:15201
I0923 06:22:37.000000 2403 master.cpp:5837] Processing DECLINE call for offers: [ 4a223bc8-a527-49ab-8f24-a5941812d416-O37011 ] for framework 4a223bc8-a527-49ab-8f24-a5941812d416-0001 (metronome) at scheduler-ca9601af-122f-4941-a1c3-58649859f536@172.17.0.2:15201
I0923 06:22:37.000000 2403 master.cpp:11439] Removing offer 4a223bc8-a527-49ab-8f24-a5941812d416-O37011
I0923 06:22:38.000000 2393 http.cpp:1117] HTTP GET for /master/state-summary from 172.17.0.2:37966 with User-Agent='python-requests/2.18.4'
I0923 06:22:40.000000 2397 http.cpp:1117] HTTP GET for /master/state-summary from 172.17.0.2:37972 with User-Agent='python-requests/2.18.4'
I0923 06:22:42.000000 2404 http.cpp:1117] HTTP GET for /master/state-summary from 172.17.0.2:37984 with User-Agent='python-requests/2.18.4'
I0923 06:22:43.000000 2393 master.cpp:8955] Performing explicit task state reconciliation for 1 tasks of framework 4a223bc8-a527-49ab-8f24-a5941812d416-0000 (marathon) at scheduler-85881496-41c0-403f-8000-d7d5063cc648@172.17.0.2:15101
I0923 06:22:43.000000 2393 master.cpp:9116] Sending explicit reconciliation state TASK_UNKNOWN for task fake-marathon-pacemaker-task-7bfdac33-6b10-4496-b639-4dfb05116145 of framework 4a223bc8-a527-49ab-8f24-a5941812d416-0000 (marathon) at scheduler-85881496-41c0-403f-8000-d7d5063cc648@172.17.0.2:15101
I0923 06:22:44.000000 2403 http.cpp:1117] HTTP GET for /master/state-summary from 172.17.0.2:37990 with User-Agent='python-requests/2.18.4'
I0923 06:22:46.000000 2393 http.cpp:1117] HTTP GET for /master/state-summary from 172.17.0.2:37996 with User-Agent='python-requests/2.18.4'
I0923 06:22:48.000000 2404 http.cpp:1117] HTTP GET for /master/state-summary from 172.17.0.2:38008 with User-Agent='python-requests/2.18.4'
I0923 06:22:49.000000 2397 http.cpp:1117] HTTP GET for /master/state.json from 172.17.0.2:38014 with User-Agent='Mesos-DNS'
I0923 06:22:50.000000 2403 http.cpp:1117] HTTP GET for /master/state-summary from 172.17.0.2:38016 with User-Agent='python-requests/2.18.4'
I0923 06:22:51.000000 2397 master.cpp:8955] Performing explicit task state reconciliation for 7 tasks of framework 4a223bc8-a527-49ab-8f24-a5941812d416-0000 (marathon) at scheduler-85881496-41c0-403f-8000-d7d5063cc648@172.17.0.2:15101
I0923 06:22:51.000000 2397 master.cpp:9116] Sending explicit reconciliation state TASK_RUNNING for task integration-test-7405f7b95d5e48a8ae2029f9961e4479.instance-2bb4dbea-bef8-11e8-ae4b-70b3d5800004.app-7405f7b95d5e48a8ae2029f9961e4479 of framework 4a223bc8-a527-49ab-8f24-a5941812d416-0000 (marathon) at scheduler-85881496-41c0-403f-8000-d7d5063cc648@172.17.0.2:15101
I0923 06:22:51.000000 2397 master.cpp:9116] Sending explicit reconciliation state TASK_RUNNING for task integration-test-7c9dea335c2443e5859e1822ea8301cf.instance-2bb48dc5-bef8-11e8-ae4b-70b3d5800004.app-7c9dea335c2443e5859e1822ea8301cf of framework 4a223bc8-a527-49ab-8f24-a5941812d416-0000 (marathon) at scheduler-85881496-41c0-403f-8000-d7d5063cc648@172.17.0.2:15101
I0923 06:22:51.000000 2397 master.cpp:9116] Sending explicit reconciliation state TASK_RUNNING for task integration-test-c26535de533b4b94a1c9664602c87ebf.instance-2bb4b4d7-bef8-11e8-ae4b-70b3d5800004.app-c26535de533b4b94a1c9664602c87ebf of framework 4a223bc8-a527-49ab-8f24-a5941812d416-0000 (marathon) at scheduler-85881496-41c0-403f-8000-d7d5063cc648@172.17.0.2:15101
I0923 06:22:51.000000 2397 master.cpp:9116] Sending explicit reconciliation state TASK_RUNNING for task integration-test-36e8a684f2af49c6be8f2f64ac9dd843.instance-2bb48dc4-bef8-11e8-ae4b-70b3d5800004.app-36e8a684f2af49c6be8f2f64ac9dd843 of framework 4a223bc8-a527-49ab-8f24-a5941812d416-0000 (marathon) at scheduler-85881496-41c0-403f-8000-d7d5063cc648@172.17.0.2:15101
I0923 06:22:51.000000 2397 master.cpp:9116] Sending explicit reconciliation state TASK_RUNNING for task integration-test-394e7f6c413e451591461736d7be4eed.instance-2bb4b4d8-bef8-11e8-ae4b-70b3d5800004.app-394e7f6c413e451591461736d7be4eed of framework 4a223bc8-a527-49ab-8f24-a5941812d416-0000 (marathon) at scheduler-85881496-41c0-403f-8000-d7d5063cc648@172.17.0.2:15101
I0923 06:22:51.000000 2397 master.cpp:9116] Sending explicit reconciliation state TASK_RUNNING for task integration-test-1b9a55c07ae14767a3e291aea3a9add6.instance-2bb4dbe9-bef8-11e8-ae4b-70b3d5800004.app-1b9a55c07ae14767a3e291aea3a9add6 of framework 4a223bc8-a527-49ab-8f24-a5941812d416-0000 (marathon) at scheduler-85881496-41c0-403f-8000-d7d5063cc648@172.17.0.2:15101
I0923 06:22:51.000000 2397 master.cpp:9116] Sending explicit reconciliation state TASK_RUNNING for task integration-test-5ed6bfd02b434814a8a2f7dc6081a36c.instance-2bb4b4d6-bef8-11e8-ae4b-70b3d5800004.app-5ed6bfd02b434814a8a2f7dc6081a36c of framework 4a223bc8-a527-49ab-8f24-a5941812d416-0000 (marathon) at scheduler-85881496-41c0-403f-8000-d7d5063cc648@172.17.0.2:15101
I0923 06:22:51.000000 2397 master.cpp:8889] Performing implicit task state reconciliation for framework 4a223bc8-a527-49ab-8f24-a5941812d416-0000 (marathon) at scheduler-85881496-41c0-403f-8000-d7d5063cc648@172.17.0.2:15101
I0923 06:22:51.000000 2397 master.cpp:8939] Sending implicit reconciliation state TASK_RUNNING for task integration-test-36e8a684f2af49c6be8f2f64ac9dd843.instance-2bb48dc4-bef8-11e8-ae4b-70b3d5800004.app-36e8a684f2af49c6be8f2f64ac9dd843 of framework 4a223bc8-a527-49ab-8f24-a5941812d416-0000 (marathon) at scheduler-85881496-41c0-403f-8000-d7d5063cc648@172.17.0.2:15101
I0923 06:22:51.000000 2397 master.cpp:8939] Sending implicit reconciliation state TASK_RUNNING for task integration-test-5ed6bfd02b434814a8a2f7dc6081a36c.instance-2bb4b4d6-bef8-11e8-ae4b-70b3d5800004.app-5ed6bfd02b434814a8a2f7dc6081a36c of framework 4a223bc8-a527-49ab-8f24-a5941812d416-0000 (marathon) at scheduler-85881496-41c0-403f-8000-d7d5063cc648@172.17.0.2:15101
I0923 06:22:51.000000 2397 master.cpp:8939] Sending implicit reconciliation state TASK_RUNNING for task integration-test-1b9a55c07ae14767a3e291aea3a9add6.instance-2bb4dbe9-bef8-11e8-ae4b-70b3d5800004.app-1b9a55c07ae14767a3e291aea3a9add6 of framework 4a223bc8-a527-49ab-8f24-a5941812d416-0000 (marathon) at scheduler-85881496-41c0-403f-8000-d7d5063cc648@172.17.0.2:15101
I0923 06:22:51.000000 2397 master.cpp:8939] Sending implicit reconciliation state TASK_RUNNING for task integration-test-394e7f6c413e451591461736d7be4eed.instance-2bb4b4d8-bef8-11e8-ae4b-70b3d5800004.app-394e7f6c413e451591461736d7be4eed of framework 4a223bc8-a527-49ab-8f24-a5941812d416-0000 (marathon) at scheduler-85881496-41c0-403f-8000-d7d5063cc648@172.17.0.2:15101
I0923 06:22:51.000000 2397 master.cpp:8939] Sending implicit reconciliation state TASK_RUNNING for task integration-test-7405f7b95d5e48a8ae2029f9961e4479.instance-2bb4dbea-bef8-11e8-ae4b-70b3d5800004.app-7405f7b95d5e48a8ae2029f9961e4479 of framework 4a223bc8-a527-49ab-8f24-a5941812d416-0000 (marathon) at scheduler-85881496-41c0-403f-8000-d7d5063cc648@172.17.0.2:15101
I0923 06:22:51.000000 2397 master.cpp:8939] Sending implicit reconciliation state TASK_RUNNING for task integration-test-7c9dea335c2443e5859e1822ea8301cf.instance-2bb48dc5-bef8-11e8-ae4b-70b3d5800004.app-7c9dea335c2443e5859e1822ea8301cf of framework 4a223bc8-a527-49ab-8f24-a5941812d416-0000 (marathon) at scheduler-85881496-41c0-403f-8000-d7d5063cc648@172.17.0.2:15101
I0923 06:22:51.000000 2397 master.cpp:8939] Sending implicit reconciliation state TASK_RUNNING for task integration-test-c26535de533b4b94a1c9664602c87ebf.instance-2bb4b4d7-bef8-11e8-ae4b-70b3d5800004.app-c26535de533b4b94a1c9664602c87ebf of framework 4a223bc8-a527-49ab-8f24-a5941812d416-0000 (marathon) at scheduler-85881496-41c0-403f-8000-d7d5063cc648@172.17.0.2:15101
I0923 06:22:51.000000 2406 master.hpp:418] Sending heartbeat to subscriber f7d1785c-628b-4508-ae3b-4c0b47e55f2c
I0923 06:22:52.000000 2395 http.cpp:1117] HTTP GET for /master/state-summary from 172.17.0.2:38028 with User-Agent='python-requests/2.18.4'
I0923 06:22:54.000000 2393 http.cpp:1117] HTTP GET for /master/state-summary from 172.17.0.2:38034 with User-Agent='python-requests/2.18.4'
I0923 06:22:55.000000 2408 master.cpp:9434] Sending offer 4a223bc8-a527-49ab-8f24-a5941812d416-O37012 containing resources ports(allocated: *):[1025-2180, 2182-2205, 2207-3887, 3889-4229, 4231-5049, 5052-6544, 6546-7828, 7830-8079, 8082-8180, 8182-10347, 10349-18147, 18149-21704, 21706-21883, 21885-23527, 23529-23534, 23536-24355, 24357-24899, 24901-25475, 25477-26217, 26219-26512, 26514-27302, 27304-32000]; disk(allocated: *):92883; cpus(allocated: *):0.05; mem(allocated: *):13197 on agent 4a223bc8-a527-49ab-8f24-a5941812d416-S2
at slave(1)@172.17.0.3:5051 (172.17.0.3) to framework 4a223bc8-a527-49ab-8f24-a5941812d416-0001 (metronome) at scheduler-ca9601af-122f-4941-a1c3-58649859f536@172.17.0.2:15201
I0923 06:22:55.000000 2408 master.cpp:9445] Sending offers [ 4a223bc8-a527-49ab-8f24-a5941812d416-O37012 ] to framework 4a223bc8-a527-49ab-8f24-a5941812d416-0001 (metronome) at scheduler-ca9601af-122f-4941-a1c3-58649859f536@172.17.0.2:15201
I0923 06:22:55.000000 2407 master.cpp:5837] Processing DECLINE call for offers: [ 4a223bc8-a527-49ab-8f24-a5941812d416-O37012 ] for framework 4a223bc8-a527-49ab-8f24-a5941812d416-0001 (metronome) at scheduler-ca9601af-122f-4941-a1c3-58649859f536@172.17.0.2:15201
I0923 06:22:55.000000 2407 master.cpp:11439] Removing offer 4a223bc8-a527-49ab-8f24-a5941812d416-O37012
I0923 06:22:56.000000 2400 http.cpp:1117] HTTP GET for /master/state-summary from 172.17.0.2:38040 with User-Agent='python-requests/2.18.4'
I0923 06:22:58.000000 2405 http.cpp:1117] HTTP GET for /master/state-summary from 172.17.0.2:38052 with User-Agent='Master Admin Router'
I0923 06:22:58.000000 2396 http.cpp:1117] HTTP GET for /master/state-summary from 172.17.0.2:38058 with User-Agent='python-requests/2.18.4'
I0923 06:23:00.000000 2405 http.cpp:1117] HTTP GET for /master/state-summary from 172.17.0.2:38064 with User-Agent='python-requests/2.18.4'
I0923 06:23:02.000000 2408 http.cpp:1117] HTTP GET for /master/state-summary from 172.17.0.2:38076 with User-Agent='python-requests/2.18.4'
I0923 06:23:05.000000 2400 http.cpp:1117] HTTP GET for /master/state-summary from 172.17.0.2:38104 with User-Agent='python-requests/2.18.4'
I0923 06:23:06.000000 2408 master.cpp:8955] Performing explicit task state reconciliation for 1 tasks of framework 4a223bc8-a527-49ab-8f24-a5941812d416-0000 (marathon) at scheduler-85881496-41c0-403f-8000-d7d5063cc648@172.17.0.2:15101
I0923 06:23:06.000000 2408 master.cpp:9116] Sending explicit reconciliation state TASK_UNKNOWN for task fake-marathon-pacemaker-task-7bfdac33-6b10-4496-b639-4dfb05116145 of framework 4a223bc8-a527-49ab-8f24-a5941812d416-0000 (marathon) at scheduler-85881496-41c0-403f-8000-d7d5063cc648@172.17.0.2:15101
I0923 06:23:06.000000 2402 master.hpp:418] Sending heartbeat to subscriber f7d1785c-628b-4508-ae3b-4c0b47e55f2c
I0923 06:23:07.000000 2393 http.cpp:1117] HTTP GET for /master/state-summary from 172.17.0.2:38110 with User-Agent='python-requests/2.18.4'
I0923 06:23:09.000000 2396 http.cpp:1117] HTTP GET for /master/state-summary from 172.17.0.2:38122 with User-Agent='python-requests/2.18.4'
I0923 06:23:11.000000 2398 http.cpp:1117] HTTP GET for /master/state-summary from 172.17.0.2:38128 with User-Agent='python-requests/2.18.4'
I0923 06:23:11.000000 2408 http.cpp:1117] HTTP GET for /master/slaves from 172.17.0.2:47748 with User-Agent='Go-http-client/1.1'
I0923 06:23:13.000000 2402 http.cpp:1117] HTTP GET for /master/state-summary from 172.17.0.2:38142 with User-Agent='python-requests/2.18.4'
I0923 06:23:15.000000 2405 http.cpp:1117] HTTP GET for /master/state-summary from 172.17.0.2:38148 with User-Agent='python-requests/2.18.4'
I0923 06:23:17.000000 2401 http.cpp:1117] HTTP GET for /master/state-summary from 172.17.0.2:38154 with User-Agent='python-requests/2.18.4'
I0923 06:23:19.000000 2402 http.cpp:1117] HTTP GET for /master/state-summary from 172.17.0.2:38166 with User-Agent='python-requests/2.18.4'
I0923 06:23:19.000000 2407 http.cpp:1117] HTTP GET for /master/state.json from 172.17.0.2:38172 with User-Agent='Mesos-DNS'
I0923 06:23:21.000000 2402 http.cpp:1117] HTTP GET for /master/state-summary from 172.17.0.2:38174 with User-Agent='python-requests/2.18.4'
I0923 06:23:21.000000 2395 master.cpp:8955] Performing explicit task state reconciliation for 1 tasks of framework 4a223bc8-a527-49ab-8f24-a5941812d416-0000 (marathon) at scheduler-85881496-41c0-403f-8000-d7d5063cc648@172.17.0.2:15101
I0923 06:23:21.000000 2395 master.cpp:9116] Sending explicit reconciliation state TASK_UNKNOWN for task fake-marathon-pacemaker-task-7bfdac33-6b10-4496-b639-4dfb05116145 of framework 4a223bc8-a527-49ab-8f24-a5941812d416-0000 (marathon) at scheduler-85881496-41c0-403f-8000-d7d5063cc648@172.17.0.2:15101
I0923 06:23:21.000000 2404 master.hpp:418] Sending heartbeat to subscriber f7d1785c-628b-4508-ae3b-4c0b47e55f2c
I0923 06:23:23.000000 2397 http.cpp:1117] HTTP GET for /master/state-summary from 172.17.0.2:38186 with User-Agent='python-requests/2.18.4'
I0923 06:23:23.000000 2393 http.cpp:1117] HTTP GET for /master/state-summary from 172.17.0.2:38188 with User-Agent='Master Admin Router'
I0923 06:23:25.000000 2406 http.cpp:1117] HTTP GET for /master/state-summary from 172.17.0.2:38198 with User-Agent='python-requests/2.18.4'
I0923 06:23:27.000000 2404 http.cpp:1117] HTTP GET for /master/state-summary from 172.17.0.2:38204 with User-Agent='python-requests/2.18.4'
I0923 06:23:29.000000 2400 http.cpp:1117] HTTP GET for /master/state-summary from 172.17.0.2:38216 with User-Agent='python-requests/2.18.4'
I0923 06:23:31.000000 2399 http.cpp:1117] HTTP GET for /master/state-summary from 172.17.0.2:38222 with User-Agent='python-requests/2.18.4'
I0923 06:23:33.000000 2408 http.cpp:1117] HTTP GET for /master/state-summary from 172.17.0.2:38234 with User-Agent='python-requests/2.18.4'
I0923 06:23:35.000000 2399 http.cpp:1117] HTTP GET for /master/state-summary from 172.17.0.2:38240 with User-Agent='python-requests/2.18.4'
I0923 06:23:36.000000 2403 master.cpp:8955] Performing explicit task state reconciliation for 1 tasks of framework 4a223bc8-a527-49ab-8f24-a5941812d416-0000 (marathon) at scheduler-85881496-41c0-403f-8000-d7d5063cc648@172.17.0.2:15101
I0923 06:23:36.000000 2403 master.cpp:9116] Sending explicit reconciliation state TASK_UNKNOWN for task fake-marathon-pacemaker-task-7bfdac33-6b10-4496-b639-4dfb05116145 of framework 4a223bc8-a527-49ab-8f24-a5941812d416-0000 (marathon) at scheduler-85881496-41c0-403f-8000-d7d5063cc648@172.17.0.2:15101
I0923 06:23:36.000000 2399 master.hpp:418] Sending heartbeat to subscriber f7d1785c-628b-4508-ae3b-4c0b47e55f2c
I0923 06:23:37.000000 2398 http.cpp:1117] HTTP GET for /master/state-summary from 172.17.0.2:38246 with User-Agent='python-requests/2.18.4'
I0923 06:23:39.000000 2405 http.cpp:1117] HTTP GET for /master/state-summary from 172.17.0.2:38258 with User-Agent='python-requests/2.18.4'
I0923 06:23:41.000000 2397 http.cpp:1117] HTTP GET for /master/state-summary from 172.17.0.2:38264 with User-Agent='python-requests/2.18.4'
I0923 06:23:43.000000 2398 http.cpp:1117] HTTP GET for /master/state-summary from 172.17.0.2:38276 with User-Agent='python-requests/2.18.4'
I0923 06:23:45.000000 2397 http.cpp:1117] HTTP GET for /master/state-summary from 172.17.0.2:38282 with User-Agent='python-requests/2.18.4'
I0923 06:23:47.000000 2398 http.cpp:1117] HTTP GET for /master/state-summary from 172.17.0.2:38288 with User-Agent='python-requests/2.18.4'
I0923 06:23:48.000000 2403 http.cpp:1117] HTTP GET for /master/state-summary from 172.17.0.2:38300 with User-Agent='Master Admin Router'
I0923 06:23:49.000000 2406 http.cpp:1117] HTTP GET for /master/state-summary from 172.17.0.2:38306 with User-Agent='python-requests/2.18.4'
I0923 06:23:49.000000 2406 http.cpp:1117] HTTP GET for /master/state.json from 172.17.0.2:38312 with User-Agent='Mesos-DNS'
I0923 06:23:51.000000 2405 http.cpp:1117] HTTP GET for /master/state-summary from 172.17.0.2:38314 with User-Agent='python-requests/2.18.4'
I0923 06:23:51.000000 2398 master.cpp:8955] Performing explicit task state reconciliation for 1 tasks of framework 4a223bc8-a527-49ab-8f24-a5941812d416-0000 (marathon) at scheduler-85881496-41c0-403f-8000-d7d5063cc648@172.17.0.2:15101
I0923 06:23:51.000000 2398 master.cpp:9116] Sending explicit reconciliation state TASK_UNKNOWN for task fake-marathon-pacemaker-task-7bfdac33-6b10-4496-b639-4dfb05116145 of framework 4a223bc8-a527-49ab-8f24-a5941812d416-0000 (marathon) at scheduler-85881496-41c0-403f-8000-d7d5063cc648@172.17.0.2:15101
I0923 06:23:51.000000 2395 master.hpp:418] Sending heartbeat to subscriber f7d1785c-628b-4508-ae3b-4c0b47e55f2c
I0923 06:23:53.000000 2397 http.cpp:1117] HTTP GET for /master/state-summary from 172.17.0.2:38326 with User-Agent='python-requests/2.18.4'
I0923 06:23:55.000000 2407 http.cpp:1117] HTTP GET for /master/state-summary from 172.17.0.2:38332 with User-Agent='python-requests/2.18.4'
I0923 06:23:57.000000 2401 http.cpp:1117] HTTP GET for /master/state-summary from 172.17.0.2:38338 with User-Agent='python-requests/2.18.4'
I0923 06:23:59.000000 2407 http.cpp:1117] HTTP GET for /master/state-summary from 172.17.0.2:38350 with User-Agent='python-requests/2.18.4'
I0923 06:24:01.000000 2396 http.cpp:1117] HTTP GET for /master/state-summary from 172.17.0.2:38356 with User-Agent='python-requests/2.18.4'
I0923 06:24:03.000000 2407 http.cpp:1117] HTTP GET for /master/state-summary from 172.17.0.2:38368 with User-Agent='python-requests/2.18.4'
I0923 06:24:05.000000 2394 http.cpp:1117] HTTP GET for /master/state-summary from 172.17.0.2:38392 with User-Agent='python-requests/2.18.4'
I0923 06:24:06.000000 2400 master.cpp:8955] Performing explicit task state reconciliation for 1 tasks of framework 4a223bc8-a527-49ab-8f24-a5941812d416-0000 (marathon) at scheduler-85881496-41c0-403f-8000-d7d5063cc648@172.17.0.2:15101
I0923 06:24:06.000000 2400 master.cpp:9116] Sending explicit reconciliation state TASK_UNKNOWN for task fake-marathon-pacemaker-task-7bfdac33-6b10-4496-b639-4dfb05116145 of framework 4a223bc8-a527-49ab-8f24-a5941812d416-0000 (marathon) at scheduler-85881496-41c0-403f-8000-d7d5063cc648@172.17.0.2:15101
I0923 06:24:06.000000 2394 master.hpp:418] Sending heartbeat to subscriber f7d1785c-628b-4508-ae3b-4c0b47e55f2c
I0923 06:24:07.000000 2396 http.cpp:1117] HTTP GET for /master/state-summary from 172.17.0.2:38398 with User-Agent='python-requests/2.18.4'
I0923 06:24:09.000000 2401 http.cpp:1117] HTTP GET for /master/state-summary from 172.17.0.2:38410 with User-Agent='python-requests/2.18.4'
I0923 06:24:11.000000 2406 http.cpp:1117] HTTP GET for /master/state-summary from 172.17.0.2:38416 with User-Agent='python-requests/2.18.4'
I0923 06:24:11.000000 2400 http.cpp:1117] HTTP GET for /master/slaves from 172.17.0.2:47748 with User-Agent='Go-http-client/1.1'
I0923 06:24:13.000000 2397 http.cpp:1117] HTTP GET for /master/state-summary from 172.17.0.2:38430 with User-Agent='python-requests/2.18.4'
