I0923 06:36:24.000000 2405 master.cpp:9434] Sending offer 4a223bc8-a527-49ab-8f24-a5941812d416-O37032 containing resources ports(allocated: *):[1025-2180, 2182-2205, 2207-3887, 3889-4229, 4231-5049, 5052-6544, 6546-7828, 7830-8079, 8082-8180, 8182-10347, 10349-18147, 18149-21704, 21706-21883, 21885-23527, 23529-23534, 23536-24355, 24357-24899, 24901-25475, 25477-26217, 26219-26512, 26514-27302, 27304-32000]; disk(allocated: *):92883; cpus(allocated: *):0.1; mem(allocated: *):13357 on agent 4a223bc8-a527-49ab-8f24-a5941812d416-S2
at slave(1)@172.17.0.3:5051 (172.17.0.3) to framework 4a223bc8-a527-49ab-8f24-a5941812d416-0001 (metronome) at scheduler-ca9601af-122f-4941-a1c3-58649859f536@172.17.0.2:15201
I0923 06:36:24.000000 2405 master.cpp:9445] Sending offers [ 4a223bc8-a527-49ab-8f24-a5941812d416-O37031, 4a223bc8-a527-49ab-8f24-a5941812d416-O37032 ] to framework 4a223bc8-a527-49ab-8f24-a5941812d416-0001 (metronome) at scheduler-ca9601af-122f-4941-a1c3-58649859f536@172.17.0.2:15201
I0923 06:36:24.000000 2400 master.cpp:5837] Processing DECLINE call for offers: [ 4a223bc8-a527-49ab-8f24-a5941812d416-O37031 ] for framework 4a223bc8-a527-49ab-8f24-a5941812d416-0001 (metronome) at scheduler-ca9601af-122f-4941-a1c3-58649859f536@172.17.0.2:15201
I0923 06:36:24.000000 2400 master.cpp:11439] Removing offer 4a223bc8-a527-49ab-8f24-a5941812d416-O37031
I0923 06:36:24.000000 2397 master.cpp:5837] Processing DECLINE call for offers: [ 4a223bc8-a527-49ab-8f24-a5941812d416-O37032 ] for framework 4a223bc8-a527-49ab-8f24-a5941812d416-0001 (metronome) at scheduler-ca9601af-122f-4941-a1c3-58649859f536@172.17.0.2:15201
I0923 06:36:24.000000 2397 master.cpp:11439] Removing offer 4a223bc8-a527-49ab-8f24-a5941812d416-O37032
I0923 06:36:25.000000 2400 master.cpp:9434] Sending offer 4a223bc8-a527-49ab-8f24-a5941812d416-O37033 containing resources ports(allocated: slave_public):[1025-2180, 2182-2205, 2207-3887, 3889-4229, 4231-5049, 5052-6544, 6546-7828, 7830-8079, 8082-8180, 8182-10347, 10349-18147, 18149-21704, 21706-21883, 21885-23527, 23529-23534, 23536-24355, 24357-24899, 24901-25475, 25477-26217, 26219-26512, 26514-27302, 27304-32000]; disk(allocated: slave_public):92883; cpus(allocated: slave_public):0.1; mem(allocated: slave_public):13357 on agent 4a223bc8-a527-49ab-8f24-a5941812d416-S2
at slave(1)@172.17.0.3:5051 (172.17.0.3) to framework 4a223bc8-a527-49ab-8f24-a5941812d416-0000 (marathon) at scheduler-85881496-41c0-403f-8000-d7d5063cc648@172.17.0.2:15101
I0923 06:36:25.000000 2400 master.cpp:9434] Sending offer 4a223bc8-a527-49ab-8f24-a5941812d416-O37034 containing resources ports(allocated: slave_public):[1025-2180, 2182-3887, 3889-5049, 5052-8079, 8082-8180, 8182-32000]; disk(allocated: slave_public):93296; cpus(allocated: slave_public):3.8; mem(allocated: slave_public):14541 on agent 4a223bc8-a527-49ab-8f24-a5941812d416-S1
at slave(1)@172.17.0.4:5051 (172.17.0.4) to framework 4a223bc8-a527-49ab-8f24-a5941812d416-0000 (marathon) at scheduler-85881496-41c0-403f-8000-d7d5063cc648@172.17.0.2:15101
I0923 06:36:25.000000 2400 master.cpp:9445] Sending offers [ 4a223bc8-a527-49ab-8f24-a5941812d416-O37033, 4a223bc8-a527-49ab-8f24-a5941812d416-O37034 ] to framework 4a223bc8-a527-49ab-8f24-a5941812d416-0000 (marathon) at scheduler-85881496-41c0-403f-8000-d7d5063cc648@172.17.0.2:15101
I0923 06:36:25.000000 2395 master.cpp:5837] Processing DECLINE call for offers: [ 4a223bc8-a527-49ab-8f24-a5941812d416-O37033 ] for framework 4a223bc8-a527-49ab-8f24-a5941812d416-0000 (marathon) at scheduler-85881496-41c0-403f-8000-d7d5063cc648@172.17.0.2:15101
I0923 06:36:25.000000 2395 master.cpp:11439] Removing offer 4a223bc8-a527-49ab-8f24-a5941812d416-O37033
I0923 06:36:25.000000 2394 master.cpp:5837] Processing DECLINE call for offers: [ 4a223bc8-a527-49ab-8f24-a5941812d416-O37034 ] for framework 4a223bc8-a527-49ab-8f24-a5941812d416-0000 (marathon) at scheduler-85881496-41c0-403f-8000-d7d5063cc648@172.17.0.2:15101
I0923 06:36:25.000000 2394 master.cpp:11439] Removing offer 4a223bc8-a527-49ab-8f24-a5941812d416-O37034
I0923 06:36:25.000000 2393 http.cpp:1117] HTTP GET for /master/state-summary from 172.17.0.2:42054 with User-Agent='python-requests/2.18.4'
I0923 06:36:25.000000 2404 master.cpp:8605] Executor 'instance-integration-test-394e7f6c413e451591461736d7be4eed.2bb4b4d8-bef8-11e8-ae4b-70b3d5800004' of framework 4a223bc8-a527-49ab-8f24-a5941812d416-0000 on agent 4a223bc8-a527-49ab-8f24-a5941812d416-S2
at slave(1)@172.17.0.3:5051 (172.17.0.3): exited with status 0
I0923 06:36:25.000000 2404 master.cpp:11038] Removing executor 'instance-integration-test-394e7f6c413e451591461736d7be4eed.2bb4b4d8-bef8-11e8-ae4b-70b3d5800004' with resources [{"allocation_info":{"role":"slave_public"},"name":"cpus","scalar":{"value":0.1},"type":"SCALAR"},{"allocation_info":{"role":"slave_public"},"name":"mem","scalar":{"value":32.0},"type":"SCALAR"},{"allocation_info":{"role":"slave_public"},"name":"disk","scalar":{"value":10.0},"type":"SCALAR"}] of framework 4a223bc8-a527-49ab-8f24-a5941812d416-0000 on agent 4a223bc8-a527-49ab-8f24-a5941812d416-S2
at slave(1)@172.17.0.3:5051 (172.17.0.3)
I0923 06:36:25.000000 2407 master.cpp:8605] Executor 'instance-integration-test-c26535de533b4b94a1c9664602c87ebf.2bb4b4d7-bef8-11e8-ae4b-70b3d5800004' of framework 4a223bc8-a527-49ab-8f24-a5941812d416-0000 on agent 4a223bc8-a527-49ab-8f24-a5941812d416-S1
at slave(1)@172.17.0.4:5051 (172.17.0.4): exited with status 0
I0923 06:36:25.000000 2407 master.cpp:11038] Removing executor 'instance-integration-test-c26535de533b4b94a1c9664602c87ebf.2bb4b4d7-bef8-11e8-ae4b-70b3d5800004' with resources [{"allocation_info":{"role":"slave_public"},"name":"cpus","scalar":{"value":0.1},"type":"SCALAR"},{"allocation_info":{"role":"slave_public"},"name":"mem","scalar":{"value":32.0},"type":"SCALAR"},{"allocation_info":{"role":"slave_public"},"name":"disk","scalar":{"value":10.0},"type":"SCALAR"}] of framework 4a223bc8-a527-49ab-8f24-a5941812d416-0000 on agent 4a223bc8-a527-49ab-8f24-a5941812d416-S1
at slave(1)@172.17.0.4:5051 (172.17.0.4)
I0923 06:36:25.000000 2408 master.cpp:8605] Executor 'instance-integration-test-7c9dea335c2443e5859e1822ea8301cf.2bb48dc5-bef8-11e8-ae4b-70b3d5800004' of framework 4a223bc8-a527-49ab-8f24-a5941812d416-0000 on agent 4a223bc8-a527-49ab-8f24-a5941812d416-S1
at slave(1)@172.17.0.4:5051 (172.17.0.4): exited with status 0
I0923 06:36:25.000000 2408 master.cpp:11038] Removing executor 'instance-integration-test-7c9dea335c2443e5859e1822ea8301cf.2bb48dc5-bef8-11e8-ae4b-70b3d5800004' with resources [{"allocation_info":{"role":"slave_public"},"name":"cpus","scalar":{"value":0.1},"type":"SCALAR"},{"allocation_info":{"role":"slave_public"},"name":"mem","scalar":{"value":32.0},"type":"SCALAR"},{"allocation_info":{"role":"slave_public"},"name":"disk","scalar":{"value":10.0},"type":"SCALAR"}] of framework 4a223bc8-a527-49ab-8f24-a5941812d416-0000 on agent 4a223bc8-a527-49ab-8f24-a5941812d416-S1
at slave(1)@172.17.0.4:5051 (172.17.0.4)
I0923 06:36:26.000000 2403 master.cpp:8605] Executor 'instance-integration-test-5ed6bfd02b434814a8a2f7dc6081a36c.2bb4b4d6-bef8-11e8-ae4b-70b3d5800004' of framework 4a223bc8-a527-49ab-8f24-a5941812d416-0000 on agent 4a223bc8-a527-49ab-8f24-a5941812d416-S2
at slave(1)@172.17.0.3:5051 (172.17.0.3): exited with status 0
I0923 06:36:26.000000 2403 master.cpp:11038] Removing executor 'instance-integration-test-5ed6bfd02b434814a8a2f7dc6081a36c.2bb4b4d6-bef8-11e8-ae4b-70b3d5800004' with resources [{"allocation_info":{"role":"slave_public"},"name":"cpus","scalar":{"value":0.1},"type":"SCALAR"},{"allocation_info":{"role":"slave_public"},"name":"mem","scalar":{"value":32.0},"type":"SCALAR"},{"allocation_info":{"role":"slave_public"},"name":"disk","scalar":{"value":10.0},"type":"SCALAR"}] of framework 4a223bc8-a527-49ab-8f24-a5941812d416-0000 on agent 4a223bc8-a527-49ab-8f24-a5941812d416-S2
at slave(1)@172.17.0.3:5051 (172.17.0.3)
I0923 06:36:26.000000 2400 master.cpp:8605] Executor 'instance-integration-test-36e8a684f2af49c6be8f2f64ac9dd843.2bb48dc4-bef8-11e8-ae4b-70b3d5800004' of framework 4a223bc8-a527-49ab-8f24-a5941812d416-0000 on agent 4a223bc8-a527-49ab-8f24-a5941812d416-S2
at slave(1)@172.17.0.3:5051 (172.17.0.3): exited with status 0
I0923 06:36:26.000000 2400 master.cpp:11038] Removing executor 'instance-integration-test-36e8a684f2af49c6be8f2f64ac9dd843.2bb48dc4-bef8-11e8-ae4b-70b3d5800004' with resources [{"allocation_info":{"role":"slave_public"},"name":"cpus","scalar":{"value":0.1},"type":"SCALAR"},{"allocation_info":{"role":"slave_public"},"name":"mem","scalar":{"value":32.0},"type":"SCALAR"},{"allocation_info":{"role":"slave_public"},"name":"disk","scalar":{"value":10.0},"type":"SCALAR"}] of framework 4a223bc8-a527-49ab-8f24-a5941812d416-0000 on agent 4a223bc8-a527-49ab-8f24-a5941812d416-S2
at slave(1)@172.17.0.3:5051 (172.17.0.3)
I0923 06:36:26.000000 2404 master.cpp:8605] Executor 'instance-integration-test-1b9a55c07ae14767a3e291aea3a9add6.2bb4dbe9-bef8-11e8-ae4b-70b3d5800004' of framework 4a223bc8-a527-49ab-8f24-a5941812d416-0000 on agent 4a223bc8-a527-49ab-8f24-a5941812d416-S2
at slave(1)@172.17.0.3:5051 (172.17.0.3): exited with status 0
I0923 06:36:26.000000 2404 master.cpp:11038] Removing executor 'instance-integration-test-1b9a55c07ae14767a3e291aea3a9add6.2bb4dbe9-bef8-11e8-ae4b-70b3d5800004' with resources [{"allocation_info":{"role":"slave_public"},"name":"cpus","scalar":{"value":0.1},"type":"SCALAR"},{"allocation_info":{"role":"slave_public"},"name":"mem","scalar":{"value":32.0},"type":"SCALAR"},{"allocation_info":{"role":"slave_public"},"name":"disk","scalar":{"value":10.0},"type":"SCALAR"}] of framework 4a223bc8-a527-49ab-8f24-a5941812d416-0000 on agent 4a223bc8-a527-49ab-8f24-a5941812d416-S2
at slave(1)@172.17.0.3:5051 (172.17.0.3)
I0923 06:36:26.000000 2393 master.cpp:8605] Executor 'instance-integration-test-7405f7b95d5e48a8ae2029f9961e4479.2bb4dbea-bef8-11e8-ae4b-70b3d5800004' of framework 4a223bc8-a527-49ab-8f24-a5941812d416-0000 on agent 4a223bc8-a527-49ab-8f24-a5941812d416-S2
at slave(1)@172.17.0.3:5051 (172.17.0.3): exited with status 0
I0923 06:36:26.000000 2393 master.cpp:11038] Removing executor 'instance-integration-test-7405f7b95d5e48a8ae2029f9961e4479.2bb4dbea-bef8-11e8-ae4b-70b3d5800004' with resources [{"allocation_info":{"role":"slave_public"},"name":"cpus","scalar":{"value":0.1},"type":"SCALAR"},{"allocation_info":{"role":"slave_public"},"name":"mem","scalar":{"value":32.0},"type":"SCALAR"},{"allocation_info":{"role":"slave_public"},"name":"disk","scalar":{"value":10.0},"type":"SCALAR"}] of framework 4a223bc8-a527-49ab-8f24-a5941812d416-0000 on agent 4a223bc8-a527-49ab-8f24-a5941812d416-S2
at slave(1)@172.17.0.3:5051 (172.17.0.3)
I0923 06:36:26.000000 2397 master.cpp:9434] Sending offer 4a223bc8-a527-49ab-8f24-a5941812d416-O37035 containing resources ports(allocated: slave_public):[1025-2180, 2182-3887, 3889-5049, 5052-8079, 8082-8180, 8182-32000]; disk(allocated: slave_public):93316; cpus(allocated: slave_public):4; mem(allocated: slave_public):14605 on agent 4a223bc8-a527-49ab-8f24-a5941812d416-S1
at slave(1)@172.17.0.4:5051 (172.17.0.4) to framework 4a223bc8-a527-49ab-8f24-a5941812d416-0000 (marathon) at scheduler-85881496-41c0-403f-8000-d7d5063cc648@172.17.0.2:15101
I0923 06:36:26.000000 2397 master.cpp:9445] Sending offers [ 4a223bc8-a527-49ab-8f24-a5941812d416-O37035 ] to framework 4a223bc8-a527-49ab-8f24-a5941812d416-0000 (marathon) at scheduler-85881496-41c0-403f-8000-d7d5063cc648@172.17.0.2:15101
I0923 06:36:26.000000 2397 master.cpp:9434] Sending offer 4a223bc8-a527-49ab-8f24-a5941812d416-O37036 containing resources ports(allocated: *):[1025-2180, 2182-2205, 2207-3887, 3889-4229, 4231-5049, 5052-6544, 6546-7828, 7830-8079, 8082-8180, 8182-10347, 10349-18147, 18149-21704, 21706-21883, 21885-23527, 23529-23534, 23536-24355, 24357-24899, 24901-25475, 25477-26217, 26219-26512, 26514-27302, 27304-32000]; disk(allocated: *):92933; cpus(allocated: *):0.6; mem(allocated: *):13517 on agent 4a223bc8-a527-49ab-8f24-a5941812d416-S2
at slave(1)@172.17.0.3:5051 (172.17.0.3) to framework 4a223bc8-a527-49ab-8f24-a5941812d416-0001 (metronome) at scheduler-ca9601af-122f-4941-a1c3-58649859f536@172.17.0.2:15201
I0923 06:36:26.000000 2397 master.cpp:9445] Sending offers [ 4a223bc8-a527-49ab-8f24-a5941812d416-O37036 ] to framework 4a223bc8-a527-49ab-8f24-a5941812d416-0001 (metronome) at scheduler-ca9601af-122f-4941-a1c3-58649859f536@172.17.0.2:15201
I0923 06:36:26.000000 2394 master.cpp:5837] Processing DECLINE call for offers: [ 4a223bc8-a527-49ab-8f24-a5941812d416-O37035 ] for framework 4a223bc8-a527-49ab-8f24-a5941812d416-0000 (marathon) at scheduler-85881496-41c0-403f-8000-d7d5063cc648@172.17.0.2:15101
I0923 06:36:26.000000 2394 master.cpp:11439] Removing offer 4a223bc8-a527-49ab-8f24-a5941812d416-O37035
I0923 06:36:26.000000 2402 master.cpp:5837] Processing DECLINE call for offers: [ 4a223bc8-a527-49ab-8f24-a5941812d416-O37036 ] for framework 4a223bc8-a527-49ab-8f24-a5941812d416-0001 (metronome) at scheduler-ca9601af-122f-4941-a1c3-58649859f536@172.17.0.2:15201
I0923 06:36:26.000000 2402 master.cpp:11439] Removing offer 4a223bc8-a527-49ab-8f24-a5941812d416-O37036
I0923 06:36:27.000000 2399 master.cpp:9434] Sending offer 4a223bc8-a527-49ab-8f24-a5941812d416-O37037 containing resources ports(allocated: *):[1025-2180, 2182-3887, 3889-5049, 5052-8079, 8082-8180, 8182-32000]; disk(allocated: *):93316; cpus(allocated: *):4; mem(allocated: *):14605 on agent 4a223bc8-a527-49ab-8f24-a5941812d416-S1
at slave(1)@172.17.0.4:5051 (172.17.0.4) to framework 4a223bc8-a527-49ab-8f24-a5941812d416-0001 (metronome) at scheduler-ca9601af-122f-4941-a1c3-58649859f536@172.17.0.2:15201
I0923 06:36:27.000000 2399 master.cpp:9445] Sending offers [ 4a223bc8-a527-49ab-8f24-a5941812d416-O37037 ] to framework 4a223bc8-a527-49ab-8f24-a5941812d416-0001 (metronome) at scheduler-ca9601af-122f-4941-a1c3-58649859f536@172.17.0.2:15201
I0923 06:36:27.000000 2399 master.cpp:9434] Sending offer 4a223bc8-a527-49ab-8f24-a5941812d416-O37038 containing resources ports(allocated: slave_public):[1025-2180, 2182-2205, 2207-3887, 3889-4229, 4231-5049, 5052-6544, 6546-7828, 7830-8079, 8082-8180, 8182-10347, 10349-18147, 18149-21704, 21706-21883, 21885-23527, 23529-23534, 23536-24355, 24357-24899, 24901-25475, 25477-26217, 26219-26512, 26514-27302, 27304-32000]; disk(allocated: slave_public):92933; cpus(allocated: slave_public):0.6; mem(allocated: slave_public):13517 on agent 4a223bc8-a527-49ab-8f24-a5941812d416-S2
at slave(1)@172.17.0.3:5051 (172.17.0.3) to framework 4a223bc8-a527-49ab-8f24-a5941812d416-0000 (marathon) at scheduler-85881496-41c0-403f-8000-d7d5063cc648@172.17.0.2:15101
I0923 06:36:27.000000 2399 master.cpp:9445] Sending offers [ 4a223bc8-a527-49ab-8f24-a5941812d416-O37038 ] to framework 4a223bc8-a527-49ab-8f24-a5941812d416-0000 (marathon) at scheduler-85881496-41c0-403f-8000-d7d5063cc648@172.17.0.2:15101
I0923 06:36:27.000000 2402 master.cpp:5837] Processing DECLINE call for offers: [ 4a223bc8-a527-49ab-8f24-a5941812d416-O37037 ] for framework 4a223bc8-a527-49ab-8f24-a5941812d416-0001 (metronome) at scheduler-ca9601af-122f-4941-a1c3-58649859f536@172.17.0.2:15201
I0923 06:36:27.000000 2402 master.cpp:11439] Removing offer 4a223bc8-a527-49ab-8f24-a5941812d416-O37037
I0923 06:36:27.000000 2406 master.cpp:5837] Processing DECLINE call for offers: [ 4a223bc8-a527-49ab-8f24-a5941812d416-O37038 ] for framework 4a223bc8-a527-49ab-8f24-a5941812d416-0000 (marathon) at scheduler-85881496-41c0-403f-8000-d7d5063cc648@172.17.0.2:15101
I0923 06:36:27.000000 2406 master.cpp:11439] Removing offer 4a223bc8-a527-49ab-8f24-a5941812d416-O37038
I0923 06:36:27.000000 2394 http.cpp:1117] HTTP GET for /master/state-summary from 172.17.0.2:42060 with User-Agent='python-requests/2.18.4'
I0923 06:36:29.000000 2401 master.cpp:9434] Sending offer 4a223bc8-a527-49ab-8f24-a5941812d416-O37039 containing resources ports(allocated: slave_public)(reservations: [(STATIC,slave_public)]):[1-21, 23-5050, 5052-32000]; disk(allocated: slave_public)(reservations: [(STATIC,slave_public)]):93316; cpus(allocated: slave_public)(reservations: [(STATIC,slave_public)]):4; mem(allocated: slave_public)(reservations: [(STATIC,slave_public)]):14605 on agent 4a223bc8-a527-49ab-8f24-a5941812d416-S0
at slave(1)@172.17.0.5:5051 (172.17.0.5) to framework 4a223bc8-a527-49ab-8f24-a5941812d416-0000 (marathon) at scheduler-85881496-41c0-403f-8000-d7d5063cc648@172.17.0.2:15101
I0923 06:36:29.000000 2401 master.cpp:9445] Sending offers [ 4a223bc8-a527-49ab-8f24-a5941812d416-O37039 ] to framework 4a223bc8-a527-49ab-8f24-a5941812d416-0000 (marathon) at scheduler-85881496-41c0-403f-8000-d7d5063cc648@172.17.0.2:15101
I0923 06:36:29.000000 2398 master.cpp:5837] Processing DECLINE call for offers: [ 4a223bc8-a527-49ab-8f24-a5941812d416-O37039 ] for framework 4a223bc8-a527-49ab-8f24-a5941812d416-0000 (marathon) at scheduler-85881496-41c0-403f-8000-d7d5063cc648@172.17.0.2:15101
I0923 06:36:29.000000 2398 master.cpp:11439] Removing offer 4a223bc8-a527-49ab-8f24-a5941812d416-O37039
I0923 06:36:29.000000 2394 http.cpp:1117] HTTP GET for /master/state-summary from 172.17.0.2:42066 with User-Agent='python-requests/2.18.4'
I0923 06:36:31.000000 2399 http.cpp:1117] HTTP GET for /master/state-summary from 172.17.0.2:42072 with User-Agent='python-requests/2.18.4'
I0923 06:36:33.000000 2405 http.cpp:1117] HTTP GET for /master/state-summary from 172.17.0.2:42078 with User-Agent='python-requests/2.18.4'
I0923 06:36:35.000000 2405 http.cpp:1117] HTTP GET for /master/state-summary from 172.17.0.2:42088 with User-Agent='python-requests/2.18.4'
I0923 06:36:36.000000 2396 master.hpp:418] Sending heartbeat to subscriber f7d1785c-628b-4508-ae3b-4c0b47e55f2c
I0923 06:36:37.000000 2403 http.cpp:1117] HTTP GET for /master/state-summary from 172.17.0.2:42094 with User-Agent='python-requests/2.18.4'
I0923 06:36:39.000000 2406 http.cpp:1117] HTTP GET for /master/state-summary from 172.17.0.2:42100 with User-Agent='python-requests/2.18.4'
I0923 06:36:41.000000 2396 http.cpp:1117] HTTP GET for /master/state-summary from 172.17.0.2:42106 with User-Agent='python-requests/2.18.4'
I0923 06:36:43.000000 2398 http.cpp:1117] HTTP GET for /master/state-summary from 172.17.0.2:42112 with User-Agent='Master Admin Router'
I0923 06:36:43.000000 2399 http.cpp:1117] HTTP GET for /master/state-summary from 172.17.0.2:42118 with User-Agent='python-requests/2.18.4'
I0923 06:36:44.000000 2393 master.cpp:8955] Performing explicit task state reconciliation for 1 tasks of framework 4a223bc8-a527-49ab-8f24-a5941812d416-0000 (marathon) at scheduler-85881496-41c0-403f-8000-d7d5063cc648@172.17.0.2:15101
I0923 06:36:44.000000 2393 master.cpp:9116] Sending explicit reconciliation state TASK_UNKNOWN for task fake-marathon-pacemaker-task-7bfdac33-6b10-4496-b639-4dfb05116145 of framework 4a223bc8-a527-49ab-8f24-a5941812d416-0000 (marathon) at scheduler-85881496-41c0-403f-8000-d7d5063cc648@172.17.0.2:15101
I0923 06:36:45.000000 2407 http.cpp:1117] HTTP GET for /master/state-summary from 172.17.0.2:42124 with User-Agent='python-requests/2.18.4'
I0923 06:36:47.000000 2394 http.cpp:1117] HTTP GET for /master/state-summary from 172.17.0.2:42130 with User-Agent='python-requests/2.18.4'
I0923 06:36:49.000000 2407 http.cpp:1117] HTTP GET for /master/state.json from 172.17.0.2:42136 with User-Agent='Mesos-DNS'
I0923 06:36:49.000000 2394 http.cpp:1117] HTTP GET for /master/state-summary from 172.17.0.2:42138 with User-Agent='python-requests/2.18.4'
I0923 06:36:51.000000 2406 http.cpp:1117] HTTP GET for /master/state-summary from 172.17.0.2:42144 with User-Agent='python-requests/2.18.4'
I0923 06:36:51.000000 2400 master.hpp:418] Sending heartbeat to subscriber f7d1785c-628b-4508-ae3b-4c0b47e55f2c
I0923 06:36:53.000000 2404 http.cpp:1117] HTTP GET for /master/state-summary from 172.17.0.2:42150 with User-Agent='python-requests/2.18.4'
I0923 06:36:55.000000 2403 http.cpp:1117] HTTP GET for /master/state-summary from 172.17.0.2:42156 with User-Agent='python-requests/2.18.4'
I0923 06:36:57.000000 2404 http.cpp:1117] HTTP GET for /master/state-summary from 172.17.0.2:42162 with User-Agent='python-requests/2.18.4'
I0923 06:36:59.000000 2395 master.cpp:8955] Performing explicit task state reconciliation for 1 tasks of framework 4a223bc8-a527-49ab-8f24-a5941812d416-0000 (marathon) at scheduler-85881496-41c0-403f-8000-d7d5063cc648@172.17.0.2:15101
I0923 06:36:59.000000 2395 master.cpp:9116] Sending explicit reconciliation state TASK_UNKNOWN for task fake-marathon-pacemaker-task-7bfdac33-6b10-4496-b639-4dfb05116145 of framework 4a223bc8-a527-49ab-8f24-a5941812d416-0000 (marathon) at scheduler-85881496-41c0-403f-8000-d7d5063cc648@172.17.0.2:15101
I0923 06:36:59.000000 2404 http.cpp:1117] HTTP GET for /master/state-summary from 172.17.0.2:42168 with User-Agent='python-requests/2.18.4'
I0923 06:37:01.000000 2407 http.cpp:1117] HTTP GET for /master/state-summary from 172.17.0.2:42174 with User-Agent='python-requests/2.18.4'
I0923 06:37:03.000000 2394 http.cpp:1117] HTTP GET for /master/state-summary from 172.17.0.2:42198 with User-Agent='python-requests/2.18.4'
I0923 06:37:05.000000 2395 http.cpp:1117] HTTP GET for /master/state-summary from 172.17.0.2:42204 with User-Agent='python-requests/2.18.4'
I0923 06:37:06.000000 2408 master.hpp:418] Sending heartbeat to subscriber f7d1785c-628b-4508-ae3b-4c0b47e55f2c
I0923 06:37:07.000000 2406 http.cpp:1117] HTTP GET for /master/state-summary from 172.17.0.2:42210 with User-Agent='python-requests/2.18.4'
I0923 06:37:08.000000 2400 http.cpp:1117] HTTP GET for /master/state-summary from 172.17.0.2:42212 with User-Agent='Master Admin Router'
I0923 06:37:09.000000 2398 http.cpp:1117] HTTP GET for /master/state-summary from 172.17.0.2:42222 with User-Agent='python-requests/2.18.4'
I0923 06:37:11.000000 2405 http.cpp:1117] HTTP GET for /master/state-summary from 172.17.0.2:42228 with User-Agent='python-requests/2.18.4'
I0923 06:37:13.000000 2404 http.cpp:1117] HTTP GET for /master/slaves from 172.17.0.2:47748 with User-Agent='Go-http-client/1.1'
I0923 06:37:13.000000 2404 http.cpp:1117] HTTP GET for /master/state-summary from 172.17.0.2:42236 with User-Agent='python-requests/2.18.4'
I0923 06:37:14.000000 2403 master.cpp:8955] Performing explicit task state reconciliation for 1 tasks of framework 4a223bc8-a527-49ab-8f24-a5941812d416-0000 (marathon) at scheduler-85881496-41c0-403f-8000-d7d5063cc648@172.17.0.2:15101
I0923 06:37:14.000000 2403 master.cpp:9116] Sending explicit reconciliation state TASK_UNKNOWN for task fake-marathon-pacemaker-task-7bfdac33-6b10-4496-b639-4dfb05116145 of framework 4a223bc8-a527-49ab-8f24-a5941812d416-0000 (marathon) at scheduler-85881496-41c0-403f-8000-d7d5063cc648@172.17.0.2:15101
I0923 06:37:15.000000 2401 http.cpp:1117] HTTP GET for /master/state-summary from 172.17.0.2:42242 with User-Agent='python-requests/2.18.4'
I0923 06:37:17.000000 2407 http.cpp:1117] HTTP GET for /master/state-summary from 172.17.0.2:42248 with User-Agent='python-requests/2.18.4'
I0923 06:37:19.000000 2406 http.cpp:1117] HTTP GET for /master/state.json from 172.17.0.2:42254 with User-Agent='Mesos-DNS'
I0923 06:37:19.000000 2397 http.cpp:1117] HTTP GET for /master/state-summary from 172.17.0.2:42256 with User-Agent='python-requests/2.18.4'
I0923 06:37:21.000000 2396 http.cpp:1117] HTTP GET for /master/state-summary from 172.17.0.2:42262 with User-Agent='python-requests/2.18.4'
I0923 06:37:21.000000 2395 master.hpp:418] Sending heartbeat to subscriber f7d1785c-628b-4508-ae3b-4c0b47e55f2c
I0923 06:37:23.000000 2403 http.cpp:1117] HTTP GET for /master/state-summary from 172.17.0.2:42268 with User-Agent='python-requests/2.18.4'
I0923 06:37:25.000000 2396 http.cpp:1117] HTTP GET for /master/state-summary from 172.17.0.2:42274 with User-Agent='python-requests/2.18.4'
I0923 06:37:27.000000 2404 http.cpp:1117] HTTP GET for /master/state-summary from 172.17.0.2:42280 with User-Agent='python-requests/2.18.4'
I0923 06:37:29.000000 2399 master.cpp:8955] Performing explicit task state reconciliation for 1 tasks of framework 4a223bc8-a527-49ab-8f24-a5941812d416-0000 (marathon) at scheduler-85881496-41c0-403f-8000-d7d5063cc648@172.17.0.2:15101
I0923 06:37:29.000000 2399 master.cpp:9116] Sending explicit reconciliation state TASK_UNKNOWN for task fake-marathon-pacemaker-task-7bfdac33-6b10-4496-b639-4dfb05116145 of framework 4a223bc8-a527-49ab-8f24-a5941812d416-0000 (marathon) at scheduler-85881496-41c0-403f-8000-d7d5063cc648@172.17.0.2:15101
I0923 06:37:29.000000 2400 http.cpp:1117] HTTP GET for /master/state-summary from 172.17.0.2:42286 with User-Agent='python-requests/2.18.4'
I0923 06:37:31.000000 2399 http.cpp:1117] HTTP GET for /master/state-summary from 172.17.0.2:42292 with User-Agent='python-requests/2.18.4'
I0923 06:37:33.000000 2394 http.cpp:1117] HTTP GET for /master/state-summary from 172.17.0.2:42298 with User-Agent='Master Admin Router'
I0923 06:37:33.000000 2401 http.cpp:1117] HTTP GET for /master/state-summary from 172.17.0.2:42304 with User-Agent='python-requests/2.18.4'
I0923 06:37:35.000000 2407 http.cpp:1117] HTTP GET for /master/state-summary from 172.17.0.2:42310 with User-Agent='python-requests/2.18.4'
I0923 06:37:36.000000 2393 master.hpp:418] Sending heartbeat to subscriber f7d1785c-628b-4508-ae3b-4c0b47e55f2c
I0923 06:37:37.000000 2399 http.cpp:1117] HTTP GET for /master/state-summary from 172.17.0.2:42316 with User-Agent='python-requests/2.18.4'
I0923 06:37:40.000000 2396 http.cpp:1117] HTTP GET for /master/state-summary from 172.17.0.2:42322 with User-Agent='python-requests/2.18.4'
I0923 06:37:42.000000 2402 http.cpp:1117] HTTP GET for /master/state-summary from 172.17.0.2:42328 with User-Agent='python-requests/2.18.4'
I0923 06:37:44.000000 2404 http.cpp:1117] HTTP GET for /master/state-summary from 172.17.0.2:42334 with User-Agent='python-requests/2.18.4'
I0923 06:37:44.000000 2399 master.cpp:8955] Performing explicit task state reconciliation for 1 tasks of framework 4a223bc8-a527-49ab-8f24-a5941812d416-0000 (marathon) at scheduler-85881496-41c0-403f-8000-d7d5063cc648@172.17.0.2:15101
I0923 06:37:44.000000 2399 master.cpp:9116] Sending explicit reconciliation state TASK_UNKNOWN for task fake-marathon-pacemaker-task-7bfdac33-6b10-4496-b639-4dfb05116145 of framework 4a223bc8-a527-49ab-8f24-a5941812d416-0000 (marathon) at scheduler-85881496-41c0-403f-8000-d7d5063cc648@172.17.0.2:15101
I0923 06:37:46.000000 2396 http.cpp:1117] HTTP GET for /master/state-summary from 172.17.0.2:42340 with User-Agent='python-requests/2.18.4'
I0923 06:37:48.000000 2394 http.cpp:1117] HTTP GET for /master/state-summary from 172.17.0.2:42346 with User-Agent='python-requests/2.18.4'
I0923 06:37:49.000000 2402 http.cpp:1117] HTTP GET for /master/state.json from 172.17.0.2:42352 with User-Agent='Mesos-DNS'
I0923 06:37:50.000000 2405 http.cpp:1117] HTTP GET for /master/state-summary from 172.17.0.2:42354 with User-Agent='python-requests/2.18.4'
I0923 06:37:51.000000 2394 master.hpp:418] Sending heartbeat to subscriber f7d1785c-628b-4508-ae3b-4c0b47e55f2c
I0923 06:37:52.000000 2397 http.cpp:1117] HTTP GET for /master/state-summary from 172.17.0.2:42360 with User-Agent='python-requests/2.18.4'
I0923 06:37:54.000000 2406 http.cpp:1117] HTTP GET for /master/state-summary from 172.17.0.2:42366 with User-Agent='python-requests/2.18.4'
I0923 06:37:56.000000 2404 http.cpp:1117] HTTP GET for /master/state-summary from 172.17.0.2:42372 with User-Agent='python-requests/2.18.4'
I0923 06:37:58.000000 2399 http.cpp:1117] HTTP GET for /master/state-summary from 172.17.0.2:42378 with User-Agent='python-requests/2.18.4'
I0923 06:37:58.000000 2407 http.cpp:1117] HTTP GET for /master/state-summary from 172.17.0.2:42380 with User-Agent='Master Admin Router'
I0923 06:37:59.000000 2404 master.cpp:8955] Performing explicit task state reconciliation for 1 tasks of framework 4a223bc8-a527-49ab-8f24-a5941812d416-0000 (marathon) at scheduler-85881496-41c0-403f-8000-d7d5063cc648@172.17.0.2:15101
I0923 06:37:59.000000 2404 master.cpp:9116] Sending explicit reconciliation state TASK_UNKNOWN for task fake-marathon-pacemaker-task-7bfdac33-6b10-4496-b639-4dfb05116145 of framework 4a223bc8-a527-49ab-8f24-a5941812d416-0000 (marathon) at scheduler-85881496-41c0-403f-8000-d7d5063cc648@172.17.0.2:15101
I0923 06:38:00.000000 2396 http.cpp:1117] HTTP GET for /master/state-summary from 172.17.0.2:42390 with User-Agent='python-requests/2.18.4'
I0923 06:38:02.000000 2401 http.cpp:1117] HTTP GET for /master/state-summary from 172.17.0.2:42396 with User-Agent='python-requests/2.18.4'
I0923 06:38:04.000000 2396 http.cpp:1117] HTTP GET for /master/state-summary from 172.17.0.2:42426 with User-Agent='python-requests/2.18.4'
I0923 06:38:06.000000 2407 http.cpp:1117] HTTP GET for /master/state-summary from 172.17.0.2:42432 with User-Agent='python-requests/2.18.4'
I0923 06:38:06.000000 2406 master.hpp:418] Sending heartbeat to subscriber f7d1785c-628b-4508-ae3b-4c0b47e55f2c
I0923 06:38:08.000000 2397 http.cpp:1117] HTTP GET for /master/state-summary from 172.17.0.2:42438 with User-Agent='python-requests/2.18.4'
I0923 06:38:10.000000 2405 http.cpp:1117] HTTP GET for /master/state-summary from 172.17.0.2:42444 with User-Agent='python-requests/2.18.4'
I0923 06:38:12.000000 2403 http.cpp:1117] HTTP GET for /master/state-summary from 172.17.0.2:42450 with User-Agent='python-requests/2.18.4'
I0923 06:38:13.000000 2402 http.cpp:1117] HTTP GET for /master/slaves from 172.17.0.2:47748 with User-Agent='Go-http-client/1.1'
I0923 06:38:14.000000 2399 http.cpp:1117] HTTP GET for /master/state-summary from 172.17.0.2:42458 with User-Agent='python-requests/2.18.4'
I0923 06:38:14.000000 2394 master.cpp:8955] Performing explicit task state reconciliation for 1 tasks of framework 4a223bc8-a527-49ab-8f24-a5941812d416-0000 (marathon) at scheduler-85881496-41c0-403f-8000-d7d5063cc648@172.17.0.2:15101
I0923 06:38:14.000000 2394 master.cpp:9116] Sending explicit reconciliation state TASK_UNKNOWN for task fake-marathon-pacemaker-task-7bfdac33-6b10-4496-b639-4dfb05116145 of framework 4a223bc8-a527-49ab-8f24-a5941812d416-0000 (marathon) at scheduler-85881496-41c0-403f-8000-d7d5063cc648@172.17.0.2:15101
I0923 06:38:16.000000 2399 http.cpp:1117] HTTP GET for /master/state-summary from 172.17.0.2:42464 with User-Agent='python-requests/2.18.4'
I0923 06:38:18.000000 2401 http.cpp:1117] HTTP GET for /master/state-summary from 172.17.0.2:42470 with User-Agent='python-requests/2.18.4'
I0923 06:38:19.000000 2404 http.cpp:1117] HTTP GET for /master/state.json from 172.17.0.2:42476 with User-Agent='Mesos-DNS'
I0923 06:38:20.000000 2402 http.cpp:1117] HTTP GET for /master/state-summary from 172.17.0.2:42478 with User-Agent='python-requests/2.18.4'
I0923 06:38:21.000000 2401 master.hpp:418] Sending heartbeat to subscriber f7d1785c-628b-4508-ae3b-4c0b47e55f2c
I0923 06:38:22.000000 2400 http.cpp:1117] HTTP GET for /master/state-summary from 172.17.0.2:42484 with User-Agent='python-requests/2.18.4'
I0923 06:38:23.000000 2395 http.cpp:1117] HTTP GET for /master/state-summary from 172.17.0.2:42490 with User-Agent='Master Admin Router'
I0923 06:38:24.000000 2404 http.cpp:1117] HTTP GET for /master/state-summary from 172.17.0.2:42496 with User-Agent='python-requests/2.18.4'
I0923 06:38:26.000000 2395 http.cpp:1117] HTTP GET for /master/state-summary from 172.17.0.2:42502 with User-Agent='python-requests/2.18.4'
I0923 06:38:26.000000 2399 master.cpp:9434] Sending offer 4a223bc8-a527-49ab-8f24-a5941812d416-O37040 containing resources ports(allocated: *):[1025-2180, 2182-2205, 2207-3887, 3889-4229, 4231-5049, 5052-6544, 6546-7828, 7830-8079, 8082-8180, 8182-10347, 10349-18147, 18149-21704, 21706-21883, 21885-23527, 23529-23534, 23536-24355, 24357-24899, 24901-25475, 25477-26217, 26219-26512, 26514-27302, 27304-32000]; disk(allocated: *):92933; cpus(allocated: *):0.6; mem(allocated: *):13517 on agent 4a223bc8-a527-49ab-8f24-a5941812d416-S2
at slave(1)@172.17.0.3:5051 (172.17.0.3) to framework 4a223bc8-a527-49ab-8f24-a5941812d416-0001 (metronome) at scheduler-ca9601af-122f-4941-a1c3-58649859f536@172.17.0.2:15201
I0923 06:38:26.000000 2399 master.cpp:9445] Sending offers [ 4a223bc8-a527-49ab-8f24-a5941812d416-O37040 ] to framework 4a223bc8-a527-49ab-8f24-a5941812d416-0001 (metronome) at scheduler-ca9601af-122f-4941-a1c3-58649859f536@172.17.0.2:15201
I0923 06:38:26.000000 2404 master.cpp:5837] Processing DECLINE call for offers: [ 4a223bc8-a527-49ab-8f24-a5941812d416-O37040 ] for framework 4a223bc8-a527-49ab-8f24-a5941812d416-0001 (metronome) at scheduler-ca9601af-122f-4941-a1c3-58649859f536@172.17.0.2:15201
I0923 06:38:26.000000 2404 master.cpp:11439] Removing offer 4a223bc8-a527-49ab-8f24-a5941812d416-O37040
I0923 06:38:27.000000 2399 master.cpp:9434] Sending offer 4a223bc8-a527-49ab-8f24-a5941812d416-O37041 containing resources ports(allocated: *):[1025-2180, 2182-3887, 3889-5049, 5052-8079, 8082-8180, 8182-32000]; disk(allocated: *):93316; cpus(allocated: *):4; mem(allocated: *):14605 on agent 4a223bc8-a527-49ab-8f24-a5941812d416-S1
at slave(1)@172.17.0.4:5051 (172.17.0.4) to framework 4a223bc8-a527-49ab-8f24-a5941812d416-0001 (metronome) at scheduler-ca9601af-122f-4941-a1c3-58649859f536@172.17.0.2:15201
I0923 06:38:27.000000 2399 master.cpp:9445] Sending offers [ 4a223bc8-a527-49ab-8f24-a5941812d416-O37041 ] to framework 4a223bc8-a527-49ab-8f24-a5941812d416-0001 (metronome) at scheduler-ca9601af-122f-4941-a1c3-58649859f536@172.17.0.2:15201
I0923 06:38:27.000000 2393 master.cpp:5837] Processing DECLINE call for offers: [ 4a223bc8-a527-49ab-8f24-a5941812d416-O37041 ] for framework 4a223bc8-a527-49ab-8f24-a5941812d416-0001 (metronome) at scheduler-ca9601af-122f-4941-a1c3-58649859f536@172.17.0.2:15201
I0923 06:38:27.000000 2393 master.cpp:11439] Removing offer 4a223bc8-a527-49ab-8f24-a5941812d416-O37041
I0923 06:38:28.000000 2397 http.cpp:1117] HTTP GET for /master/state-summary from 172.17.0.2:42508 with User-Agent='python-requests/2.18.4'
I0923 06:38:29.000000 2395 master.cpp:8955] Performing explicit task state reconciliation for 1 tasks of framework 4a223bc8-a527-49ab-8f24-a5941812d416-0000 (marathon) at scheduler-85881496-41c0-403f-8000-d7d5063cc648@172.17.0.2:15101
I0923 06:38:29.000000 2395 master.cpp:9116] Sending explicit reconciliation state TASK_UNKNOWN for task fake-marathon-pacemaker-task-7bfdac33-6b10-4496-b639-4dfb05116145 of framework 4a223bc8-a527-49ab-8f24-a5941812d416-0000 (marathon) at scheduler-85881496-41c0-403f-8000-d7d5063cc648@172.17.0.2:15101
I0923 06:38:30.000000 2397 http.cpp:1117] HTTP GET for /master/state-summary from 172.17.0.2:42514 with User-Agent='python-requests/2.18.4'
I0923 06:38:32.000000 2404 http.cpp:1117] HTTP GET for /master/state-summary from 172.17.0.2:42520 with User-Agent='python-requests/2.18.4'
I0923 06:38:34.000000 2404 http.cpp:1117] HTTP GET for /master/state-summary from 172.17.0.2:42526 with User-Agent='python-requests/2.18.4'
I0923 06:38:36.000000 2397 http.cpp:1117] HTTP GET for /master/state-summary from 172.17.0.2:42532 with User-Agent='python-requests/2.18.4'
I0923 06:38:36.000000 2408 master.hpp:418] Sending heartbeat to subscriber f7d1785c-628b-4508-ae3b-4c0b47e55f2c
I0923 06:38:38.000000 2398 http.cpp:1117] HTTP GET for /master/state-summary from 172.17.0.2:42538 with User-Agent='python-requests/2.18.4'
I0923 06:38:40.000000 2395 http.cpp:1117] HTTP GET for /master/state-summary from 172.17.0.2:42544 with User-Agent='python-requests/2.18.4'
I0923 06:38:42.000000 2399 http.cpp:1117] HTTP GET for /master/state-summary from 172.17.0.2:42550 with User-Agent='python-requests/2.18.4'
I0923 06:38:44.000000 2403 http.cpp:1117] HTTP GET for /master/state-summary from 172.17.0.2:42556 with User-Agent='python-requests/2.18.4'
I0923 06:38:44.000000 2405 master.cpp:8955] Performing explicit task state reconciliation for 1 tasks of framework 4a223bc8-a527-49ab-8f24-a5941812d416-0000 (marathon) at scheduler-85881496-41c0-403f-8000-d7d5063cc648@172.17.0.2:15101
I0923 06:38:44.000000 2405 master.cpp:9116] Sending explicit reconciliation state TASK_UNKNOWN for task fake-marathon-pacemaker-task-7bfdac33-6b10-4496-b639-4dfb05116145 of framework 4a223bc8-a527-49ab-8f24-a5941812d416-0000 (marathon) at scheduler-85881496-41c0-403f-8000-d7d5063cc648@172.17.0.2:15101
I0923 06:38:46.000000 2394 http.cpp:1117] HTTP GET for /master/state-summary from 172.17.0.2:42562 with User-Agent='python-requests/2.18.4'
I0923 06:38:48.000000 2393 http.cpp:1117] HTTP GET for /master/state-summary from 172.17.0.2:42568 with User-Agent='python-requests/2.18.4'
I0923 06:38:48.000000 2402 http.cpp:1117] HTTP GET for /master/state-summary from 172.17.0.2:42570 with User-Agent='Master Admin Router'
I0923 06:38:49.000000 2396 http.cpp:1117] HTTP GET for /master/state.json from 172.17.0.2:42580 with User-Agent='Mesos-DNS'
I0923 06:38:50.000000 2393 http.cpp:1117] HTTP GET for /master/state-summary from 172.17.0.2:42582 with User-Agent='python-requests/2.18.4'
I0923 06:38:51.000000 2407 master.hpp:418] Sending heartbeat to subscriber f7d1785c-628b-4508-ae3b-4c0b47e55f2c
I0923 06:38:52.000000 2404 http.cpp:1117] HTTP GET for /master/state-summary from 172.17.0.2:42588 with User-Agent='python-requests/2.18.4'
I0923 06:38:54.000000 2408 http.cpp:1117] HTTP GET for /master/state-summary from 172.17.0.2:42594 with User-Agent='python-requests/2.18.4'
I0923 06:38:56.000000 2394 http.cpp:1117] HTTP GET for /master/state-summary from 172.17.0.2:42600 with User-Agent='python-requests/2.18.4'
I0923 06:38:58.000000 2404 http.cpp:1117] HTTP GET for /master/state-summary from 172.17.0.2:42606 with User-Agent='python-requests/2.18.4'
I0923 06:38:59.000000 2393 master.cpp:8955] Performing explicit task state reconciliation for 1 tasks of framework 4a223bc8-a527-49ab-8f24-a5941812d416-0000 (marathon) at scheduler-85881496-41c0-403f-8000-d7d5063cc648@172.17.0.2:15101
I0923 06:38:59.000000 2393 master.cpp:9116] Sending explicit reconciliation state TASK_UNKNOWN for task fake-marathon-pacemaker-task-7bfdac33-6b10-4496-b639-4dfb05116145 of framework 4a223bc8-a527-49ab-8f24-a5941812d416-0000 (marathon) at scheduler-85881496-41c0-403f-8000-d7d5063cc648@172.17.0.2:15101
I0923 06:39:00.000000 2399 http.cpp:1117] HTTP GET for /master/state-summary from 172.17.0.2:42612 with User-Agent='python-requests/2.18.4'
I0923 06:39:02.000000 2397 http.cpp:1117] HTTP GET for /master/state-summary from 172.17.0.2:42618 with User-Agent='python-requests/2.18.4'
I0923 06:39:04.000000 2403 http.cpp:1117] HTTP GET for /master/state-summary from 172.17.0.2:42646 with User-Agent='python-requests/2.18.4'
I0923 06:39:06.000000 2395 http.cpp:1117] HTTP GET for /master/state-summary from 172.17.0.2:42652 with User-Agent='python-requests/2.18.4'
I0923 06:39:06.000000 2401 master.hpp:418] Sending heartbeat to subscriber f7d1785c-628b-4508-ae3b-4c0b47e55f2c
I0923 06:39:08.000000 2407 http.cpp:1117] HTTP GET for /master/state-summary from 172.17.0.2:42658 with User-Agent='python-requests/2.18.4'
I0923 06:39:10.000000 2401 http.cpp:1117] HTTP GET for /master/state-summary from 172.17.0.2:42664 with User-Agent='python-requests/2.18.4'
I0923 06:39:12.000000 2396 http.cpp:1117] HTTP GET for /master/state-summary from 172.17.0.2:42670 with User-Agent='python-requests/2.18.4'
I0923 06:39:13.000000 2395 http.cpp:1117] HTTP GET for /master/state-summary from 172.17.0.2:42676 with User-Agent='Master Admin Router'
I0923 06:39:13.000000 2401 http.cpp:1117] HTTP GET for /master/slaves from 172.17.0.2:47748 with User-Agent='Go-http-client/1.1'
I0923 06:39:14.000000 2401 http.cpp:1117] HTTP GET for /master/state-summary from 172.17.0.2:42684 with User-Agent='python-requests/2.18.4'
I0923 06:39:14.000000 2408 master.cpp:8955] Performing explicit task state reconciliation for 1 tasks of framework 4a223bc8-a527-49ab-8f24-a5941812d416-0000 (marathon) at scheduler-85881496-41c0-403f-8000-d7d5063cc648@172.17.0.2:15101
I0923 06:39:14.000000 2408 master.cpp:9116] Sending explicit reconciliation state TASK_UNKNOWN for task fake-marathon-pacemaker-task-7bfdac33-6b10-4496-b639-4dfb05116145 of framework 4a223bc8-a527-49ab-8f24-a5941812d416-0000 (marathon) at scheduler-85881496-41c0-403f-8000-d7d5063cc648@172.17.0.2:15101
I0923 06:39:16.000000 2401 http.cpp:1117] HTTP GET for /master/state-summary from 172.17.0.2:42690 with User-Agent='python-requests/2.18.4'
I0923 06:39:18.000000 2407 http.cpp:1117] HTTP GET for /master/state-summary from 172.17.0.2:42696 with User-Agent='python-requests/2.18.4'
I0923 06:39:19.000000 2408 http.cpp:1117] HTTP GET for /master/state.json from 172.17.0.2:42702 with User-Agent='Mesos-DNS'
I0923 06:39:20.000000 2407 http.cpp:1117] HTTP GET for /master/state-summary from 172.17.0.2:42704 with User-Agent='python-requests/2.18.4'
I0923 06:39:21.000000 2399 master.hpp:418] Sending heartbeat to subscriber f7d1785c-628b-4508-ae3b-4c0b47e55f2c
I0923 06:39:22.000000 2394 http.cpp:1117] HTTP GET for /master/state-summary from 172.17.0.2:42710 with User-Agent='python-requests/2.18.4'
I0923 06:39:24.000000 2406 http.cpp:1117] HTTP GET for /master/state-summary from 172.17.0.2:42716 with User-Agent='python-requests/2.18.4'
I0923 06:39:26.000000 2393 http.cpp:1117] HTTP GET for /master/state-summary from 172.17.0.2:42722 with User-Agent='python-requests/2.18.4'
I0923 06:39:28.000000 2404 http.cpp:1117] HTTP GET for /master/state-summary from 172.17.0.2:42728 with User-Agent='python-requests/2.18.4'
I0923 06:39:29.000000 2396 master.cpp:8955] Performing explicit task state reconciliation for 1 tasks of framework 4a223bc8-a527-49ab-8f24-a5941812d416-0000 (marathon) at scheduler-85881496-41c0-403f-8000-d7d5063cc648@172.17.0.2:15101
I0923 06:39:29.000000 2396 master.cpp:9116] Sending explicit reconciliation state TASK_UNKNOWN for task fake-marathon-pacemaker-task-7bfdac33-6b10-4496-b639-4dfb05116145 of framework 4a223bc8-a527-49ab-8f24-a5941812d416-0000 (marathon) at scheduler-85881496-41c0-403f-8000-d7d5063cc648@172.17.0.2:15101
I0923 06:39:30.000000 2407 http.cpp:1117] HTTP GET for /master/state-summary from 172.17.0.2:42734 with User-Agent='python-requests/2.18.4'
I0923 06:39:32.000000 2400 http.cpp:1117] HTTP GET for /master/state-summary from 172.17.0.2:42740 with User-Agent='python-requests/2.18.4'
I0923 06:39:34.000000 2396 http.cpp:1117] HTTP GET for /master/state-summary from 172.17.0.2:42746 with User-Agent='python-requests/2.18.4'
I0923 06:39:36.000000 2396 http.cpp:1117] HTTP GET for /master/state-summary from 172.17.0.2:42752 with User-Agent='python-requests/2.18.4'
I0923 06:39:36.000000 2402 master.hpp:418] Sending heartbeat to subscriber f7d1785c-628b-4508-ae3b-4c0b47e55f2c
I0923 06:39:38.000000 2394 http.cpp:1117] HTTP GET for /master/state-summary from 172.17.0.2:42758 with User-Agent='python-requests/2.18.4'
I0923 06:39:38.000000 2404 http.cpp:1117] HTTP GET for /master/state-summary from 172.17.0.2:42760 with User-Agent='Master Admin Router'
I0923 06:39:40.000000 2402 http.cpp:1117] HTTP GET for /master/state-summary from 172.17.0.2:42770 with User-Agent='python-requests/2.18.4'
I0923 06:39:42.000000 2397 http.cpp:1117] HTTP GET for /master/state-summary from 172.17.0.2:42776 with User-Agent='python-requests/2.18.4'
I0923 06:39:44.000000 2398 http.cpp:1117] HTTP GET for /master/state-summary from 172.17.0.2:42782 with User-Agent='python-requests/2.18.4'
I0923 06:39:44.000000 2400 master.cpp:8955] Performing explicit task state reconciliation for 1 tasks of framework 4a223bc8-a527-49ab-8f24-a5941812d416-0000 (marathon) at scheduler-85881496-41c0-403f-8000-d7d5063cc648@172.17.0.2:15101
I0923 06:39:44.000000 2400 master.cpp:9116] Sending explicit reconciliation state TASK_UNKNOWN for task fake-marathon-pacemaker-task-7bfdac33-6b10-4496-b639-4dfb05116145 of framework 4a223bc8-a527-49ab-8f24-a5941812d416-0000 (marathon) at scheduler-85881496-41c0-403f-8000-d7d5063cc648@172.17.0.2:15101
I0923 06:39:46.000000 2398 http.cpp:1117] HTTP GET for /master/state-summary from 172.17.0.2:42788 with User-Agent='python-requests/2.18.4'
I0923 06:39:48.000000 2402 http.cpp:1117] HTTP GET for /master/state-summary from 172.17.0.2:42794 with User-Agent='python-requests/2.18.4'
I0923 06:39:49.000000 2406 http.cpp:1117] HTTP GET for /master/state.json from 172.17.0.2:42800 with User-Agent='Mesos-DNS'
I0923 06:39:50.000000 2397 http.cpp:1117] HTTP GET for /master/state-summary from 172.17.0.2:42802 with User-Agent='python-requests/2.18.4'
I0923 06:39:51.000000 2393 master.hpp:418] Sending heartbeat to subscriber f7d1785c-628b-4508-ae3b-4c0b47e55f2c
I0923 06:39:52.000000 2394 http.cpp:1117] HTTP GET for /master/state-summary from 172.17.0.2:42808 with User-Agent='python-requests/2.18.4'
I0923 06:39:54.000000 2403 http.cpp:1117] HTTP GET for /master/state-summary from 172.17.0.2:42814 with User-Agent='python-requests/2.18.4'
I0923 06:39:56.000000 2395 http.cpp:1117] HTTP GET for /master/state-summary from 172.17.0.2:42820 with User-Agent='python-requests/2.18.4'
I0923 06:39:58.000000 2405 http.cpp:1117] HTTP GET for /master/state-summary from 172.17.0.2:42826 with User-Agent='python-requests/2.18.4'
I0923 06:39:59.000000 2397 master.cpp:8955] Performing explicit task state reconciliation for 1 tasks of framework 4a223bc8-a527-49ab-8f24-a5941812d416-0000 (marathon) at scheduler-85881496-41c0-403f-8000-d7d5063cc648@172.17.0.2:15101
I0923 06:39:59.000000 2397 master.cpp:9116] Sending explicit reconciliation state TASK_UNKNOWN for task fake-marathon-pacemaker-task-7bfdac33-6b10-4496-b639-4dfb05116145 of framework 4a223bc8-a527-49ab-8f24-a5941812d416-0000 (marathon) at scheduler-85881496-41c0-403f-8000-d7d5063cc648@172.17.0.2:15101
I0923 06:40:00.000000 2403 http.cpp:1117] HTTP GET for /master/state-summary from 172.17.0.2:42832 with User-Agent='python-requests/2.18.4'
I0923 06:40:02.000000 2394 http.cpp:1117] HTTP GET for /master/state-summary from 172.17.0.2:42838 with User-Agent='python-requests/2.18.4'
I0923 06:40:03.000000 2397 http.cpp:1117] HTTP GET for /master/state-summary from 172.17.0.2:42844 with User-Agent='Master Admin Router'
I0923 06:40:04.000000 2404 http.cpp:1117] HTTP GET for /master/state-summary from 172.17.0.2:42874 with User-Agent='python-requests/2.18.4'
I0923 06:40:06.000000 2398 http.cpp:1117] HTTP GET for /master/state-summary from 172.17.0.2:42880 with User-Agent='python-requests/2.18.4'
I0923 06:40:06.000000 2399 master.hpp:418] Sending heartbeat to subscriber f7d1785c-628b-4508-ae3b-4c0b47e55f2c
I0923 06:40:08.000000 2396 http.cpp:1117] HTTP GET for /master/state-summary from 172.17.0.2:42886 with User-Agent='python-requests/2.18.4'
I0923 06:40:10.000000 2397 http.cpp:1117] HTTP GET for /master/state-summary from 172.17.0.2:42892 with User-Agent='python-requests/2.18.4'
I0923 06:40:12.000000 2400 http.cpp:1117] HTTP GET for /master/state-summary from 172.17.0.2:42898 with User-Agent='python-requests/2.18.4'
I0923 06:40:13.000000 2401 http.cpp:1117] HTTP GET for /master/slaves from 172.17.0.2:47748 with User-Agent='Go-http-client/1.1'
I0923 06:40:14.000000 2404 http.cpp:1117] HTTP GET for /master/state-summary from 172.17.0.2:42906 with User-Agent='python-requests/2.18.4'
I0923 06:40:14.000000 2405 master.cpp:8955] Performing explicit task state reconciliation for 1 tasks of framework 4a223bc8-a527-49ab-8f24-a5941812d416-0000 (marathon) at scheduler-85881496-41c0-403f-8000-d7d5063cc648@172.17.0.2:15101
I0923 06:40:14.000000 2405 master.cpp:9116] Sending explicit reconciliation state TASK_UNKNOWN for task fake-marathon-pacemaker-task-7bfdac33-6b10-4496-b639-4dfb05116145 of framework 4a223bc8-a527-49ab-8f24-a5941812d416-0000 (marathon) at scheduler-85881496-41c0-403f-8000-d7d5063cc648@172.17.0.2:15101
I0923 06:40:16.000000 2406 http.cpp:1117] HTTP GET for /master/state-summary from 172.17.0.2:42912 with User-Agent='python-requests/2.18.4'
I0923 06:40:18.000000 2399 http.cpp:1117] HTTP GET for /master/state-summary from 172.17.0.2:42918 with User-Agent='python-requests/2.18.4'
I0923 06:40:19.000000 2394 http.cpp:1117] HTTP GET for /master/state.json from 172.17.0.2:42924 with User-Agent='Mesos-DNS'
I0923 06:40:20.000000 2399 http.cpp:1117] HTTP GET for /master/state-summary from 172.17.0.2:42926 with User-Agent='python-requests/2.18.4'
I0923 06:40:21.000000 2407 master.hpp:418] Sending heartbeat to subscriber f7d1785c-628b-4508-ae3b-4c0b47e55f2c
I0923 06:40:22.000000 2405 http.cpp:1117] HTTP GET for /master/state-summary from 172.17.0.2:42932 with User-Agent='python-requests/2.18.4'
I0923 06:40:24.000000 2395 http.cpp:1117] HTTP GET for /master/state-summary from 172.17.0.2:42938 with User-Agent='python-requests/2.18.4'
I0923 06:40:26.000000 2408 http.cpp:1117] HTTP GET for /master/state-summary from 172.17.0.2:42944 with User-Agent='python-requests/2.18.4'
I0923 06:40:26.000000 2397 master.cpp:9434] Sending offer 4a223bc8-a527-49ab-8f24-a5941812d416-O37042 containing resources ports(allocated: *):[1025-2180, 2182-2205, 2207-3887, 3889-4229, 4231-5049, 5052-6544, 6546-7828, 7830-8079, 8082-8180, 8182-10347, 10349-18147, 18149-21704, 21706-21883, 21885-23527, 23529-23534, 23536-24355, 24357-24899, 24901-25475, 25477-26217, 26219-26512, 26514-27302, 27304-32000]; disk(allocated: *):92933; cpus(allocated: *):0.6; mem(allocated: *):13517 on agent 4a223bc8-a527-49ab-8f24-a5941812d416-S2
at slave(1)@172.17.0.3:5051 (172.17.0.3) to framework 4a223bc8-a527-49ab-8f24-a5941812d416-0001 (metronome) at scheduler-ca9601af-122f-4941-a1c3-58649859f536@172.17.0.2:15201
I0923 06:40:26.000000 2397 master.cpp:9445] Sending offers [ 4a223bc8-a527-49ab-8f24-a5941812d416-O37042 ] to framework 4a223bc8-a527-49ab-8f24-a5941812d416-0001 (metronome) at scheduler-ca9601af-122f-4941-a1c3-58649859f536@172.17.0.2:15201
I0923 06:40:26.000000 2401 master.cpp:5837] Processing DECLINE call for offers: [ 4a223bc8-a527-49ab-8f24-a5941812d416-O37042 ] for framework 4a223bc8-a527-49ab-8f24-a5941812d416-0001 (metronome) at scheduler-ca9601af-122f-4941-a1c3-58649859f536@172.17.0.2:15201
